Last updated on 2025-10-21 09:48:32 CEST.
Flavor | Version | Tinstall | Tcheck | Ttotal | Status | Flags |
---|---|---|---|---|---|---|
r-devel-linux-x86_64-debian-clang | 2.1.0 | 46.54 | 290.55 | 337.09 | OK | |
r-devel-linux-x86_64-debian-gcc | 2.1.0 | 25.99 | 204.41 | 230.40 | NOTE | |
r-devel-linux-x86_64-fedora-clang | 2.1.0 | 568.86 | OK | |||
r-devel-linux-x86_64-fedora-gcc | 2.1.0 | 516.97 | OK | |||
r-devel-windows-x86_64 | 2.1.0 | 50.00 | 501.00 | 551.00 | OK | |
r-patched-linux-x86_64 | 2.1.0 | 41.30 | 276.38 | 317.68 | OK | |
r-release-linux-x86_64 | 2.1.0 | 37.94 | 275.21 | 313.15 | OK | |
r-release-macos-arm64 | 2.1.0 | 243.00 | OK | |||
r-release-macos-x86_64 | 2.1.0 | 327.00 | OK | |||
r-release-windows-x86_64 | 2.1.0 | 50.00 | 498.00 | 548.00 | OK | |
r-oldrel-macos-arm64 | 2.1.0 | 259.00 | OK | |||
r-oldrel-macos-x86_64 | 2.1.0 | 327.00 | OK | |||
r-oldrel-windows-x86_64 | 2.1.0 | 61.00 | 670.00 | 731.00 | OK |
Version: 2.1.0
Check: HTML version of manual
Result: NOTE
Found the following HTML validation problems:
SPYUS500.html:48:1 (SPYUS500.Rd:11): Warning: missing </ul> before </div>
cancer.html:48:1 (cancer.Rd:11): Warning: missing </ul> before </div>
rates.html:48:1 (rates.Rd:11): Warning: missing </ul> before </div>
Flavor: r-devel-linux-x86_64-debian-gcc