Last updated on 2025-10-21 09:48:31 CEST.
Flavor | Version | Tinstall | Tcheck | Ttotal | Status | Flags |
---|---|---|---|---|---|---|
r-devel-linux-x86_64-debian-clang | 0.8.1 | 22.47 | 158.04 | 180.51 | OK | |
r-devel-linux-x86_64-debian-gcc | 0.8.1 | 16.33 | 107.77 | 124.10 | NOTE | |
r-devel-linux-x86_64-fedora-clang | 0.8.1 | 288.06 | OK | |||
r-devel-linux-x86_64-fedora-gcc | 0.8.1 | 283.90 | OK | |||
r-devel-windows-x86_64 | 0.8.1 | 23.00 | 157.00 | 180.00 | OK | |
r-patched-linux-x86_64 | 0.8.1 | 23.09 | 147.60 | 170.69 | OK | |
r-release-linux-x86_64 | 0.8.1 | 19.97 | 149.76 | 169.73 | OK | |
r-release-macos-arm64 | 0.8.1 | 87.00 | OK | |||
r-release-macos-x86_64 | 0.8.1 | 325.00 | OK | |||
r-release-windows-x86_64 | 0.8.1 | 23.00 | 157.00 | 180.00 | OK | |
r-oldrel-macos-arm64 | 0.8.1 | 89.00 | OK | |||
r-oldrel-macos-x86_64 | 0.8.1 | 276.00 | OK | |||
r-oldrel-windows-x86_64 | 0.8.1 | 31.00 | 204.00 | 235.00 | OK |
Version: 0.8.1
Check: HTML version of manual
Result: NOTE
Found the following HTML validation problems:
excess_stats.html:93:1 (excess_stats.Rd:39): Warning: missing </ul> before </div>
fit_ar.html:62:1 (fit_ar.Rd:18): Warning: missing </ul> before </div>
get_demographics.html:68:1 (get_demographics.Rd:24): Warning: missing </ul> before </div>
noleap_yday.html:46:1 (noleap_yday.Rd:10): Warning: missing </ul> before </div>
Flavor: r-devel-linux-x86_64-debian-gcc