Last updated on 2025-10-21 09:48:31 CEST.
Flavor | Version | Tinstall | Tcheck | Ttotal | Status | Flags |
---|---|---|---|---|---|---|
r-devel-linux-x86_64-debian-clang | 1.1.2 | 10.42 | 165.73 | 176.15 | OK | |
r-devel-linux-x86_64-debian-gcc | 1.1.2 | 7.61 | 113.60 | 121.21 | NOTE | |
r-devel-linux-x86_64-fedora-clang | 1.1.2 | 285.13 | OK | |||
r-devel-linux-x86_64-fedora-gcc | 1.1.2 | 270.03 | OK | |||
r-devel-windows-x86_64 | 1.1.2 | 14.00 | 177.00 | 191.00 | OK | |
r-patched-linux-x86_64 | 1.1.2 | 11.83 | 151.66 | 163.49 | OK | |
r-release-linux-x86_64 | 1.1.2 | 11.36 | 152.11 | 163.47 | OK | |
r-release-macos-arm64 | 1.1.2 | 71.00 | OK | |||
r-release-macos-x86_64 | 1.1.2 | 163.00 | OK | |||
r-release-windows-x86_64 | 1.1.2 | 16.00 | 176.00 | 192.00 | OK | |
r-oldrel-macos-arm64 | 1.1.2 | 73.00 | OK | |||
r-oldrel-macos-x86_64 | 1.1.2 | 116.00 | OK | |||
r-oldrel-windows-x86_64 | 1.1.2 | 18.00 | 217.00 | 235.00 | OK |
Version: 1.1.2
Check: HTML version of manual
Result: NOTE
Found the following HTML validation problems:
convert_time_dt_to_plot_dt.html:50:1 (convert_time_dt_to_plot_dt.Rd:12): Warning: missing </ul> before </div>
convert_time_dt_to_plot_num.html:50:1 (convert_time_dt_to_plot_num.Rd:12): Warning: missing </ul> before </div>
convert_time_num_to_chr.html:46:1 (convert_time_num_to_chr.Rd:10): Warning: missing </ul> before </div>
convert_time_num_to_period.html:46:1 (convert_time_num_to_period.Rd:10): Warning: missing </ul> before </div>
get_connection_model_params.html:46:1 (get_connection_model_params.Rd:10): Warning: missing </ul> before </div>
mutate_to_log.html:54:1 (mutate_to_log.Rd:14): Warning: missing </ul> before </div>
round_to_half.html:46:1 (round_to_half.Rd:10): Warning: missing </ul> before </div>
Flavor: r-devel-linux-x86_64-debian-gcc