Last updated on 2025-10-21 09:48:31 CEST.
Flavor | Version | Tinstall | Tcheck | Ttotal | Status | Flags |
---|---|---|---|---|---|---|
r-devel-linux-x86_64-debian-clang | 0.1.0 | 5.48 | 49.45 | 54.93 | OK | |
r-devel-linux-x86_64-debian-gcc | 0.1.0 | 3.40 | 34.90 | 38.30 | NOTE | |
r-devel-linux-x86_64-fedora-clang | 0.1.0 | 85.31 | OK | |||
r-devel-linux-x86_64-fedora-gcc | 0.1.0 | 76.92 | OK | |||
r-devel-windows-x86_64 | 0.1.0 | 6.00 | 65.00 | 71.00 | OK | |
r-patched-linux-x86_64 | 0.1.0 | 4.86 | 45.50 | 50.36 | OK | |
r-release-linux-x86_64 | 0.1.0 | 5.32 | 47.26 | 52.58 | OK | |
r-release-macos-arm64 | 0.1.0 | 26.00 | OK | |||
r-release-macos-x86_64 | 0.1.0 | 35.00 | OK | |||
r-release-windows-x86_64 | 0.1.0 | 6.00 | 66.00 | 72.00 | OK | |
r-oldrel-macos-arm64 | 0.1.0 | 30.00 | OK | |||
r-oldrel-macos-x86_64 | 0.1.0 | 54.00 | OK | |||
r-oldrel-windows-x86_64 | 0.1.0 | 8.00 | 83.00 | 91.00 | OK |
Version: 0.1.0
Check: HTML version of manual
Result: NOTE
Found the following HTML validation problems:
W_priors.html:77:1 (W_priors.Rd:31): Warning: missing </ul> before </div>
W_sampler.html:142:1 (W_sampler.Rd:90): Warning: <h5> anchor "Usage" already defined
W_sampler.html:148:1 (W_sampler.Rd:94): Warning: <h5> anchor "Arguments" already defined
W_sampler.html:175:1 (W_sampler.Rd:112): Warning: <h5> anchor "Usage" already defined
W_sampler.html:181:1 (W_sampler.Rd:116): Warning: <h5> anchor "Arguments" already defined
beta_sampler.html:127:1 (beta_sampler.Rd:65): Warning: missing </ul> before </div>
beta_sampler.html:100:1 (beta_sampler.Rd:50): Warning: <h5> anchor "Usage" already defined
beta_sampler.html:106:1 (beta_sampler.Rd:54): Warning: <h5> anchor "Arguments" already defined
plot.estimateW.html:64:1 (plot.estimateW.Rd:21): Warning: missing </ul> before </div>
plot.sim_dgp.html:51:1 (plot.sim_dgp.Rd:12): Warning: missing </ul> before </div>
rho_priors.html:101:1 (rho_priors.Rd:47): Warning: missing </ul> before </div>
rho_sampler.html:139:1 (rho_sampler.Rd:82): Warning: <h5> anchor "Usage" already defined
rho_sampler.html:153:1 (rho_sampler.Rd:91): Warning: <h5> anchor "Usage" already defined
rho_sampler.html:159:1 (rho_sampler.Rd:95): Warning: <h5> anchor "Arguments" already defined
rho_sampler.html:186:1 (rho_sampler.Rd:113): Warning: <h5> anchor "Usage" already defined
rho_sampler.html:192:1 (rho_sampler.Rd:117): Warning: <h5> anchor "Arguments" already defined
rho_sampler.html:217:1 (rho_sampler.Rd:133): Warning: <h5> anchor "Usage" already defined
rho_sampler.html:223:1 (rho_sampler.Rd:137): Warning: <h5> anchor "Arguments" already defined
rho_sampler.html:248:1 (rho_sampler.Rd:153): Warning: <h5> anchor "Usage" already defined
rho_sampler.html:254:1 (rho_sampler.Rd:157): Warning: <h5> anchor "Arguments" already defined
sigma_priors.html:52:1 (sigma_priors.Rd:14): Warning: missing </ul> before </div>
sigma_sampler.html:125:1 (sigma_sampler.Rd:63): Warning: missing </ul> before </div>
sigma_sampler.html:100:1 (sigma_sampler.Rd:50): Warning: <h5> anchor "Usage" already defined
sigma_sampler.html:106:1 (sigma_sampler.Rd:54): Warning: <h5> anchor "Arguments" already defined
Flavor: r-devel-linux-x86_64-debian-gcc