Last updated on 2025-10-21 09:48:31 CEST.
Flavor | Version | Tinstall | Tcheck | Ttotal | Status | Flags |
---|---|---|---|---|---|---|
r-devel-linux-x86_64-debian-clang | 1.1.2 | 19.26 | 53.52 | 72.78 | NOTE | |
r-devel-linux-x86_64-debian-gcc | 1.1.2 | 14.84 | 38.29 | 53.13 | NOTE | |
r-devel-linux-x86_64-fedora-clang | 1.1.2 | 128.64 | NOTE | |||
r-devel-linux-x86_64-fedora-gcc | 1.1.2 | 115.70 | NOTE | |||
r-devel-windows-x86_64 | 1.1.2 | 29.00 | 84.00 | 113.00 | NOTE | |
r-patched-linux-x86_64 | 1.1.2 | 22.66 | 50.12 | 72.78 | NOTE | |
r-release-linux-x86_64 | 1.1.2 | 22.62 | 49.97 | 72.59 | NOTE | |
r-release-macos-arm64 | 1.1.2 | 35.00 | NOTE | |||
r-release-macos-x86_64 | 1.1.2 | 62.00 | NOTE | |||
r-release-windows-x86_64 | 1.1.2 | 30.00 | 87.00 | 117.00 | NOTE | |
r-oldrel-macos-arm64 | 1.1.2 | 36.00 | NOTE | |||
r-oldrel-macos-x86_64 | 1.1.2 | 46.00 | NOTE | |||
r-oldrel-windows-x86_64 | 1.1.2 | 34.00 | 102.00 | 136.00 | NOTE |
Version: 1.1.2
Check: CRAN incoming feasibility
Result: NOTE
Maintainer: ‘Mads Lindskou <mads@math.aau.dk>’
The Description field contains
Garofalakis, Michael I Jordan (2013) <arXiv:1301.2267>. The ESS
Please refer to arXiv e-prints via their arXiv DOI <doi:10.48550/arXiv.YYMM.NNNNN>.
Flavors: r-devel-linux-x86_64-debian-clang, r-devel-linux-x86_64-debian-gcc
Version: 1.1.2
Check: C++ specification
Result: NOTE
Specified C++11: please drop specification unless essential
Flavors: r-devel-linux-x86_64-debian-clang, r-devel-linux-x86_64-debian-gcc, r-devel-linux-x86_64-fedora-clang, r-devel-linux-x86_64-fedora-gcc, r-devel-windows-x86_64, r-patched-linux-x86_64, r-release-linux-x86_64, r-release-macos-arm64, r-release-macos-x86_64, r-release-windows-x86_64, r-oldrel-macos-arm64, r-oldrel-macos-x86_64, r-oldrel-windows-x86_64
Version: 1.1.2
Check: HTML version of manual
Result: NOTE
Found the following HTML validation problems:
as_adj_lst.html:46:1 (as_adj_lst.Rd:10): Warning: missing </ul> before </div>
print.gengraph.html:51:1 (print.gengraph.Rd:12): Warning: missing </ul> before </div>
print.tree.html:51:1 (print.tree.Rd:12): Warning: missing </ul> before </div>
Flavor: r-devel-linux-x86_64-debian-gcc