Last updated on 2025-10-21 09:48:31 CEST.
Flavor | Version | Tinstall | Tcheck | Ttotal | Status | Flags |
---|---|---|---|---|---|---|
r-devel-linux-x86_64-debian-clang | 0.6.2 | 41.92 | 35.44 | 77.36 | OK | |
r-devel-linux-x86_64-debian-gcc | 0.6.2 | 23.53 | 26.69 | 50.22 | NOTE | |
r-devel-linux-x86_64-fedora-clang | 0.6.2 | 140.33 | OK | |||
r-devel-linux-x86_64-fedora-gcc | 0.6.2 | 120.89 | OK | |||
r-devel-windows-x86_64 | 0.6.2 | 49.00 | 71.00 | 120.00 | OK | |
r-patched-linux-x86_64 | 0.6.2 | 40.91 | 32.59 | 73.50 | OK | |
r-release-linux-x86_64 | 0.6.2 | 37.95 | 32.96 | 70.91 | OK | |
r-release-macos-arm64 | 0.6.2 | 43.00 | OK | |||
r-release-macos-x86_64 | 0.6.2 | 54.00 | OK | |||
r-release-windows-x86_64 | 0.6.2 | 47.00 | 74.00 | 121.00 | OK | |
r-oldrel-macos-arm64 | 0.6.2 | 38.00 | OK | |||
r-oldrel-macos-x86_64 | 0.6.2 | 45.00 | OK | |||
r-oldrel-windows-x86_64 | 0.6.2 | 57.00 | 90.00 | 147.00 | OK |
Version: 0.6.2
Check: HTML version of manual
Result: NOTE
Found the following HTML validation problems:
G1_fun.html:59:1 (G1_fun.Rd:16): Warning: missing </ul> before </div>
G1_prime_fun.html:59:1 (G1_prime_fun.Rd:16): Warning: missing </ul> before </div>
G1_prime_prime_fun.html:59:1 (G1_prime_prime_fun.Rd:16): Warning: missing </ul> before </div>
G2_curly_fun.html:68:1 (G2_curly_fun.Rd:19): Warning: missing </ul> before </div>
G2_fun.html:68:1 (G2_fun.Rd:19): Warning: missing </ul> before </div>
G2_prime_fun.html:68:1 (G2_prime_fun.Rd:19): Warning: missing </ul> before </div>
G2_prime_prime.html:68:1 (G2_prime_prime.Rd:19): Warning: missing </ul> before </div>
G_vec.html:55:1 (G_vec.Rd:15): Warning: missing </ul> before </div>
cdf_at_quantile.html:55:1 (cdf_at_quantile.Rd:14): Warning: missing </ul> before </div>
conditional_mean_sigma.html:50:1 (conditional_mean_sigma.Rd:12): Warning: missing </ul> before </div>
conditional_truncated_variance.html:66:1 (conditional_truncated_variance.Rd:14): Warning: missing </ul> before </div>
esr_rho_lp.html:70:1 (esr_rho_lp.Rd:22): Warning: missing </ul> before </div>
estfun.esreg.html:53:1 (estfun.esreg.Rd:12): Warning: missing </ul> before </div>
lambda_matrix.html:79:1 (lambda_matrix.Rd:25): Warning: missing </ul> before </div>
sigma_matrix.html:66:1 (sigma_matrix.Rd:19): Warning: missing </ul> before </div>
vcov.esreg.html:55:1 (vcov.esreg.Rd:14): Warning: missing </ul> before </div>
vcovA.html:107:1 (vcovA.Rd:38): Warning: missing </ul> before </div>
vcovB.html:61:1 (vcovB.Rd:17): Warning: missing </ul> before </div>
Flavor: r-devel-linux-x86_64-debian-gcc