Last updated on 2025-10-21 09:48:31 CEST.
Flavor | Version | Tinstall | Tcheck | Ttotal | Status | Flags |
---|---|---|---|---|---|---|
r-devel-linux-x86_64-debian-clang | 4.10.1 | 72.13 | 633.04 | 705.17 | OK | --no-vignettes |
r-devel-linux-x86_64-debian-gcc | 4.10.1 | 55.09 | 417.56 | 472.65 | NOTE | --no-vignettes |
r-devel-linux-x86_64-fedora-clang | 4.10.1 | 1195.90 | OK | |||
r-devel-linux-x86_64-fedora-gcc | 4.10.1 | 1146.94 | OK | |||
r-devel-windows-x86_64 | 4.10.1 | 110.00 | 223.00 | 333.00 | OK | --no-examples --no-tests --no-vignettes |
r-patched-linux-x86_64 | 4.10.1 | 92.71 | 595.28 | 687.99 | WARN | --no-vignettes |
r-release-linux-x86_64 | 4.10.1 | 79.63 | 590.55 | 670.18 | OK | --no-vignettes |
r-release-macos-arm64 | 4.10.1 | 303.00 | OK | |||
r-release-macos-x86_64 | 4.10.1 | 535.00 | OK | |||
r-release-windows-x86_64 | 4.10.1 | 111.00 | 249.00 | 360.00 | OK | --no-examples --no-tests --no-vignettes |
r-oldrel-macos-arm64 | 4.10.1 | 280.00 | NOTE | |||
r-oldrel-macos-x86_64 | 4.10.1 | 541.00 | NOTE | |||
r-oldrel-windows-x86_64 | 4.10.1 | 143.00 | 223.00 | 366.00 | OK | --no-examples --no-tests --no-vignettes |
Version: 4.10.1
Flags: --no-vignettes
Check: top-level files
Result: NOTE
Found the following validation problem for the NEWS.Rd HTML conversion:
NEWS.html:4585:1 (inst/NEWS.Rd:3204): Warning: missing </ul> before </div>
NEWS.html:138:1 (inst/NEWS.Rd:154): Warning: <h4> anchor "NEW-FEATURES" already defined
NEWS.html:171:1 (inst/NEWS.Rd:175): Warning: <h4> anchor "BUG-FIXES" already defined
NEWS.html:204:1 (inst/NEWS.Rd:196): Warning: <h4> anchor "OTHER-USER-VISIBLE-CHANGES" already defined
NEWS.html:247:1 (inst/NEWS.Rd:222): Warning: <h4> anchor "C-LEVEL-FACILITIES" already defined
NEWS.html:289:1 (inst/NEWS.Rd:250): Warning: <h4> anchor "NEW-FEATURES" already defined
NEWS.html:317:1 (inst/NEWS.Rd:268): Warning: <h4> anchor "BUG-FIXES" already defined
NEWS.html:365:1 (inst/NEWS.Rd:298): Warning: <h4> anchor "OTHER-USER-VISIBLE-CHANGES" already defined
NEWS.html:403:1 (inst/NEWS.Rd:321): Warning: <h4> anchor "C-LEVEL-FACILITIES" already defined
NEWS.html:440:1 (inst/NEWS.Rd:345): Warning: <h4> anchor "NEW-FEATURES" already defined
NEWS.html:490:1 (inst/NEWS.Rd:373): Warning: <h4> anchor "BUG-FIXES" already defined
NEWS.html:593:1 (inst/NEWS.Rd:435): Warning: <h4> anchor "OTHER-USER-VISIBLE-CHANGES" already defined
NEWS.html:711:1 (inst/NEWS.Rd:506): Warning: <h4> anchor "C-LEVEL-FACILITIES" already defined
NEWS.html:783:1 (inst/NEWS.Rd:551): Warning: <h4> anchor "NEW-FEATURES" already defined
NEWS.html:796:1 (inst/NEWS.Rd:560): Warning: <h4> anchor "BUG-FIXES" already defined
NEWS.html:829:1 (inst/NEWS.Rd:581): Warning: <h4> anchor "OTHER-USER-VISIBLE-CHANGES" already defined
NEWS.html:857:1 (inst/NEWS.Rd:598): Warning: <h4> anchor "C-LEVEL-FACILITIES" already defined
NEWS.html:874:1 (inst/NEWS.Rd:610): Warning: <h4> anchor "NEW-FEATURES" already defined
NEWS.html:907:1 (inst/NEWS.Rd:631): Warning: <h4> anchor "BUG-FIXES" already defined
NEWS.html:940:1 (inst/NEWS.Rd:652): Warning: <h4> anchor "OTHER-USER-VISIBLE-CHANGES" already defined
NEWS.html:983:1 (inst/NEWS.Rd:678): Warning: <h4> anchor "C-LEVEL-FACILITIES" already defined
NEWS.html:1000:1 (inst/NEWS.Rd:690): Warning: <h4> anchor "NEW-FEATURES" already defined
NEWS.html:1056:1 (inst/NEWS.Rd:724): Warning: <h4> anchor "BUG-FIXES" already defined
NEWS.html:1074:1 (inst/NEWS.Rd:735): Warning: <h4> anchor "OTHER-USER-VISIBLE-CHANGES" already defined
NEWS.html:1091:1 (inst/NEWS.Rd:746): Warning: <h4> anchor "BUG-FIXES" already defined
NEWS.html:1118:1 (inst/NEWS.Rd:764): Warning: <h4> anchor "NEW-FEATURES" already defined
NEWS.html:1151:1 (inst/NEWS.Rd:784): Warning: <h4> anchor "BUG-FIXES" already defined
NEWS.html:1189:1 (inst/NEWS.Rd:807): Warning: <h4> anchor "OTHER-USER-VISIBLE-CHANGES" already defined
NEWS.html:1257:1 (inst/NEWS.Rd:848): Warning: <h4> anchor "C-LEVEL-FACILITIES" already defined
NEWS.html:1287:1 (inst/NEWS.Rd:868): Warning: <h4> anchor "NEW-FEATURES" already defined
NEWS.html:1300:1 (inst/NEWS.Rd:877): Warning: <h4> anchor "BUG-FIXES" already defined
NEWS.html:1343:1 (inst/NEWS.Rd:904): Warning: <h4> anchor "OTHER-USER-VISIBLE-CHANGES" already defined
NEWS.html:1381:1 (inst/NEWS.Rd:927): Warning: <h4> anchor "INSTALLATION" already defined
NEWS.html:1396:1 (inst/NEWS.Rd:937): Warning: <h4> anchor "NEW-FEATURES" already defined
NEWS.html:1409:1 (inst/NEWS.Rd:946): Warning: <h4> anchor "BUG-FIXES" already defined
NEWS.html:1427:1 (inst/NEWS.Rd:958): Warning: <h4> anchor "INSTALLATION" already defined
NEWS.html:1444:1 (inst/NEWS.Rd:970): Warning: <h4> anchor "NEW-FEATURES" already defined
NEWS.html:1472:1 (inst/NEWS.Rd:991): Warning: <h4> anchor "BUG-FIXES" already defined
NEWS.html:1530:1 (inst/NEWS.Rd:1036): Warning: <h4> anchor "OTHER-USER-VISIBLE-CHANGES" already defined
NEWS.html:1639:1 (inst/NEWS.Rd:1120): Warning: <h4> anchor "NEW-FEATURES" already defined
NEWS.html:1657:1 (inst/NEWS.Rd:1132): Warning: <h4> anchor "BUG-FIXES" already defined
NEWS.html:1690:1 (inst/NEWS.Rd:1153): Warning: <h4> anchor "OTHER-USER-VISIBLE-CHANGES" already defined
NEWS.html:1712:1 (inst/NEWS.Rd:1168): Warning: <h4> anchor "BUG-FIXES" already defined
NEWS.html:1735:1 (inst/NEWS.Rd:1183): Warning: <h4> anchor "OTHER-USER-VISIBLE-CHANGES" already defined
NEWS.html:1753:1 (inst/NEWS.Rd:1194): Warning: <h4> anchor "C-LEVEL-FACILITIES" already defined
NEWS.html:1770:1 (inst/NEWS.Rd:1206): Warning: <h4> anchor "NEW-FEATURES" already defined
NEWS.html:2011:1 (inst/NEWS.Rd:1392): Warning: <h4> anchor "BUG-FIXES" already defined
NEWS.html:2064:1 (inst/NEWS.Rd:1427): Warning: <h4> anchor "OTHER-USER-VISIBLE-CHANGES" already defined
NEWS.html:2230:1 (inst/NEWS.Rd:1560): Warning: <h4> anchor "C-LEVEL-FACILITIES" already defined
NEWS.html:2294:1 (inst/NEWS.Rd:1610): Warning: <h4> anchor "NEW-FEATURES" already defined
NEWS.html:2384:1 (inst/NEWS.Rd:1665): Warning: <h4> anchor "BUG-FIXES" already defined
NEWS.html:2492:1 (inst/NEWS.Rd:1731): Warning: <h4> anchor "OTHER-USER-VISIBLE-CHANGES" already defined
NEWS.html:2575:1 (inst/NEWS.Rd:1781): Warning: <h4> anchor "C-LEVEL-FACILITIES" already defined
NEWS.html:2591:1 (inst/NEWS.Rd:1791): Warning: <h4> anchor "OTHER-USER-VISIBLE-CHANGES" already defined
NEWS.html:2609:1 (inst/NEWS.Rd:1802): Warning: <h4> anchor "BUG-FIXES" already defined
NEWS.html:2626:1 (inst/NEWS.Rd:1813): Warning: <h4> anchor "NEW-FEATURES" already defined
NEWS.html:2708:1 (inst/NEWS.Rd:1877): Warning: <h4> anchor "BUG-FIXES" already defined
NEWS.html:2757:1 (inst/NEWS.Rd:1912): Warning: <h4> anchor "OTHER-USER-VISIBLE-CHANGES" already defined
NEWS.html:2874:1 (inst/NEWS.Rd:2003): Warning: <h4> anchor "C-LEVEL-FACILITIES" already defined
NEWS.html:2917:1 (inst/NEWS.Rd:2041): Warning: <h4> anchor "NEW-FEATURES" already defined
NEWS.html:2978:1 (inst/NEWS.Rd:2081): Warning: <h4> anchor "BUG-FIXES" already defined
NEWS.html:3016:1 (inst/NEWS.Rd:2107): Warning: <h4> anchor "OTHER-USER-VISIBLE-CHANGES" already defined
NEWS.html:3170:1 (inst/NEWS.Rd:2228): Warning: <h4> anchor "NEW-FEATURES" already defined
NEWS.html:3189:1 (inst/NEWS.Rd:2241): Warning: <h4> anchor "BUG-FIXES" already defined
NEWS.html:3214:1 (inst/NEWS.Rd:2260): Warning: <h4> anchor "OTHER-USER-VISIBLE-CHANGES" already defined
NEWS.html:3246:1 (inst/NEWS.Rd:2283): Warning: <h4> anchor "BUG-FIXES" already defined
NEWS.html:3265:1 (inst/NEWS.Rd:2299): Warning: <h4> anchor "NEW-FEATURES" already defined
NEWS.html:3287:1 (inst/NEWS.Rd:2319): Warning: <h4> anchor "BUG-FIXES" already defined
NEWS.html:3313:1 (inst/NEWS.Rd:2340): Warning: <h4> anchor "OTHER-USER-VISIBLE-CHANGES" already defined
NEWS.html:3339:1 (inst/NEWS.Rd:2360): Warning: <h4> anchor "BUG-FIXES" already defined
NEWS.html:3369:1 (inst/NEWS.Rd:2384): Warning: <h4> anchor "NEW-FEATURES" already defined
NEWS.html:3420:1 (inst/NEWS.Rd:2420): Warning: <h4> anchor "BUG-FIXES" already defined
NEWS.html:3450:1 (inst/NEWS.Rd:2436): Warning: <h4> anchor "OTHER-USER-VISIBLE-CHANGES" already defined
NEWS.html:3470:1 (inst/NEWS.Rd:2449): Warning: <h4> anchor "NEW-FEATURES" already defined
NEWS.html:3493:1 (inst/NEWS.Rd:2465): Warning: <h4> anchor "BUG-FIXES" already defined
NEWS.html:3531:1 (inst/NEWS.Rd:2493): Warning: <h4> anchor "OTHER-USER-VISIBLE-CHANGES" already defined
NEWS.html:3575:1 (inst/NEWS.Rd:2527): Warning: <h4> anchor "NEW-FEATURES" already defined
NEWS.html:3605:1 (inst/NEWS.Rd:2547): Warning: <h4> anchor "BUG-FIXES" already defined
NEWS.html:3644:1 (inst/NEWS.Rd:2568): Warning: <h4> anchor "OTHER-USER-VISIBLE-CHANGES" already defined
NEWS.html:3690:1 (inst/NEWS.Rd:2593): Warning: <h4> anchor "NEW-FEATURES" already defined
NEWS.html:3842:1 (inst/NEWS.Rd:2658): Warning: <h4> anchor "BUG-FIXES" already defined
NEWS.html:3904:1 (inst/NEWS.Rd:2685): Warning: <h4> anchor "OTHER-USER-VISIBLE-CHANGES" already defined
NEWS.html:3945:1 (inst/NEWS.Rd:2724): Warning: <h4> anchor "BUG-FIXES" already defined
NEWS.html:3970:1 (inst/NEWS.Rd:2742): Warning: <h4> anchor "DEPRECATED-+26-DEFUNCT" already defined
NEWS.html:4011:1 (inst/NEWS.Rd:2785): Warning: <h4> anchor "NEW-FEATURES" already defined
NEWS.html:4024:1 (inst/NEWS.Rd:2793): Warning: <h4> anchor "BUG-FIXES" already defined
NEWS.html:4054:1 (inst/NEWS.Rd:2816): Warning: <h4> anchor "DEPRECATED-+26-DEFUNCT" already defined
NEWS.html:4066:1 (inst/NEWS.Rd:2824): Warning: <h4> anchor "OTHER-USER-VISIBLE-CHANGES" already defined
NEWS.html:4082:1 (inst/NEWS.Rd:2836): Warning: <h4> anchor "BUG-FIXES" already defined
NEWS.html:4110:1 (inst/NEWS.Rd:2856): Warning: <h4> anchor "OTHER-USER-VISIBLE-CHANGES" already defined
NEWS.html:4128:1 (inst/NEWS.Rd:2868): Warning: <h4> anchor "NEW-FEATURES" already defined
NEWS.html:4188:1 (inst/NEWS.Rd:2918): Warning: <h4> anchor "OTHER-USER-VISIBLE-CHANGES" already defined
NEWS.html:4217:1 (inst/NEWS.Rd:2939): Warning: <h4> anchor "C-LEVEL-FACILITIES" already defined
NEWS.html:4231:1 (inst/NEWS.Rd:2950): Warning: <h4> anchor "DEPRECATED-+26-DEFUNCT" already defined
NEWS.html:4246:1 (inst/NEWS.Rd:2959): Warning: <h4> anchor "BUG-FIXES" already defined
NEWS.html:4269:1 (inst/NEWS.Rd:2976): Warning: <h4> anchor "NEW-FEATURES" already defined
NEWS.html:4323:1 (inst/NEWS.Rd:3018): Warning: <h4> anchor "OTHER-USER-VISIBLE-CHANGES" already defined
NEWS.html:4397:1 (inst/NEWS.Rd:3072): Warning: <h4> anchor "DEPRECATED-+26-DEFUNCT" already defined
NEWS.html:4431:1 (inst/NEWS.Rd:3100): Warning: <h4> anchor "BUG-FIXES" already defined
NEWS.html:4466:1 (inst/NEWS.Rd:3124): Warning: <h4> anchor "NEW-FEATURES" already defined
NEWS.html:4531:1 (inst/NEWS.Rd:3174): Warning: <h4> anchor "OTHER-USER-VISIBLE-CHANGES" already defined
NEWS.html:4543:1 (inst/NEWS.Rd:3181): Warning: <h4> anchor "BUG-FIXES" already defined
NEWS.html:4567:1 (inst/NEWS.Rd:3197): Warning: <h4> anchor "DEPRECATED-+26-DEFUNCT" already defined
Flavor: r-devel-linux-x86_64-debian-gcc
Version: 4.10.1
Flags: --no-vignettes
Check: HTML version of manual
Result: NOTE
Found the following HTML validation problems:
B-ergmTerm-1e2e5333.html:126:1 (B-ergmTerm-1e2e5333.Rd:65): Warning: missing </ul> before </div>
BDStratTNT-ergmProposal-688ae434.html:109:1 (BDStratTNT-ergmProposal-688ae434.Rd:26): Warning: missing </ul> before </div>
Bernoulli-ergmReference-d4c68fcc.html:51:1 (Bernoulli-ergmReference-d4c68fcc.Rd:19): Warning: missing </ul> before </div>
CondB1Degree-ergmProposal-7a475c2a.html:72:1 (CondB1Degree-ergmProposal-7a475c2a.Rd:20): Warning: missing </ul> before </div>
CondB2Degree-ergmProposal-5d8af849.html:72:1 (CondB2Degree-ergmProposal-5d8af849.Rd:20): Warning: missing </ul> before </div>
CondDegree-ergmProposal-7eb103fc.html:90:1 (CondDegree-ergmProposal-7eb103fc.Rd:22): Warning: missing </ul> before </div>
CondDegreeDist-ergmProposal-34ad190d.html:72:1 (CondDegreeDist-ergmProposal-34ad190d.Rd:20): Warning: missing </ul> before </div>
CondDegreeMix-ergmProposal-ebac6940.html:71:1 (CondDegreeMix-ergmProposal-ebac6940.Rd:19): Warning: missing </ul> before </div>
CondInDegree-ergmProposal-b2ca9c42.html:71:1 (CondInDegree-ergmProposal-b2ca9c42.Rd:19): Warning: missing </ul> before </div>
CondInDegreeDist-ergmProposal-eaba12ac.html:71:1 (CondInDegreeDist-ergmProposal-eaba12ac.Rd:19): Warning: missing </ul> before </div>
CondOutDegree-ergmProposal-99f320aa.html:71:1 (CondOutDegree-ergmProposal-99f320aa.Rd:19): Warning: missing </ul> before </div>
CondOutDegreeDist-ergmProposal-70b19fec.html:71:1 (CondOutDegreeDist-ergmProposal-70b19fec.Rd:19): Warning: missing </ul> before </div>
ConstantEdges-ergmProposal-86c42078.html:83:1 (ConstantEdges-ergmProposal-86c42078.Rd:24): Warning: missing </ul> before </div>
Curve-ergmTerm-a37fe1f0.html:132:1 (Curve-ergmTerm-a37fe1f0.Rd:71): Warning: missing </ul> before </div>
DiscUnif-ergmProposal-94b67a89.html:70:1 (DiscUnif-ergmProposal-94b67a89.Rd:18): Warning: missing </ul> before </div>
DiscUnif-ergmReference-94b67a89.html:61:1 (DiscUnif-ergmReference-94b67a89.Rd:22): Warning: missing </ul> before </div>
DiscUnif2-ergmProposal-9c930fb8.html:70:1 (DiscUnif2-ergmProposal-9c930fb8.Rd:18): Warning: missing </ul> before </div>
DiscUnifNonObserved-ergmProposal-7c6ffca5.html:70:1 (DiscUnifNonObserved-ergmProposal-7c6ffca5.Rd:18): Warning: missing </ul> before </div>
DistRLE-ergmProposal-0b113fec.html:118:1 (DistRLE-ergmProposal-0b113fec.Rd:18): Warning: missing </ul> before </div>
Dyads-ergmConstraint-3aee3115.html:58:1 (Dyads-ergmConstraint-3aee3115.Rd:19): Warning: missing </ul> before </div>
Exp-ergmTerm-2a7372d1.html:60:1 (Exp-ergmTerm-2a7372d1.Rd:23): Warning: missing </ul> before </div>
F-ergmTerm-1029798a.html:83:1 (F-ergmTerm-1029798a.Rd:35): Warning: missing </ul> before </div>
HammingConstantEdges-ergmProposal-a5e8b9cb.html:70:1 (HammingConstantEdges-ergmProposal-a5e8b9cb.Rd:18): Warning: missing </ul> before </div>
HammingTNT-ergmProposal-de3765d7.html:70:1 (HammingTNT-ergmProposal-de3765d7.Rd:18): Warning: missing </ul> before </div>
Label-ergmTerm-6de33f4e.html:86:1 (Label-ergmTerm-6de33f4e.Rd:37): Warning: missing </ul> before </div>
Log-ergmTerm-f1bed869.html:64:1 (Log-ergmTerm-f1bed869.Rd:25): Warning: missing </ul> before </div>
NodematchFilter-ergmTerm-8bd022b9.html:64:1 (NodematchFilter-ergmTerm-8bd022b9.Rd:23): Warning: missing </ul> before </div>
Offset-ergmTerm-b7b3ddc4.html:68:1 (Offset-ergmTerm-b7b3ddc4.Rd:25): Warning: missing </ul> before </div>
Prod-ergmTerm-1bd03b4f.html:113:1 (Prod-ergmTerm-1bd03b4f.Rd:54): Warning: missing </ul> before </div>
Project-ergmTerm-36962a06.html:70:1 (Project-ergmTerm-36962a06.Rd:33): Warning: missing </ul> before </div>
S-ergmTerm-28cff48d.html:72:1 (S-ergmTerm-28cff48d.Rd:30): Warning: missing </ul> before </div>
SPDyad-ergmProposal-28f18e81.html:86:1 (SPDyad-ergmProposal-28f18e81.Rd:27): Warning: missing </ul> before </div>
StdNormal-ergmProposal-e2f0c57c.html:70:1 (StdNormal-ergmProposal-e2f0c57c.Rd:18): Warning: missing </ul> before </div>
StdNormal-ergmReference-e2f0c57c.html:49:1 (StdNormal-ergmReference-e2f0c57c.Rd:17): Warning: missing </ul> before </div>
Sum-ergmTerm-fe08cb7f.html:106:1 (Sum-ergmTerm-fe08cb7f.Rd:50): Warning: missing </ul> before </div>
Symmetrize-ergmTerm-61cab8ac.html:88:1 (Symmetrize-ergmTerm-61cab8ac.Rd:40): Warning: missing </ul> before </div>
TNT-ergmProposal-6a5bc996.html:73:1 (TNT-ergmProposal-6a5bc996.Rd:21): Warning: missing </ul> before </div>
Unif-ergmProposal-2d53092d.html:70:1 (Unif-ergmProposal-2d53092d.Rd:18): Warning: missing </ul> before </div>
Unif-ergmReference-2d53092d.html:59:1 (Unif-ergmReference-2d53092d.Rd:20): Warning: missing </ul> before </div>
UnifNonObserved-ergmProposal-bf008c8f.html:70:1 (UnifNonObserved-ergmProposal-bf008c8f.Rd:18): Warning: missing </ul> before </div>
absdiff-ergmTerm-9fc8de5a.html:86:1 (absdiff-ergmTerm-9fc8de5a.Rd:41): Warning: missing </ul> before </div>
absdiffcat-ergmTerm-5b2a4b77.html:98:1 (absdiffcat-ergmTerm-5b2a4b77.Rd:51): Warning: missing </ul> before </div>
altkstar-ergmTerm-201bf7a6.html:85:1 (altkstar-ergmTerm-201bf7a6.Rd:38): Warning: missing </ul> before </div>
asymmetric-ergmTerm-da585369.html:82:1 (asymmetric-ergmTerm-da585369.Rd:34): Warning: missing </ul> before </div>
atleast-ergmTerm-1b0585b0.html:61:1 (atleast-ergmTerm-1b0585b0.Rd:22): Warning: missing </ul> before </div>
atmost-ergmTerm-145d3def.html:60:1 (atmost-ergmTerm-145d3def.Rd:21): Warning: missing </ul> before </div>
attrcov-ergmTerm-a2d6aeef.html:80:1 (attrcov-ergmTerm-a2d6aeef.Rd:38): Warning: missing </ul> before </div>
b1concurrent-ergmTerm-b6d8305e.html:71:1 (b1concurrent-ergmTerm-b6d8305e.Rd:30): Warning: missing </ul> before </div>
b1cov-ergmTerm-a16e8340.html:80:1 (b1cov-ergmTerm-a16e8340.Rd:37): Warning: missing </ul> before </div>
b1covrange-ergmTerm-24a903d2.html:77:1 (b1covrange-ergmTerm-24a903d2.Rd:28): Warning: missing </ul> before </div>
b1degrange-ergmTerm-ae4dbc10.html:80:1 (b1degrange-ergmTerm-ae4dbc10.Rd:39): Warning: missing </ul> before </div>
b1degree-ergmTerm-b23eca4d.html:80:1 (b1degree-ergmTerm-b23eca4d.Rd:36): Warning: missing </ul> before </div>
b1degrees-ergmConstraint-34a58d68.html:49:1 (b1degrees-ergmConstraint-34a58d68.Rd:17): Warning: missing </ul> before </div>
b1dsp-ergmTerm-f3ebeba1.html:71:1 (b1dsp-ergmTerm-f3ebeba1.Rd:29): Warning: missing </ul> before </div>
b1factor-ergmTerm-ad0d3a93.html:100:1 (b1factor-ergmTerm-ad0d3a93.Rd:53): Warning: missing </ul> before </div>
b1factordistinct-ergmTerm-f897b95c.html:82:1 (b1factordistinct-ergmTerm-f897b95c.Rd:31): Warning: missing </ul> before </div>
b1mindegree-ergmTerm-f69f807c.html:67:1 (b1mindegree-ergmTerm-f69f807c.Rd:25): Warning: missing </ul> before </div>
b1nodematch-ergmTerm-110b470e.html:113:1 (b1nodematch-ergmTerm-110b470e.Rd:58): Warning: missing </ul> before </div>
b1sociality-ergmTerm-4c85e6e8.html:78:1 (b1sociality-ergmTerm-4c85e6e8.Rd:38): Warning: missing </ul> before </div>
b1star-ergmTerm-24b65fe7.html:81:1 (b1star-ergmTerm-24b65fe7.Rd:37): Warning: missing </ul> before </div>
b1starmix-ergmTerm-e8fb79b6.html:93:1 (b1starmix-ergmTerm-e8fb79b6.Rd:45): Warning: missing </ul> before </div>
b1twostar-ergmTerm-3ca58d12.html:83:1 (b1twostar-ergmTerm-3ca58d12.Rd:37): Warning: missing </ul> before </div>
b2concurrent-ergmTerm-c72bf19a.html:69:1 (b2concurrent-ergmTerm-c72bf19a.Rd:27): Warning: missing </ul> before </div>
b2cov-ergmTerm-abbfac55.html:79:1 (b2cov-ergmTerm-abbfac55.Rd:36): Warning: missing </ul> before </div>
b2covrange-ergmTerm-5e2bcc86.html:77:1 (b2covrange-ergmTerm-5e2bcc86.Rd:28): Warning: missing </ul> before </div>
b2degrange-ergmTerm-d16c3697.html:80:1 (b2degrange-ergmTerm-d16c3697.Rd:39): Warning: missing </ul> before </div>
b2degree-ergmTerm-20b6a8ee.html:75:1 (b2degree-ergmTerm-20b6a8ee.Rd:31): Warning: missing </ul> before </div>
b2degrees-ergmConstraint-2b170be6.html:49:1 (b2degrees-ergmConstraint-2b170be6.Rd:17): Warning: missing </ul> before </div>
b2dsp-ergmTerm-e9e03312.html:70:1 (b2dsp-ergmTerm-e9e03312.Rd:28): Warning: missing </ul> before </div>
b2factor-ergmTerm-bed2c507.html:100:1 (b2factor-ergmTerm-bed2c507.Rd:53): Warning: missing </ul> before </div>
b2factordistinct-ergmTerm-076e6026.html:82:1 (b2factordistinct-ergmTerm-076e6026.Rd:31): Warning: missing </ul> before </div>
b2mindegree-ergmTerm-3b15466d.html:67:1 (b2mindegree-ergmTerm-3b15466d.Rd:25): Warning: missing </ul> before </div>
b2nodematch-ergmTerm-126ff8a2.html:113:1 (b2nodematch-ergmTerm-126ff8a2.Rd:58): Warning: missing </ul> before </div>
b2sociality-ergmTerm-ae7e4336.html:84:1 (b2sociality-ergmTerm-ae7e4336.Rd:41): Warning: missing </ul> before </div>
b2star-ergmTerm-76adb9af.html:80:1 (b2star-ergmTerm-76adb9af.Rd:36): Warning: missing </ul> before </div>
b2starmix-ergmTerm-391186eb.html:83:1 (b2starmix-ergmTerm-391186eb.Rd:35): Warning: missing </ul> before </div>
b2twostar-ergmTerm-ca7ec3bb.html:79:1 (b2twostar-ergmTerm-ca7ec3bb.Rd:33): Warning: missing </ul> before </div>
balance-ergmTerm-9111bd77.html:53:1 (balance-ergmTerm-9111bd77.Rd:21): Warning: missing </ul> before </div>
bd-ergmConstraint-54194cbb.html:67:1 (bd-ergmConstraint-54194cbb.Rd:26): Warning: missing </ul> before </div>
blockdiag-ergmConstraint-140bec05.html:71:1 (blockdiag-ergmConstraint-140bec05.Rd:32): Warning: missing </ul> before </div>
blocks-ergmConstraint-6ef7822c.html:68:1 (blocks-ergmConstraint-6ef7822c.Rd:27): Warning: missing </ul> before </div>
coincidence-ergmTerm-58ca78cc.html:76:1 (coincidence-ergmTerm-58ca78cc.Rd:32): Warning: missing </ul> before </div>
concurrent-ergmTerm-a0121891.html:62:1 (concurrent-ergmTerm-a0121891.Rd:23): Warning: missing </ul> before </div>
concurrentties-ergmTerm-8ccb08e6.html:66:1 (concurrentties-ergmTerm-8ccb08e6.Rd:25): Warning: missing </ul> before </div>
ctriple-ergmTerm-9ad4f7cd.html:79:1 (ctriple-ergmTerm-9ad4f7cd.Rd:37): Warning: missing </ul> before </div>
cycle-ergmTerm-20398683.html:75:1 (cycle-ergmTerm-20398683.Rd:32): Warning: missing </ul> before </div>
cyclicalties-ergmTerm-636eecc3.html:68:1 (cyclicalties-ergmTerm-636eecc3.Rd:29): Warning: missing </ul> before </div>
cyclicalweights-ergmTerm-994a6687.html:76:1 (cyclicalweights-ergmTerm-994a6687.Rd:33): Warning: missing </ul> before </div>
degcor-ergmTerm-b501a3c7.html:50:1 (degcor-ergmTerm-b501a3c7.Rd:18): Warning: missing </ul> before </div>
degcrossprod-ergmTerm-fb36e593.html:50:1 (degcrossprod-ergmTerm-fb36e593.Rd:18): Warning: missing </ul> before </div>
degrange-ergmTerm-e31fe592.html:85:1 (degrange-ergmTerm-e31fe592.Rd:41): Warning: missing </ul> before </div>
degree-ergmTerm-64bfdc89.html:75:1 (degree-ergmTerm-64bfdc89.Rd:34): Warning: missing </ul> before </div>
degree15-ergmTerm-ea15bf13.html:52:1 (degree15-ergmTerm-ea15bf13.Rd:20): Warning: missing </ul> before </div>
degreedist-ergmConstraint-9d661be6.html:50:1 (degreedist-ergmConstraint-9d661be6.Rd:18): Warning: missing </ul> before </div>
degrees-ergmConstraint-602e0f0d.html:53:1 (degrees-ergmConstraint-602e0f0d.Rd:23): Warning: missing </ul> before </div>
density-ergmTerm-9f4752d0.html:52:1 (density-ergmTerm-9f4752d0.Rd:20): Warning: missing </ul> before </div>
diff-ergmTerm-0b65ee46.html:127:1 (diff-ergmTerm-0b65ee46.Rd:69): Warning: missing </ul> before </div>
dsp-ergmTerm-1a10473d.html:113:1 (dsp-ergmTerm-1a10473d.Rd:58): Warning: missing </ul> before </div>
dyadcov-ergmTerm-5fba5404.html:84:1 (dyadcov-ergmTerm-5fba5404.Rd:44): Warning: missing </ul> before </div>
dyadnoise-ergmConstraint-03418976.html:70:1 (dyadnoise-ergmConstraint-03418976.Rd:28): Warning: missing </ul> before </div>
dyadnoise-ergmProposal-03418976.html:70:1 (dyadnoise-ergmProposal-03418976.Rd:18): Warning: missing </ul> before </div>
dyadnoiseTNT-ergmProposal-7d4cf03c.html:70:1 (dyadnoiseTNT-ergmProposal-7d4cf03c.Rd:18): Warning: missing </ul> before </div>
dyads-ergmConstraint-d98f9f81.html:42:1 (dyads-ergmConstraint-d98f9f81.Rd:12): Warning: missing </ul> before </div>
edgecov-ergmTerm-1fb5ef19.html:91:1 (edgecov-ergmTerm-1fb5ef19.Rd:50): Warning: missing </ul> before </div>
edges-ergmConstraint-dc999be9.html:50:1 (edges-ergmConstraint-dc999be9.Rd:18): Warning: missing </ul> before </div>
edges-ergmTerm-dc999be9.html:55:1 (edges-ergmTerm-dc999be9.Rd:26): Warning: missing </ul> before </div>
egocentric-ergmConstraint-60aa4e0b.html:62:1 (egocentric-ergmConstraint-60aa4e0b.Rd:21): Warning: missing </ul> before </div>
equalto-ergmTerm-c31f7686.html:64:1 (equalto-ergmTerm-c31f7686.Rd:23): Warning: missing </ul> before </div>
ergm_SAN_slave.html:97:1 (ergm_SAN_slave.Rd:44): Warning: missing </ul> before </div>
esp-ergmTerm-d2e07fc8.html:113:1 (esp-ergmTerm-d2e07fc8.Rd:58): Warning: missing </ul> before </div>
fixallbut-ergmConstraint-ea96b2e0.html:58:1 (fixallbut-ergmConstraint-ea96b2e0.Rd:19): Warning: missing </ul> before </div>
fixedas-ergmConstraint-3f69c25b.html:66:1 (fixedas-ergmConstraint-3f69c25b.Rd:24): Warning: missing </ul> before </div>
greaterthan-ergmTerm-6b8cc380.html:60:1 (greaterthan-ergmTerm-6b8cc380.Rd:21): Warning: missing </ul> before </div>
gwb1degree-ergmTerm-847064c5.html:88:1 (gwb1degree-ergmTerm-847064c5.Rd:41): Warning: missing </ul> before </div>
gwb1dsp-ergmTerm-0bf628f4.html:84:1 (gwb1dsp-ergmTerm-0bf628f4.Rd:38): Warning: missing </ul> before </div>
gwb2degree-ergmTerm-584e787c.html:88:1 (gwb2degree-ergmTerm-584e787c.Rd:41): Warning: missing </ul> before </div>
gwb2dsp-ergmTerm-2d408a5d.html:84:1 (gwb2dsp-ergmTerm-2d408a5d.Rd:38): Warning: missing </ul> before </div>
gwdegree-ergmTerm-b4e39ca9.html:83:1 (gwdegree-ergmTerm-b4e39ca9.Rd:36): Warning: missing </ul> before </div>
gwdsp-ergmTerm-4e3dfd97.html:130:1 (gwdsp-ergmTerm-4e3dfd97.Rd:71): Warning: missing </ul> before </div>
gwesp-ergmTerm-3d6fb5a8.html:128:1 (gwesp-ergmTerm-3d6fb5a8.Rd:69): Warning: missing </ul> before </div>
gwidegree-ergmTerm-b37ed894.html:85:1 (gwidegree-ergmTerm-b37ed894.Rd:38): Warning: missing </ul> before </div>
gwnsp-ergmTerm-6def2a32.html:128:1 (gwnsp-ergmTerm-6def2a32.Rd:69): Warning: missing </ul> before </div>
gwodegree-ergmTerm-276e606c.html:85:1 (gwodegree-ergmTerm-276e606c.Rd:38): Warning: missing </ul> before </div>
hamming-ergmConstraint-82ea89b9.html:48:1 (hamming-ergmConstraint-82ea89b9.Rd:16): Warning: missing </ul> before </div>
hamming-ergmTerm-82ea89b9.html:77:1 (hamming-ergmTerm-82ea89b9.Rd:34): Warning: missing </ul> before </div>
idegrange-ergmTerm-03001d90.html:80:1 (idegrange-ergmTerm-03001d90.Rd:39): Warning: missing </ul> before </div>
idegree-ergmTerm-036b6e10.html:75:1 (idegree-ergmTerm-036b6e10.Rd:34): Warning: missing </ul> before </div>
idegree15-ergmTerm-b83b1a3a.html:52:1 (idegree15-ergmTerm-b83b1a3a.Rd:20): Warning: missing </ul> before </div>
idegreedist-ergmConstraint-98f28449.html:48:1 (idegreedist-ergmConstraint-98f28449.Rd:16): Warning: missing </ul> before </div>
idegrees-ergmConstraint-04ab7684.html:49:1 (idegrees-ergmConstraint-04ab7684.Rd:17): Warning: missing </ul> before </div>
ininterval-ergmTerm-e9384dcc.html:70:1 (ininterval-ergmTerm-e9384dcc.Rd:27): Warning: missing </ul> before </div>
intransitive-ergmTerm-4a599cad.html:60:1 (intransitive-ergmTerm-4a599cad.Rd:25): Warning: missing </ul> before </div>
isolatededges-ergmTerm-78b32353.html:51:1 (isolatededges-ergmTerm-78b32353.Rd:19): Warning: missing </ul> before </div>
isolates-ergmTerm-55ae8770.html:52:1 (isolates-ergmTerm-55ae8770.Rd:20): Warning: missing </ul> before </div>
istar-ergmTerm-686da871.html:75:1 (istar-ergmTerm-686da871.Rd:34): Warning: missing </ul> before </div>
kstar-ergmTerm-9ffb742c.html:75:1 (kstar-ergmTerm-9ffb742c.Rd:34): Warning: missing </ul> before </div>
localtriangle-ergmTerm-8ca12415.html:68:1 (localtriangle-ergmTerm-8ca12415.Rd:29): Warning: missing </ul> before </div>
m2star-ergmTerm-bff0f16e.html:56:1 (m2star-ergmTerm-bff0f16e.Rd:24): Warning: missing </ul> before </div>
meandeg-ergmTerm-f81357a5.html:50:1 (meandeg-ergmTerm-f81357a5.Rd:18): Warning: missing </ul> before </div>
mm-ergmTerm-0264ed3f.html:89:1 (mm-ergmTerm-0264ed3f.Rd:46): Warning: missing </ul> before </div>
mutual-ergmTerm-22863009.html:109:1 (mutual-ergmTerm-22863009.Rd:60): Warning: missing </ul> before </div>
nearsimmelian-ergmTerm-ba85787e.html:56:1 (nearsimmelian-ergmTerm-ba85787e.Rd:21): Warning: missing </ul> before </div>
nodecov-ergmTerm-e6fb5c28.html:85:1 (nodecov-ergmTerm-e6fb5c28.Rd:45): Warning: missing </ul> before </div>
nodecovar-ergmTerm-35c93a8b.html:78:1 (nodecovar-ergmTerm-35c93a8b.Rd:35): Warning: missing </ul> before </div>
nodecovrange-ergmTerm-7ae91499.html:77:1 (nodecovrange-ergmTerm-7ae91499.Rd:28): Warning: missing </ul> before </div>
nodefactor-ergmTerm-6bea11f2.html:99:1 (nodefactor-ergmTerm-6bea11f2.Rd:52): Warning: missing </ul> before </div>
nodefactordistinct-ergmTerm-3445048c.html:82:1 (nodefactordistinct-ergmTerm-3445048c.Rd:31): Warning: missing </ul> before </div>
nodeicov-ergmTerm-02d64b5b.html:80:1 (nodeicov-ergmTerm-02d64b5b.Rd:37): Warning: missing </ul> before </div>
nodeicovar-ergmTerm-06cfbce0.html:78:1 (nodeicovar-ergmTerm-06cfbce0.Rd:35): Warning: missing </ul> before </div>
nodeicovrange-ergmTerm-29a8edd7.html:77:1 (nodeicovrange-ergmTerm-29a8edd7.Rd:28): Warning: missing </ul> before </div>
nodeifactor-ergmTerm-7604a73e.html:101:1 (nodeifactor-ergmTerm-7604a73e.Rd:54): Warning: missing </ul> before </div>
nodeifactordistinct-ergmTerm-25cbd312.html:82:1 (nodeifactordistinct-ergmTerm-25cbd312.Rd:31): Warning: missing </ul> before </div>
nodematch-ergmTerm-b316dba4.html:105:1 (nodematch-ergmTerm-b316dba4.Rd:58): Warning: missing </ul> before </div>
nodemix-ergmTerm-4723046c.html:103:1 (nodemix-ergmTerm-4723046c.Rd:54): Warning: missing </ul> before </div>
nodeocov-ergmTerm-3b42993a.html:80:1 (nodeocov-ergmTerm-3b42993a.Rd:37): Warning: missing </ul> before </div>
nodeocovar-ergmTerm-1fd42ee5.html:78:1 (nodeocovar-ergmTerm-1fd42ee5.Rd:34): Warning: missing </ul> before </div>
nodeocovrange-ergmTerm-382e45c5.html:77:1 (nodeocovrange-ergmTerm-382e45c5.Rd:28): Warning: missing </ul> before </div>
nodeofactor-ergmTerm-8944a896.html:101:1 (nodeofactor-ergmTerm-8944a896.Rd:54): Warning: missing </ul> before </div>
nodeofactordistinct-ergmTerm-f159e5dc.html:82:1 (nodeofactordistinct-ergmTerm-f159e5dc.Rd:31): Warning: missing </ul> before </div>
nsp-ergmTerm-4586ea4f.html:113:1 (nsp-ergmTerm-4586ea4f.Rd:58): Warning: missing </ul> before </div>
observed-ergmConstraint-40f366ed.html:48:1 (observed-ergmConstraint-40f366ed.Rd:16): Warning: missing </ul> before </div>
odegrange-ergmTerm-a29a08d0.html:86:1 (odegrange-ergmTerm-a29a08d0.Rd:43): Warning: missing </ul> before </div>
odegree-ergmTerm-12c180fc.html:75:1 (odegree-ergmTerm-12c180fc.Rd:34): Warning: missing </ul> before </div>
odegree15-ergmTerm-8ee8801b.html:52:1 (odegree15-ergmTerm-8ee8801b.Rd:20): Warning: missing </ul> before </div>
odegreedist-ergmConstraint-692ae020.html:48:1 (odegreedist-ergmConstraint-692ae020.Rd:16): Warning: missing </ul> before </div>
odegrees-ergmConstraint-43961eb5.html:49:1 (odegrees-ergmConstraint-43961eb5.Rd:17): Warning: missing </ul> before </div>
opentriad-ergmTerm-f67c1cac.html:51:1 (opentriad-ergmTerm-f67c1cac.Rd:19): Warning: missing </ul> before </div>
ostar-ergmTerm-88787ec2.html:80:1 (ostar-ergmTerm-88787ec2.Rd:36): Warning: missing </ul> before </div>
randomtoggle-ergmProposal-cb2c53fa.html:70:1 (randomtoggle-ergmProposal-cb2c53fa.Rd:18): Warning: missing </ul> before </div>
receiver-ergmTerm-1f82207a.html:91:1 (receiver-ergmTerm-1f82207a.Rd:46): Warning: missing </ul> before </div>
sender-ergmTerm-e4dff00f.html:93:1 (sender-ergmTerm-e4dff00f.Rd:48): Warning: missing </ul> before </div>
simmelian-ergmTerm-15e60325.html:57:1 (simmelian-ergmTerm-15e60325.Rd:22): Warning: missing </ul> before </div>
simmelianties-ergmTerm-3361aef9.html:61:1 (simmelianties-ergmTerm-3361aef9.Rd:26): Warning: missing </ul> before </div>
smalldiff-ergmTerm-11cc89ad.html:66:1 (smalldiff-ergmTerm-11cc89ad.Rd:25): Warning: missing </ul> before </div>
smallerthan-ergmTerm-33549cdd.html:60:1 (smallerthan-ergmTerm-33549cdd.Rd:21): Warning: missing </ul> before </div>
sociality-ergmTerm-ecb55eaa.html:97:1 (sociality-ergmTerm-ecb55eaa.Rd:50): Warning: missing </ul> before </div>
sparse-ergmHint-ebcaba30.html:48:1 (sparse-ergmHint-ebcaba30.Rd:17): Warning: missing </ul> before </div>
spcachenet-ergmAuxiliary-f1950bb3.html:138:1 (spcachenet-ergmAuxiliary-f1950bb3.Rd:69): Warning: missing </ul> before </div>
strat-ergmHint-468d7d5e.html:82:1 (strat-ergmHint-468d7d5e.Rd:48): Warning: missing </ul> before </div>
sum-ergmTerm-304f882f.html:59:1 (sum-ergmTerm-304f882f.Rd:20): Warning: missing </ul> before </div>
threetrail-ergmTerm-2ad16d45.html:99:1 (threetrail-ergmTerm-2ad16d45.Rd:57): Warning: missing </ul> before </div>
transitive-ergmTerm-838987d1.html:54:1 (transitive-ergmTerm-838987d1.Rd:22): Warning: missing </ul> before </div>
transitiveties-ergmTerm-3382c137.html:66:1 (transitiveties-ergmTerm-3382c137.Rd:25): Warning: missing </ul> before </div>
transitiveweights-ergmTerm-7797c57b.html:75:1 (transitiveweights-ergmTerm-7797c57b.Rd:32): Warning: missing </ul> before </div>
triadcensus-ergmTerm-6a6bbd87.html:70:1 (triadcensus-ergmTerm-6a6bbd87.Rd:31): Warning: missing </ul> before </div>
triadic-ergmHint-b01cc436.html:123:1 (triadic-ergmHint-b01cc436.Rd:63): Warning: missing </ul> before </div>
triangle-ergmTerm-9b49a585.html:77:1 (triangle-ergmTerm-9b49a585.Rd:37): Warning: missing </ul> before </div>
tripercent-ergmTerm-a932d91a.html:75:1 (tripercent-ergmTerm-a932d91a.Rd:34): Warning: missing </ul> before </div>
ttriple-ergmTerm-db2252b3.html:83:1 (ttriple-ergmTerm-db2252b3.Rd:39): Warning: missing </ul> before </div>
twopath-ergmTerm-930ae8af.html:56:1 (twopath-ergmTerm-930ae8af.Rd:24): Warning: missing </ul> before </div>
Flavor: r-devel-linux-x86_64-debian-gcc
Version: 4.10.1
Flags: --no-vignettes
Check: whether package can be installed
Result: WARN
Found the following significant warnings:
Rd warning: no hsearch.rds meta data for package ergm
See ‘/home/hornik/tmp/R.check/r-patched-gcc/Work/PKGS/ergm.Rcheck/00install.out’ for details.
* used C compiler: ‘gcc-14 (Debian 14.3.0-8) 14.3.0’
Flavor: r-patched-linux-x86_64
Version: 4.10.1
Check: installed package size
Result: NOTE
installed size is 8.4Mb
sub-directories of 1Mb or more:
R 2.0Mb
doc 1.3Mb
help 1.0Mb
libs 3.3Mb
Flavors: r-oldrel-macos-arm64, r-oldrel-macos-x86_64