Last updated on 2025-10-21 09:48:31 CEST.
Flavor | Version | Tinstall | Tcheck | Ttotal | Status | Flags |
---|---|---|---|---|---|---|
r-devel-linux-x86_64-debian-clang | 1.0.0 | 59.30 | 367.32 | 426.62 | OK | |
r-devel-linux-x86_64-debian-gcc | 1.0.0 | 41.84 | 231.04 | 272.88 | NOTE | |
r-devel-linux-x86_64-fedora-clang | 1.0.0 | 711.15 | OK | |||
r-devel-linux-x86_64-fedora-gcc | 1.0.0 | 656.98 | OK | |||
r-devel-windows-x86_64 | 1.0.0 | 63.00 | 382.00 | 445.00 | OK | |
r-patched-linux-x86_64 | 1.0.0 | 58.87 | 347.12 | 405.99 | OK | |
r-release-linux-x86_64 | 1.0.0 | 57.15 | 343.79 | 400.94 | OK | |
r-release-macos-arm64 | 1.0.0 | 168.00 | OK | |||
r-release-macos-x86_64 | 1.0.0 | 321.00 | OK | |||
r-release-windows-x86_64 | 1.0.0 | 62.00 | 379.00 | 441.00 | OK | |
r-oldrel-macos-arm64 | 1.0.0 | 152.00 | OK | |||
r-oldrel-macos-x86_64 | 1.0.0 | 260.00 | OK | |||
r-oldrel-windows-x86_64 | 1.0.0 | 79.00 | 530.00 | 609.00 | OK |
Version: 1.0.0
Check: HTML version of manual
Result: NOTE
Found the following HTML validation problems:
DiseaseModel.html:383:1 (DiseaseModel.Rd:281): Warning: missing </ul> before </div>
DiseaseModel.html:290:1 (DiseaseModel.Rd:228): Warning: <h5> anchor "Usage" already defined
DiseaseModel.html:296:1 (DiseaseModel.Rd:232): Warning: <h5> anchor "Arguments" already defined
DiseaseModel.html:323:1 (DiseaseModel.Rd:249): Warning: <h5> anchor "Usage" already defined
DiseaseModel.html:329:1 (DiseaseModel.Rd:253): Warning: <h5> anchor "Arguments" already defined
DiseaseModel.html:360:1 (DiseaseModel.Rd:270): Warning: <h5> anchor "Usage" already defined
DiseaseModel.html:366:1 (DiseaseModel.Rd:274): Warning: <h5> anchor "Arguments" already defined
SimulationHandler.html:325:1 (SimulationHandler.Rd:206): Warning: missing </ul> before </div>
SimulationHandler.html:180:1 (SimulationHandler.Rd:117): Warning: <h5> anchor "Usage" already defined
SimulationHandler.html:186:1 (SimulationHandler.Rd:121): Warning: <h5> anchor "Arguments" already defined
SimulationHandler.html:222:1 (SimulationHandler.Rd:143): Warning: <h5> anchor "Usage" already defined
SimulationHandler.html:228:1 (SimulationHandler.Rd:147): Warning: <h5> anchor "Arguments" already defined
SimulationHandler.html:261:1 (SimulationHandler.Rd:170): Warning: <h5> anchor "Usage" already defined
SimulationHandler.html:267:1 (SimulationHandler.Rd:174): Warning: <h5> anchor "Arguments" already defined
SimulationHandler.html:282:1 (SimulationHandler.Rd:183): Warning: <h5> anchor "Returns" already defined
SimulationHandler.html:302:1 (SimulationHandler.Rd:195): Warning: <h5> anchor "Usage" already defined
SimulationHandler.html:308:1 (SimulationHandler.Rd:199): Warning: <h5> anchor "Arguments" already defined
Flavor: r-devel-linux-x86_64-debian-gcc