Last updated on 2025-10-21 09:48:31 CEST.
Flavor | Version | Tinstall | Tcheck | Ttotal | Status | Flags |
---|---|---|---|---|---|---|
r-devel-linux-x86_64-debian-clang | 0.15.4 | 142.31 | 343.99 | 486.30 | OK | |
r-devel-linux-x86_64-debian-gcc | 0.15.4 | 139.59 | 275.26 | 414.85 | NOTE | |
r-devel-linux-x86_64-fedora-clang | 0.15.4 | 804.79 | OK | |||
r-devel-linux-x86_64-fedora-gcc | 0.15.4 | 1016.28 | OK | |||
r-devel-windows-x86_64 | 0.15.4 | 154.00 | 510.00 | 664.00 | OK | |
r-patched-linux-x86_64 | 0.15.4 | 182.30 | 396.08 | 578.38 | OK | |
r-release-linux-x86_64 | 0.15.4 | 182.55 | 387.81 | 570.36 | OK | |
r-release-macos-arm64 | 0.15.4 | 220.00 | OK | |||
r-release-macos-x86_64 | 0.15.4 | 503.00 | OK | |||
r-release-windows-x86_64 | 0.15.4 | 153.00 | 503.00 | 656.00 | OK | |
r-oldrel-macos-arm64 | 0.15.4 | 193.00 | NOTE | |||
r-oldrel-macos-x86_64 | 0.15.4 | 466.00 | NOTE | |||
r-oldrel-windows-x86_64 | 0.15.4 | 191.00 | 657.00 | 848.00 | NOTE |
Version: 0.15.4
Check: top-level files
Result: NOTE
Found the following validation problem for the NEWS.Rd HTML conversion:
NEWS.html:151:1 (inst/NEWS.Rd:80): Warning: missing </ul> before </div>
NEWS.html:73:1 (inst/NEWS.Rd:33): Warning: <h4> anchor "BUG-FIXES" already defined
NEWS.html:93:1 (inst/NEWS.Rd:45): Warning: <h4> anchor "BUG-FIXES" already defined
Flavor: r-devel-linux-x86_64-debian-gcc
Version: 0.15.4
Check: installed package size
Result: NOTE
installed size is 94.2Mb
sub-directories of 1Mb or more:
libs 93.6Mb
Flavors: r-oldrel-macos-arm64, r-oldrel-macos-x86_64, r-oldrel-windows-x86_64