CRAN Package Check Results for Package epca

Last updated on 2025-10-21 09:48:31 CEST.

Flavor Version Tinstall Tcheck Ttotal Status Flags
r-devel-linux-x86_64-debian-clang 1.1.0 1.53 50.12 51.65 NOTE
r-devel-linux-x86_64-debian-gcc 1.1.0 1.69 35.20 36.89 NOTE
r-devel-linux-x86_64-fedora-clang 1.1.0 78.03 NOTE
r-devel-linux-x86_64-fedora-gcc 1.1.0 91.97 NOTE
r-devel-windows-x86_64 1.1.0 4.00 68.00 72.00 NOTE
r-patched-linux-x86_64 1.1.0 3.00 43.50 46.50 NOTE
r-release-linux-x86_64 1.1.0 2.13 44.31 46.44 NOTE
r-release-macos-arm64 1.1.0 40.00 NOTE
r-release-macos-x86_64 1.1.0 82.00 NOTE
r-release-windows-x86_64 1.1.0 4.00 71.00 75.00 NOTE
r-oldrel-macos-arm64 1.1.0 31.00 NOTE
r-oldrel-macos-x86_64 1.1.0 72.00 NOTE
r-oldrel-windows-x86_64 1.1.0 5.00 79.00 84.00 NOTE

Check Details

Version: 1.1.0
Check: Rd files
Result: NOTE checkRd: (-1) misClustRate.Rd:18: Lost braces; missing escapes or markup? 18 | Compute the empirical MCR, assuming that #{cluster} = #{block}, | ^ checkRd: (-1) misClustRate.Rd:18: Lost braces; missing escapes or markup? 18 | Compute the empirical MCR, assuming that #{cluster} = #{block}, | ^ Flavors: r-devel-linux-x86_64-debian-clang, r-devel-linux-x86_64-debian-gcc, r-devel-linux-x86_64-fedora-clang, r-devel-linux-x86_64-fedora-gcc, r-devel-windows-x86_64, r-patched-linux-x86_64, r-release-linux-x86_64, r-release-macos-arm64, r-release-macos-x86_64, r-release-windows-x86_64, r-oldrel-macos-arm64, r-oldrel-macos-x86_64, r-oldrel-windows-x86_64

Version: 1.1.0
Check: HTML version of manual
Result: NOTE Found the following HTML validation problems: absmin.criteria.html:47:1 (absmin.criteria.Rd:10): Warning: missing </ul> before </div> hard.html:50:1 (hard.Rd:12): Warning: missing </ul> before </div> permColumn.html:51:1 (permColumn.Rd:12): Warning: missing </ul> before </div> rootmatrix.html:47:1 (rootmatrix.Rd:10): Warning: missing </ul> before </div> soft.html:50:1 (soft.Rd:12): Warning: missing </ul> before </div> Flavor: r-devel-linux-x86_64-debian-gcc