Last updated on 2025-10-21 09:48:31 CEST.
Flavor | Version | Tinstall | Tcheck | Ttotal | Status | Flags |
---|---|---|---|---|---|---|
r-devel-linux-x86_64-debian-clang | 0.7.3 | 2.60 | 38.24 | 40.84 | NOTE | |
r-devel-linux-x86_64-debian-gcc | 0.7.3 | 2.14 | 28.64 | 30.78 | NOTE | |
r-devel-linux-x86_64-fedora-clang | 0.7.3 | 62.54 | NOTE | |||
r-devel-linux-x86_64-fedora-gcc | 0.7.3 | 58.33 | NOTE | |||
r-devel-windows-x86_64 | 0.7.3 | 4.00 | 57.00 | 61.00 | OK | |
r-patched-linux-x86_64 | 0.7.3 | 3.47 | 35.64 | 39.11 | NOTE | |
r-release-linux-x86_64 | 0.7.3 | 2.61 | 34.89 | 37.50 | NOTE | |
r-release-macos-arm64 | 0.7.3 | 23.00 | OK | |||
r-release-macos-x86_64 | 0.7.3 | 40.00 | OK | |||
r-release-windows-x86_64 | 0.7.3 | 5.00 | 58.00 | 63.00 | OK | |
r-oldrel-macos-arm64 | 0.7.3 | 21.00 | OK | |||
r-oldrel-macos-x86_64 | 0.7.3 | 32.00 | OK | |||
r-oldrel-windows-x86_64 | 0.7.3 | 5.00 | 68.00 | 73.00 | OK |
Version: 0.7.3
Check: CRAN incoming feasibility
Result: NOTE
Maintainer: ‘Bradley Eck <brad@bradeck.net>’
No Authors@R field in DESCRIPTION.
Please add one, modifying
Authors@R: c(person(given = c("Bradley", "J."),
family = "Eck",
role = "aut"),
person(given = "Bradley",
family = "Eck",
role = "cre",
email = "brad@bradeck.net"))
as necessary.
Flavors: r-devel-linux-x86_64-debian-clang, r-devel-linux-x86_64-debian-gcc
Version: 0.7.3
Check: for non-standard things in the check directory
Result: NOTE
Found the following files/directories:
‘Net1-fromR.inp’
Flavors: r-devel-linux-x86_64-debian-clang, r-devel-linux-x86_64-debian-gcc, r-devel-linux-x86_64-fedora-clang, r-devel-linux-x86_64-fedora-gcc, r-patched-linux-x86_64, r-release-linux-x86_64
Version: 0.7.3
Check: HTML version of manual
Result: NOTE
Found the following HTML validation problems:
is.epanet.inp.html:46:1 (is.epanet.inp.Rd:10): Warning: missing </ul> before </div>
is.epanet.rpt.html:46:1 (is.epanet.rpt.Rd:10): Warning: missing </ul> before </div>
is.epanetmsx.rpt.html:46:1 (is.epanetmsx.rpt.Rd:10): Warning: missing </ul> before </div>
is.expandedLinkTable.html:46:1 (is.expandedLinkTable.Rd:10): Warning: missing </ul> before </div>
is.sparkline.html:46:1 (is.sparkline.Rd:10): Warning: missing </ul> before </div>
is.sparklineTable.html:46:1 (is.sparklineTable.Rd:10): Warning: missing </ul> before </div>
plot.sparklineTable.html:51:1 (plot.sparklineTable.Rd:12): Warning: missing </ul> before </div>
print.summary.epanet.rpt.html:52:1 (print.summary.epanet.rpt.Rd:12): Warning: missing </ul> before </div>
print.summary.epanetmsx.rpt.html:52:1 (print.summary.epanetmsx.rpt.Rd:12): Warning: missing </ul> before </div>
summary.epanet.inp.html:52:1 (summary.epanet.inp.Rd:12): Warning: missing </ul> before </div>
summary.epanetmsx.rpt.html:51:1 (summary.epanetmsx.rpt.Rd:12): Warning: missing </ul> before </div>
Flavor: r-devel-linux-x86_64-debian-gcc