Last updated on 2025-10-21 09:48:31 CEST.
Flavor | Version | Tinstall | Tcheck | Ttotal | Status | Flags |
---|---|---|---|---|---|---|
r-devel-linux-x86_64-debian-clang | 2.4.2 | 2.13 | 31.91 | 34.04 | OK | |
r-devel-linux-x86_64-debian-gcc | 2.4.2 | 1.57 | 25.59 | 27.16 | NOTE | |
r-devel-linux-x86_64-fedora-clang | 2.4.2 | 51.20 | OK | |||
r-devel-linux-x86_64-fedora-gcc | 2.4.2 | 61.21 | OK | |||
r-devel-windows-x86_64 | 2.4.2 | 3.00 | 51.00 | 54.00 | OK | |
r-patched-linux-x86_64 | 2.4.2 | 1.92 | 29.28 | 31.20 | OK | |
r-release-linux-x86_64 | 2.4.2 | 1.92 | 29.56 | 31.48 | OK | |
r-release-macos-arm64 | 2.4.2 | 68.00 | OK | |||
r-release-macos-x86_64 | 2.4.2 | 93.00 | OK | |||
r-release-windows-x86_64 | 2.4.2 | 3.00 | 53.00 | 56.00 | OK | |
r-oldrel-macos-arm64 | 2.4.2 | 34.00 | OK | |||
r-oldrel-macos-x86_64 | 2.4.2 | 99.00 | OK | |||
r-oldrel-windows-x86_64 | 2.4.2 | 5.00 | 64.00 | 69.00 | OK |
Version: 2.4.2
Check: HTML version of manual
Result: NOTE
Found the following HTML validation problems:
collapseInfo.html:46:1 (collapseInfo.Rd:10): Warning: missing </ul> before </div>
getRenvStatus.html:51:1 (getRenvStatus.Rd:13): Warning: missing </ul> before </div>
getRepo.html:49:1 (getRepo.Rd:10): Warning: missing </ul> before </div>
prettyPrintInfo.html:47:1 (prettyPrintInfo.Rd:10): Warning: missing </ul> before </div>
remoteInfo.html:46:1 (remoteInfo.Rd:10): Warning: missing </ul> before </div>
Flavor: r-devel-linux-x86_64-debian-gcc