Last updated on 2025-10-21 09:48:31 CEST.
Flavor | Version | Tinstall | Tcheck | Ttotal | Status | Flags |
---|---|---|---|---|---|---|
r-devel-linux-x86_64-debian-clang | 1.3.14 | 10.00 | 81.00 | 91.00 | OK | |
r-devel-linux-x86_64-debian-gcc | 1.3.14 | 6.01 | 58.79 | 64.80 | NOTE | |
r-devel-linux-x86_64-fedora-clang | 1.3.14 | 142.00 | OK | |||
r-devel-linux-x86_64-fedora-gcc | 1.3.14 | 131.34 | OK | |||
r-devel-windows-x86_64 | 1.3.14 | 10.00 | 94.00 | 104.00 | OK | |
r-patched-linux-x86_64 | 1.3.14 | 7.67 | 78.71 | 86.38 | OK | |
r-release-linux-x86_64 | 1.3.14 | 8.97 | 77.51 | 86.48 | OK | |
r-release-macos-arm64 | 1.3.14 | 41.00 | OK | |||
r-release-macos-x86_64 | 1.3.14 | 106.00 | OK | |||
r-release-windows-x86_64 | 1.3.14 | 10.00 | 99.00 | 109.00 | OK | |
r-oldrel-macos-arm64 | 1.3.14 | 40.00 | OK | |||
r-oldrel-macos-x86_64 | 1.3.14 | 88.00 | OK | |||
r-oldrel-windows-x86_64 | 1.3.14 | 13.00 | 112.00 | 125.00 | OK |
Version: 1.3.14
Check: HTML version of manual
Result: NOTE
Found the following HTML validation problems:
contour3d.html:76:1 (contour3d.Rd:30): Warning: <h3> anchor "_sec_note" already defined
Flavor: r-devel-linux-x86_64-debian-gcc