CRAN Package Check Results for Package einet

Last updated on 2025-10-21 09:48:30 CEST.

Flavor Version Tinstall Tcheck Ttotal Status Flags
r-devel-linux-x86_64-debian-clang 0.1.0 1.94 34.88 36.82 OK
r-devel-linux-x86_64-debian-gcc 0.1.0 1.72 27.27 28.99 NOTE
r-devel-linux-x86_64-fedora-clang 0.1.0 58.86 OK
r-devel-linux-x86_64-fedora-gcc 0.1.0 68.28 OK
r-devel-windows-x86_64 0.1.0 4.00 54.00 58.00 OK
r-patched-linux-x86_64 0.1.0 2.47 32.78 35.25 OK
r-release-linux-x86_64 0.1.0 2.41 32.47 34.88 OK
r-release-macos-arm64 0.1.0 32.00 OK
r-release-macos-x86_64 0.1.0 54.00 OK
r-release-windows-x86_64 0.1.0 5.00 54.00 59.00 OK
r-oldrel-macos-arm64 0.1.0 28.00 OK
r-oldrel-macos-x86_64 0.1.0 40.00 OK
r-oldrel-windows-x86_64 0.1.0 5.00 59.00 64.00 OK

Check Details

Version: 0.1.0
Check: HTML version of manual
Result: NOTE Found the following HTML validation problems: update_blanket.html:50:1 (update_blanket.Rd:12): Warning: missing </ul> before </div> Flavor: r-devel-linux-x86_64-debian-gcc