Last updated on 2025-10-21 09:48:30 CEST.
Flavor | Version | Tinstall | Tcheck | Ttotal | Status | Flags |
---|---|---|---|---|---|---|
r-devel-linux-x86_64-debian-clang | 0.1.1 | 2.75 | 71.12 | 73.87 | NOTE | |
r-devel-linux-x86_64-debian-gcc | 0.1.1 | 2.30 | 55.40 | 57.70 | NOTE | |
r-devel-linux-x86_64-fedora-clang | 0.1.1 | 106.98 | OK | |||
r-devel-linux-x86_64-fedora-gcc | 0.1.1 | 116.61 | OK | |||
r-devel-windows-x86_64 | 0.1.1 | 5.00 | 75.00 | 80.00 | OK | |
r-patched-linux-x86_64 | 0.1.1 | 2.97 | 67.52 | 70.49 | OK | |
r-release-linux-x86_64 | 0.1.1 | 2.48 | 68.12 | 70.60 | OK | |
r-release-macos-arm64 | 0.1.1 | 57.00 | OK | |||
r-release-macos-x86_64 | 0.1.1 | 90.00 | OK | |||
r-release-windows-x86_64 | 0.1.1 | 5.00 | 71.00 | 76.00 | OK | |
r-oldrel-macos-arm64 | 0.1.1 | 36.00 | OK | |||
r-oldrel-macos-x86_64 | 0.1.1 | 79.00 | OK | |||
r-oldrel-windows-x86_64 | 0.1.1 | 6.00 | 84.00 | 90.00 | OK |
Version: 0.1.1
Check: CRAN incoming feasibility
Result: NOTE
Maintainer: ‘Wayne Oldford <rwoldford@uwaterloo.ca>’
Found the following (possibly) invalid file URI:
URI: introduction.html
From: inst/doc/IndependenceExploration.html
Flavors: r-devel-linux-x86_64-debian-clang, r-devel-linux-x86_64-debian-gcc
Version: 0.1.1
Check: HTML version of manual
Result: NOTE
Found the following HTML validation problems:
eikos_data.html:58:1 (eikos_data.Rd:16): Warning: missing </ul> before </div>
eikos_legend.html:71:1 (eikos_legend.Rd:23): Warning: missing </ul> before </div>
Flavor: r-devel-linux-x86_64-debian-gcc