Last updated on 2025-10-21 09:48:30 CEST.
Flavor | Version | Tinstall | Tcheck | Ttotal | Status | Flags |
---|---|---|---|---|---|---|
r-devel-linux-x86_64-debian-clang | 3.2023.0 | 4.40 | 66.30 | 70.70 | OK | |
r-devel-linux-x86_64-debian-gcc | 3.2023.1 | 3.08 | 49.61 | 52.69 | NOTE | |
r-devel-linux-x86_64-fedora-clang | 3.2023.1 | 110.54 | NOTE | |||
r-devel-linux-x86_64-fedora-gcc | 3.2023.1 | 132.84 | NOTE | |||
r-devel-windows-x86_64 | 3.2023.0 | 7.00 | 87.00 | 94.00 | OK | |
r-patched-linux-x86_64 | 3.2023.0 | 4.08 | 63.25 | 67.33 | OK | |
r-release-linux-x86_64 | 3.2023.0 | 3.71 | 62.77 | 66.48 | OK | |
r-release-macos-arm64 | 3.2023.1 | 71.00 | OK | |||
r-release-macos-x86_64 | 3.2023.1 | 48.00 | OK | |||
r-release-windows-x86_64 | 3.2023.0 | 9.00 | 89.00 | 98.00 | OK | |
r-oldrel-macos-arm64 | 3.2023.1 | 51.00 | OK | |||
r-oldrel-macos-x86_64 | 3.2023.1 | 56.00 | OK | |||
r-oldrel-windows-x86_64 | 3.2023.0 | 9.00 | 104.00 | 113.00 | OK |
Version: 3.2023.1
Check: HTML version of manual
Result: NOTE
Found the following HTML validation problems:
ebirdst-defunct.html:95:1 (ebirdst-defunct.Rd:68): Warning: missing </ul> before </div>
Flavors: r-devel-linux-x86_64-debian-gcc, r-devel-linux-x86_64-fedora-clang, r-devel-linux-x86_64-fedora-gcc