Last updated on 2025-10-21 09:48:30 CEST.
Flavor | Version | Tinstall | Tcheck | Ttotal | Status | Flags |
---|---|---|---|---|---|---|
r-devel-linux-x86_64-debian-clang | 3.1.6 | 6.53 | 70.68 | 77.21 | OK | |
r-devel-linux-x86_64-debian-gcc | 3.1.6 | 4.24 | 46.95 | 51.19 | NOTE | |
r-devel-linux-x86_64-fedora-clang | 3.1.6 | 113.44 | OK | |||
r-devel-linux-x86_64-fedora-gcc | 3.1.6 | 142.82 | OK | |||
r-devel-windows-x86_64 | 3.1.6 | 7.00 | 132.00 | 139.00 | OK | |
r-patched-linux-x86_64 | 3.1.6 | 6.44 | 65.64 | 72.08 | OK | |
r-release-linux-x86_64 | 3.1.6 | 5.96 | 66.67 | 72.63 | OK | |
r-release-macos-arm64 | 3.1.6 | 164.00 | OK | |||
r-release-macos-x86_64 | 3.1.6 | 211.00 | OK | |||
r-release-windows-x86_64 | 3.1.6 | 8.00 | 129.00 | 137.00 | OK | |
r-oldrel-macos-arm64 | 3.1.6 | 176.00 | OK | |||
r-oldrel-macos-x86_64 | 3.1.6 | 230.00 | OK | |||
r-oldrel-windows-x86_64 | 3.1.6 | 8.00 | 144.00 | 152.00 | OK |
Version: 3.1.6
Check: HTML version of manual
Result: NOTE
Found the following HTML validation problems:
easyPubMed-print.html:47:1 (easyPubMed-print.Rd:10): Warning: missing </ul> before </div>
easyPubMed-show.html:47:1 (easyPubMed-show.Rd:10): Warning: missing </ul> before </div>
fetchEPMData.html:55:1 (fetchEPMData.Rd:17): Warning: missing </ul> before </div>
getEPMData.html:49:1 (getEPMData.Rd:13): Warning: missing </ul> before </div>
getEPMJobList.html:55:1 (getEPMJobList.Rd:13): Warning: missing </ul> before </div>
getEPMMeta.html:49:1 (getEPMMeta.Rd:13): Warning: missing </ul> before </div>
getEPMMisc.html:49:1 (getEPMMisc.Rd:13): Warning: missing </ul> before </div>
getEPMQuery.html:49:1 (getEPMQuery.Rd:13): Warning: missing </ul> before </div>
getEPMRaw.html:49:1 (getEPMRaw.Rd:13): Warning: missing </ul> before </div>
getEPMUilist.html:50:1 (getEPMUilist.Rd:13): Warning: missing </ul> before </div>
parseEPMData.html:56:1 (parseEPMData.Rd:17): Warning: missing </ul> before </div>
setEPMData.html:53:1 (setEPMData.Rd:15): Warning: missing </ul> before </div>
setEPMJobList.html:60:1 (setEPMJobList.Rd:16): Warning: missing </ul> before </div>
setEPMMeta.html:53:1 (setEPMMeta.Rd:15): Warning: missing </ul> before </div>
setEPMMisc.html:54:1 (setEPMMisc.Rd:15): Warning: missing </ul> before </div>
setEPMQuery.html:55:1 (setEPMQuery.Rd:16): Warning: missing </ul> before </div>
setEPMRaw.html:54:1 (setEPMRaw.Rd:15): Warning: missing </ul> before </div>
setEPMUilist.html:54:1 (setEPMUilist.Rd:15): Warning: missing </ul> before </div>
Flavor: r-devel-linux-x86_64-debian-gcc