Last updated on 2025-10-21 09:48:30 CEST.
Flavor | Version | Tinstall | Tcheck | Ttotal | Status | Flags |
---|---|---|---|---|---|---|
r-devel-linux-x86_64-debian-clang | 0.8.5 | 16.05 | 88.50 | 104.55 | OK | |
r-devel-linux-x86_64-debian-gcc | 0.8.5 | 9.29 | 60.03 | 69.32 | NOTE | |
r-devel-linux-x86_64-fedora-clang | 0.8.5 | 165.07 | OK | |||
r-devel-linux-x86_64-fedora-gcc | 0.8.5 | 149.36 | OK | |||
r-devel-windows-x86_64 | 0.8.5 | 19.00 | 91.00 | 110.00 | OK | |
r-patched-linux-x86_64 | 0.8.5 | 13.97 | 82.47 | 96.44 | OK | |
r-release-linux-x86_64 | 0.8.5 | 13.21 | 82.27 | 95.48 | OK | |
r-release-macos-arm64 | 0.8.5 | 62.00 | OK | |||
r-release-macos-x86_64 | 0.8.5 | 91.00 | OK | |||
r-release-windows-x86_64 | 0.8.5 | 22.00 | 93.00 | 115.00 | OK | |
r-oldrel-macos-arm64 | 0.8.5 | 60.00 | OK | |||
r-oldrel-macos-x86_64 | 0.8.5 | 136.00 | OK | |||
r-oldrel-windows-x86_64 | 0.8.5 | 22.00 | 114.00 | 136.00 | OK |
Version: 0.8.5
Check: HTML version of manual
Result: NOTE
Found the following HTML validation problems:
eCerto_R6Class.html:174:1 (eCerto_R6Class.Rd:133): Warning: <h5> anchor "Usage" already defined
eCerto_R6Class.html:180:1 (eCerto_R6Class.Rd:137): Warning: <h5> anchor "Arguments" already defined
eCerto_R6Class.html:193:1 (eCerto_R6Class.Rd:144): Warning: <h5> anchor "Returns" already defined
eCerto_R6Class.html:210:1 (eCerto_R6Class.Rd:153): Warning: <h5> anchor "Usage" already defined
eCerto_R6Class.html:216:1 (eCerto_R6Class.Rd:157): Warning: <h5> anchor "Arguments" already defined
eCerto_R6Class.html:231:1 (eCerto_R6Class.Rd:166): Warning: <h5> anchor "Returns" already defined
eCerto_R6Class.html:248:1 (eCerto_R6Class.Rd:175): Warning: <h5> anchor "Usage" already defined
eCerto_R6Class.html:254:1 (eCerto_R6Class.Rd:179): Warning: <h5> anchor "Arguments" already defined
eCerto_R6Class.html:271:1 (eCerto_R6Class.Rd:190): Warning: <h5> anchor "Returns" already defined
eCerto_R6Class.html:288:1 (eCerto_R6Class.Rd:199): Warning: <h5> anchor "Usage" already defined
eCerto_R6Class.html:294:1 (eCerto_R6Class.Rd:203): Warning: <h5> anchor "Arguments" already defined
eCerto_R6Class.html:307:1 (eCerto_R6Class.Rd:210): Warning: <h5> anchor "Returns" already defined
eCerto_R6Class.html:324:1 (eCerto_R6Class.Rd:219): Warning: <h5> anchor "Usage" already defined
eCerto_R6Class.html:330:1 (eCerto_R6Class.Rd:223): Warning: <h5> anchor "Returns" already defined
eCerto_R6Class.html:347:1 (eCerto_R6Class.Rd:232): Warning: <h5> anchor "Usage" already defined
eCerto_R6Class.html:353:1 (eCerto_R6Class.Rd:236): Warning: <h5> anchor "Returns" already defined
eCerto_R6Class.html:370:1 (eCerto_R6Class.Rd:245): Warning: <h5> anchor "Usage" already defined
eCerto_R6Class.html:378:1 (eCerto_R6Class.Rd:251): Warning: <h5> anchor "Arguments" already defined
eCerto_R6Class.html:391:1 (eCerto_R6Class.Rd:258): Warning: <h5> anchor "Returns" already defined
eCerto_R6Class.html:408:1 (eCerto_R6Class.Rd:267): Warning: <h5> anchor "Usage" already defined
eCerto_R6Class.html:414:1 (eCerto_R6Class.Rd:271): Warning: <h5> anchor "Returns" already defined
eCerto_R6Class.html:431:1 (eCerto_R6Class.Rd:280): Warning: <h5> anchor "Usage" already defined
eCerto_R6Class.html:437:1 (eCerto_R6Class.Rd:284): Warning: <h5> anchor "Arguments" already defined
eCerto_R6Class.html:450:1 (eCerto_R6Class.Rd:291): Warning: <h5> anchor "Returns" already defined
eCerto_R6Class.html:467:1 (eCerto_R6Class.Rd:300): Warning: <h5> anchor "Usage" already defined
eCerto_R6Class.html:473:1 (eCerto_R6Class.Rd:304): Warning: <h5> anchor "Arguments" already defined
run_app.html:81:1 (run_app.Rd:37): Warning: missing </ul> before </div>
Flavor: r-devel-linux-x86_64-debian-gcc