Last updated on 2025-02-21 09:50:43 CET.
Flavor | Version | Tinstall | Tcheck | Ttotal | Status | Flags |
---|---|---|---|---|---|---|
r-devel-linux-x86_64-debian-clang | 0.1.2 | 3.89 | 25.42 | 29.31 | OK | |
r-devel-linux-x86_64-debian-gcc | 0.1.2 | 3.69 | 19.50 | 23.19 | OK | |
r-devel-linux-x86_64-fedora-clang | 0.1.2 | 49.74 | OK | |||
r-devel-linux-x86_64-fedora-gcc | 0.1.2 | 49.58 | OK | |||
r-devel-macos-arm64 | 0.1.2 | 21.00 | OK | |||
r-devel-macos-x86_64 | 0.1.2 | 54.00 | OK | |||
r-devel-windows-x86_64 | 0.1.2 | 9.00 | 60.00 | 69.00 | OK | |
r-patched-linux-x86_64 | 0.1.2 | 4.10 | 23.90 | 28.00 | NOTE | |
r-release-linux-x86_64 | 0.1.2 | 4.37 | 23.76 | 28.13 | NOTE | |
r-release-macos-arm64 | 0.1.2 | 19.00 | NOTE | |||
r-release-macos-x86_64 | 0.1.2 | 28.00 | NOTE | |||
r-release-windows-x86_64 | 0.1.2 | 10.00 | 52.00 | 62.00 | OK | |
r-oldrel-macos-arm64 | 0.1.2 | 21.00 | NOTE | |||
r-oldrel-macos-x86_64 | 0.1.2 | 28.00 | NOTE | |||
r-oldrel-windows-x86_64 | 0.1.2 | 8.00 | 65.00 | 73.00 | NOTE |
Version: 0.1.2
Check: package dependencies
Result: NOTE
Package suggested but not available for checking: ‘INLA’
Flavors: r-patched-linux-x86_64, r-release-linux-x86_64, r-release-macos-arm64, r-release-macos-x86_64, r-oldrel-macos-arm64, r-oldrel-macos-x86_64, r-oldrel-windows-x86_64