Last updated on 2025-10-21 09:48:30 CEST.
Flavor | Version | Tinstall | Tcheck | Ttotal | Status | Flags |
---|---|---|---|---|---|---|
r-devel-linux-x86_64-debian-clang | 0.4.4 | 8.19 | 77.14 | 85.33 | OK | |
r-devel-linux-x86_64-debian-gcc | 0.4.4 | 6.00 | 52.76 | 58.76 | NOTE | |
r-devel-linux-x86_64-fedora-clang | 0.4.4 | 138.95 | OK | |||
r-devel-linux-x86_64-fedora-gcc | 0.4.4 | 122.71 | OK | |||
r-devel-windows-x86_64 | 0.4.4 | 9.00 | 81.00 | 90.00 | OK | |
r-patched-linux-x86_64 | 0.4.4 | 7.71 | 69.58 | 77.29 | OK | |
r-release-linux-x86_64 | 0.4.4 | 7.96 | 70.85 | 78.81 | OK | |
r-release-macos-arm64 | 0.4.4 | 31.00 | OK | |||
r-release-macos-x86_64 | 0.4.4 | 57.00 | OK | |||
r-release-windows-x86_64 | 0.4.4 | 10.00 | 80.00 | 90.00 | OK | |
r-oldrel-macos-arm64 | 0.4.4 | 32.00 | OK | |||
r-oldrel-macos-x86_64 | 0.4.4 | 59.00 | OK | |||
r-oldrel-windows-x86_64 | 0.4.4 | 12.00 | 103.00 | 115.00 | OK |
Version: 0.4.4
Check: HTML version of manual
Result: NOTE
Found the following HTML validation problems:
delete_space.html:46:1 (delete_space.Rd:10): Warning: missing </ul> before </div>
hgt_to_dpt.html:46:1 (hgt_to_dpt.Rd:10): Warning: missing </ul> before </div>
run_iteration.html:53:1 (run_iteration.Rd:14): Warning: missing </ul> before </div>
Flavor: r-devel-linux-x86_64-debian-gcc