Last updated on 2025-10-21 09:48:30 CEST.
Flavor | Version | Tinstall | Tcheck | Ttotal | Status | Flags |
---|---|---|---|---|---|---|
r-devel-linux-x86_64-debian-clang | 6.0.0 | 125.71 | 395.13 | 520.84 | NOTE | |
r-devel-linux-x86_64-debian-gcc | 6.0.0 | 83.18 | 275.11 | 358.29 | NOTE | |
r-devel-linux-x86_64-fedora-clang | 6.0.0 | 884.31 | OK | |||
r-devel-linux-x86_64-fedora-gcc | 6.0.0 | 842.38 | OK | |||
r-devel-windows-x86_64 | 6.0.0 | 162.00 | 354.00 | 516.00 | OK | |
r-patched-linux-x86_64 | 6.0.0 | 119.48 | 379.65 | 499.13 | OK | |
r-release-linux-x86_64 | 6.0.0 | 122.07 | 378.58 | 500.65 | OK | |
r-release-macos-arm64 | 6.0.0 | 194.00 | OK | |||
r-release-macos-x86_64 | 6.0.0 | 451.00 | OK | |||
r-release-windows-x86_64 | 6.0.0 | 169.00 | 355.00 | 524.00 | OK | |
r-oldrel-macos-arm64 | 6.0.0 | 118.00 | NOTE | |||
r-oldrel-macos-x86_64 | 6.0.0 | 181.00 | NOTE | |||
r-oldrel-windows-x86_64 | 6.0.0 | 195.00 | 452.00 | 647.00 | NOTE |
Version: 6.0.0
Check: CRAN incoming feasibility
Result: NOTE
Maintainer: ‘Alexis Sarda <alexis.sarda@gmail.com>’
No Authors@R field in DESCRIPTION.
Please add one, modifying
Authors@R: c(person(given = "Alexis",
family = "Sarda-Espinosa",
role = "aut"),
person(given = "Alexis",
family = "Sarda",
role = "cre",
email = "alexis.sarda@gmail.com"))
as necessary.
Flavors: r-devel-linux-x86_64-debian-clang, r-devel-linux-x86_64-debian-gcc
Version: 6.0.0
Check: HTML version of manual
Result: NOTE
Found the following HTML validation problems:
DistmatLowerTriangular-generics.html:66:1 (DistmatLowerTriangular-generics.Rd:24): Warning: missing </ul> before </div>
explore__plot.html:54:1 (explore__plot.Rd:14): Warning: missing </ul> before </div>
parse_input.html:50:1 (parse_input.Rd:12): Warning: missing </ul> before </div>
Flavor: r-devel-linux-x86_64-debian-gcc
Version: 6.0.0
Check: installed package size
Result: NOTE
installed size is 9.2Mb
sub-directories of 1Mb or more:
doc 2.1Mb
libs 5.6Mb
Flavors: r-oldrel-macos-arm64, r-oldrel-macos-x86_64
Version: 6.0.0
Check: for GNU extensions in Makefiles
Result: NOTE
GNU make is a SystemRequirements.
Flavors: r-oldrel-macos-arm64, r-oldrel-macos-x86_64, r-oldrel-windows-x86_64