Last updated on 2025-10-21 09:48:30 CEST.
Flavor | Version | Tinstall | Tcheck | Ttotal | Status | Flags |
---|---|---|---|---|---|---|
r-devel-linux-x86_64-debian-clang | 2.3.4 | 12.79 | 118.31 | 131.10 | OK | |
r-devel-linux-x86_64-debian-gcc | 2.3.4 | 8.37 | 83.56 | 91.93 | NOTE | |
r-devel-linux-x86_64-fedora-clang | 2.3.4 | 201.82 | OK | |||
r-devel-linux-x86_64-fedora-gcc | 2.3.4 | 182.85 | OK | |||
r-devel-windows-x86_64 | 2.3.4 | 15.00 | 120.00 | 135.00 | OK | |
r-patched-linux-x86_64 | 2.3.4 | 11.18 | 108.44 | 119.62 | OK | |
r-release-linux-x86_64 | 2.3.4 | 11.32 | 108.39 | 119.71 | OK | |
r-release-macos-arm64 | 2.3.4 | 53.00 | OK | |||
r-release-macos-x86_64 | 2.3.4 | 119.00 | OK | |||
r-release-windows-x86_64 | 2.3.4 | 15.00 | 121.00 | 136.00 | OK | |
r-oldrel-macos-arm64 | 2.3.4 | 54.00 | OK | |||
r-oldrel-macos-x86_64 | 2.3.4 | 149.00 | OK | |||
r-oldrel-windows-x86_64 | 2.3.4 | 19.00 | 158.00 | 177.00 | OK |
Version: 2.3.4
Check: HTML version of manual
Result: NOTE
Found the following HTML validation problems:
dsm.cor.html:96:1 (dsm.cor.Rd:44): Warning: missing </ul> before </div>
dsm.var.gam.html:76:1 (dsm.var.gam.Rd:32): Warning: missing </ul> before </div>
dsm.var.movblk.html:104:1 (dsm.var.movblk.Rd:50): Warning: missing </ul> before </div>
dsm.var.prop.html:76:1 (dsm.var.prop.Rd:32): Warning: missing </ul> before </div>
rqgam.check.html:51:1 (rqgam.check.Rd:13): Warning: missing </ul> before </div>
vis.concurvity.html:50:1 (vis.concurvity.Rd:12): Warning: missing </ul> before </div>
Flavor: r-devel-linux-x86_64-debian-gcc