Last updated on 2025-10-21 09:48:30 CEST.
Flavor | Version | Tinstall | Tcheck | Ttotal | Status | Flags |
---|---|---|---|---|---|---|
r-devel-linux-x86_64-debian-clang | 0.0.4 | 13.91 | 119.83 | 133.74 | OK | |
r-devel-linux-x86_64-debian-gcc | 0.0.4 | 8.62 | 84.92 | 93.54 | NOTE | |
r-devel-linux-x86_64-fedora-clang | 0.0.4 | 202.17 | OK | |||
r-devel-linux-x86_64-fedora-gcc | 0.0.4 | 197.37 | OK | |||
r-devel-windows-x86_64 | 0.0.4 | 15.00 | 123.00 | 138.00 | OK | |
< r-patched-linux-x86_64 | 0.0.4 | 12.60 | 110.26 | 122.86 | OK | |
r-release-linux-x86_64 | 0.0.4 | 10.66 | 109.75 | 120.41 | OK | |
r-release-macos-arm64 | 0.0.4 | 67.00 | OK | |||
r-release-macos-x86_64 | 0.0.4 | 122.00 | OK | |||
r-release-windows-x86_64 | 0.0.4 | 14.00 | 127.00 | 141.00 | OK | |
r-oldrel-macos-arm64 | 0.0.4 | 64.00 | OK | |||
r-oldrel-macos-x86_64 | 0.0.4 | 92.00 | OK | |||
r-oldrel-windows-x86_64 | 0.0.4 | 18.00 | 161.00 | 179.00 | OK |
Version: 0.0.4
Check: HTML version of manual
Result: NOTE
Found the following HTML validation problems:
get_mode.html:50:1 (get_mode.Rd:12): Warning: missing </ul> before </div>
Flavor: r-devel-linux-x86_64-debian-gcc