Last updated on 2025-10-21 09:48:30 CEST.
Flavor | Version | Tinstall | Tcheck | Ttotal | Status | Flags |
---|---|---|---|---|---|---|
r-devel-linux-x86_64-debian-clang | 1.0.2 | 30.57 | 379.93 | 410.50 | OK | |
r-devel-linux-x86_64-debian-gcc | 1.0.2 | 19.47 | 230.07 | 249.54 | NOTE | |
r-devel-linux-x86_64-fedora-clang | 1.0.2 | 678.78 | OK | |||
r-devel-linux-x86_64-fedora-gcc | 1.0.2 | 619.73 | OK | |||
r-devel-windows-x86_64 | 1.0.2 | 28.00 | 422.00 | 450.00 | OK | |
r-patched-linux-x86_64 | 1.0.2 | 30.61 | 355.16 | 385.77 | OK | |
r-release-linux-x86_64 | 1.0.2 | 25.96 | 354.29 | 380.25 | OK | |
r-release-macos-arm64 | 1.0.2 | 266.00 | OK | |||
r-release-macos-x86_64 | 1.0.2 | 582.00 | OK | |||
r-release-windows-x86_64 | 1.0.2 | 30.00 | 421.00 | 451.00 | OK | |
r-oldrel-macos-arm64 | 1.0.2 | 209.00 | OK | |||
r-oldrel-macos-x86_64 | 1.0.2 | 561.00 | OK | |||
r-oldrel-windows-x86_64 | 1.0.2 | 42.00 | 610.00 | 652.00 | OK |
Version: 1.0.2
Check: HTML version of manual
Result: NOTE
Found the following HTML validation problems:
optimal_bias_generic.html:84:1 (optimal_bias_generic.Rd:36): Warning: missing </ul> before </div>
optimal_binary_generic.html:205:1 (optimal_binary_generic.Rd:111): Warning: missing </ul> before </div>
optimal_generic.html:86:1 (optimal_generic.Rd:30): Warning: missing </ul> before </div>
optimal_multiarm_generic.html:128:1 (optimal_multiarm_generic.Rd:60): Warning: missing </ul> before </div>
optimal_normal_generic.html:209:1 (optimal_normal_generic.Rd:113): Warning: missing </ul> before </div>
optimal_tte_generic.html:200:1 (optimal_tte_generic.Rd:104): Warning: missing </ul> before </div>
Flavor: r-devel-linux-x86_64-debian-gcc