Last updated on 2025-10-21 09:48:30 CEST.
Flavor | Version | Tinstall | Tcheck | Ttotal | Status | Flags |
---|---|---|---|---|---|---|
r-devel-linux-x86_64-debian-clang | 1.1.2 | 12.30 | 307.31 | 319.61 | OK | |
r-devel-linux-x86_64-debian-gcc | 1.1.2 | 7.91 | 194.06 | 201.97 | NOTE | |
r-devel-linux-x86_64-fedora-clang | 1.1.2 | 517.84 | OK | |||
r-devel-linux-x86_64-fedora-gcc | 1.1.2 | 492.79 | OK | |||
r-devel-windows-x86_64 | 1.1.2 | 13.00 | 264.00 | 277.00 | OK | |
r-patched-linux-x86_64 | 1.1.2 | 11.77 | 293.77 | 305.54 | OK | |
r-release-linux-x86_64 | 1.1.2 | 10.97 | 298.08 | 309.05 | OK | |
r-release-macos-arm64 | 1.1.2 | 119.00 | OK | |||
r-release-macos-x86_64 | 1.1.2 | 247.00 | OK | |||
r-release-windows-x86_64 | 1.1.2 | 14.00 | 265.00 | 279.00 | OK | |
r-oldrel-macos-arm64 | 1.1.2 | 107.00 | OK | |||
r-oldrel-macos-x86_64 | 1.1.2 | 205.00 | OK | |||
r-oldrel-windows-x86_64 | 1.1.2 | 18.00 | 379.00 | 397.00 | OK |
Version: 1.1.2
Check: HTML version of manual
Result: NOTE
Found the following HTML validation problems:
average_est_cov_list.html:48:1 (average_est_cov_list.Rd:11): Warning: missing </ul> before </div>
average_ic_list.html:48:1 (average_ic_list.Rd:11): Warning: missing </ul> before </div>
ci.html:46:1 (ci.Rd:10): Warning: missing </ul> before </div>
estimateG.html:134:1 (estimateG.Rd:68): Warning: missing </ul> before </div>
estimateG_loop.html:138:1 (estimateG_loop.Rd:70): Warning: missing </ul> before </div>
estimateQ.html:127:1 (estimateQ.Rd:61): Warning: missing </ul> before </div>
estimateQ_loop.html:130:1 (estimateQ_loop.Rd:63): Warning: missing </ul> before </div>
estimateQrn.html:108:1 (estimateQrn.Rd:47): Warning: missing </ul> before </div>
estimateQrn_loop.html:111:1 (estimateQrn_loop.Rd:49): Warning: missing </ul> before </div>
estimategrn.html:111:1 (estimategrn.Rd:48): Warning: missing </ul> before </div>
estimategrn_loop.html:114:1 (estimategrn_loop.Rd:50): Warning: missing </ul> before </div>
eval_Diptw.html:73:1 (eval_Diptw.Rd:25): Warning: missing </ul> before </div>
eval_Diptw_g.html:70:1 (eval_Diptw_g.Rd:24): Warning: missing </ul> before </div>
eval_Dstar.html:77:1 (eval_Dstar.Rd:27): Warning: missing </ul> before </div>
eval_Dstar_Q.html:85:1 (eval_Dstar_Q.Rd:32): Warning: missing </ul> before </div>
eval_Dstar_g.html:72:1 (eval_Dstar_g.Rd:25): Warning: missing </ul> before </div>
extract_models.html:46:1 (extract_models.Rd:10): Warning: missing </ul> before </div>
fluctuateG.html:89:1 (fluctuateG.Rd:33): Warning: missing </ul> before </div>
fluctuateQ.html:95:1 (fluctuateQ.Rd:37): Warning: missing </ul> before </div>
fluctuateQ1.html:82:1 (fluctuateQ1.Rd:29): Warning: missing </ul> before </div>
fluctuateQ2.html:95:1 (fluctuateQ2.Rd:37): Warning: missing </ul> before </div>
make_validRows.html:54:1 (make_validRows.Rd:14): Warning: missing </ul> before </div>
partial_cv_preds.html:74:1 (partial_cv_preds.Rd:27): Warning: missing </ul> before </div>
print.adaptive_iptw.html:51:1 (print.adaptive_iptw.Rd:12): Warning: missing </ul> before </div>
print.ci.adaptive_iptw.html:55:1 (print.ci.adaptive_iptw.Rd:14): Warning: missing </ul> before </div>
print.ci.drtmle.html:55:1 (print.ci.drtmle.Rd:14): Warning: missing </ul> before </div>
print.drtmle.html:51:1 (print.drtmle.Rd:12): Warning: missing </ul> before </div>
print.wald_test.adaptive_iptw.html:55:1 (print.wald_test.adaptive_iptw.Rd:14): Warning: missing </ul> before </div>
print.wald_test.drtmle.html:55:1 (print.wald_test.drtmle.Rd:14): Warning: missing </ul> before </div>
reorder_list.html:74:1 (reorder_list.Rd:26): Warning: missing </ul> before </div>
wald_test.html:46:1 (wald_test.Rd:10): Warning: missing </ul> before </div>
Flavor: r-devel-linux-x86_64-debian-gcc