Last updated on 2025-10-21 09:48:29 CEST.
Flavor | Version | Tinstall | Tcheck | Ttotal | Status | Flags |
---|---|---|---|---|---|---|
r-devel-linux-x86_64-debian-clang | 0.2.5 | 5.04 | 43.82 | 48.86 | OK | |
r-devel-linux-x86_64-debian-gcc | 0.2.5 | 3.11 | 34.02 | 37.13 | NOTE | |
r-devel-linux-x86_64-fedora-clang | 0.2.5 | 76.88 | OK | |||
r-devel-linux-x86_64-fedora-gcc | 0.2.5 | 84.60 | OK | |||
r-devel-windows-x86_64 | 0.2.5 | 8.00 | 68.00 | 76.00 | OK | |
r-patched-linux-x86_64 | 0.2.5 | 4.98 | 138.40 | 143.38 | OK | |
r-release-linux-x86_64 | 0.2.5 | 4.10 | 135.97 | 140.07 | OK | |
r-release-macos-arm64 | 0.2.5 | 105.00 | OK | |||
r-release-macos-x86_64 | 0.2.5 | 248.00 | OK | |||
r-release-windows-x86_64 | 0.2.5 | 9.00 | 227.00 | 236.00 | OK | |
r-oldrel-macos-arm64 | 0.2.5 | 114.00 | OK | |||
r-oldrel-macos-x86_64 | 0.2.5 | 243.00 | OK | |||
r-oldrel-windows-x86_64 | 0.2.5 | 10.00 | 282.00 | 292.00 | OK |
Version: 0.2.5
Check: HTML version of manual
Result: NOTE
Found the following HTML validation problems:
Dockerfile.html:178:1 (Dockerfile.Rd:79): Warning: <h5> anchor "Usage" already defined
Dockerfile.html:184:1 (Dockerfile.Rd:83): Warning: <h5> anchor "Arguments" already defined
Dockerfile.html:197:1 (Dockerfile.Rd:90): Warning: <h5> anchor "Returns" already defined
Dockerfile.html:214:1 (Dockerfile.Rd:99): Warning: <h5> anchor "Usage" already defined
Dockerfile.html:220:1 (Dockerfile.Rd:103): Warning: <h5> anchor "Arguments" already defined
Dockerfile.html:237:1 (Dockerfile.Rd:114): Warning: <h5> anchor "Returns" already defined
Dockerfile.html:254:1 (Dockerfile.Rd:123): Warning: <h5> anchor "Usage" already defined
Dockerfile.html:260:1 (Dockerfile.Rd:127): Warning: <h5> anchor "Arguments" already defined
Dockerfile.html:279:1 (Dockerfile.Rd:140): Warning: <h5> anchor "Returns" already defined
Dockerfile.html:296:1 (Dockerfile.Rd:149): Warning: <h5> anchor "Usage" already defined
Dockerfile.html:302:1 (Dockerfile.Rd:153): Warning: <h5> anchor "Arguments" already defined
Dockerfile.html:315:1 (Dockerfile.Rd:160): Warning: <h5> anchor "Returns" already defined
Dockerfile.html:332:1 (Dockerfile.Rd:169): Warning: <h5> anchor "Usage" already defined
Dockerfile.html:338:1 (Dockerfile.Rd:173): Warning: <h5> anchor "Arguments" already defined
Dockerfile.html:351:1 (Dockerfile.Rd:180): Warning: <h5> anchor "Returns" already defined
Dockerfile.html:368:1 (Dockerfile.Rd:189): Warning: <h5> anchor "Usage" already defined
Dockerfile.html:374:1 (Dockerfile.Rd:193): Warning: <h5> anchor "Arguments" already defined
Dockerfile.html:387:1 (Dockerfile.Rd:200): Warning: <h5> anchor "Returns" already defined
Dockerfile.html:404:1 (Dockerfile.Rd:209): Warning: <h5> anchor "Usage" already defined
Dockerfile.html:410:1 (Dockerfile.Rd:213): Warning: <h5> anchor "Arguments" already defined
Dockerfile.html:423:1 (Dockerfile.Rd:220): Warning: <h5> anchor "Returns" already defined
Dockerfile.html:440:1 (Dockerfile.Rd:229): Warning: <h5> anchor "Usage" already defined
Dockerfile.html:446:1 (Dockerfile.Rd:233): Warning: <h5> anchor "Arguments" already defined
Dockerfile.html:459:1 (Dockerfile.Rd:240): Warning: <h5> anchor "Returns" already defined
Dockerfile.html:476:1 (Dockerfile.Rd:249): Warning: <h5> anchor "Usage" already defined
Dockerfile.html:482:1 (Dockerfile.Rd:253): Warning: <h5> anchor "Arguments" already defined
Dockerfile.html:495:1 (Dockerfile.Rd:260): Warning: <h5> anchor "Returns" already defined
Dockerfile.html:512:1 (Dockerfile.Rd:269): Warning: <h5> anchor "Usage" already defined
Dockerfile.html:518:1 (Dockerfile.Rd:273): Warning: <h5> anchor "Arguments" already defined
Dockerfile.html:531:1 (Dockerfile.Rd:280): Warning: <h5> anchor "Returns" already defined
Dockerfile.html:548:1 (Dockerfile.Rd:289): Warning: <h5> anchor "Usage" already defined
Dockerfile.html:554:1 (Dockerfile.Rd:293): Warning: <h5> anchor "Arguments" already defined
Dockerfile.html:567:1 (Dockerfile.Rd:300): Warning: <h5> anchor "Returns" already defined
Dockerfile.html:584:1 (Dockerfile.Rd:309): Warning: <h5> anchor "Usage" already defined
Dockerfile.html:590:1 (Dockerfile.Rd:313): Warning: <h5> anchor "Arguments" already defined
Dockerfile.html:605:1 (Dockerfile.Rd:322): Warning: <h5> anchor "Returns" already defined
Dockerfile.html:622:1 (Dockerfile.Rd:331): Warning: <h5> anchor "Usage" already defined
Dockerfile.html:628:1 (Dockerfile.Rd:335): Warning: <h5> anchor "Arguments" already defined
Dockerfile.html:641:1 (Dockerfile.Rd:342): Warning: <h5> anchor "Returns" already defined
Dockerfile.html:658:1 (Dockerfile.Rd:351): Warning: <h5> anchor "Usage" already defined
Dockerfile.html:664:1 (Dockerfile.Rd:355): Warning: <h5> anchor "Arguments" already defined
Dockerfile.html:677:1 (Dockerfile.Rd:362): Warning: <h5> anchor "Returns" already defined
Dockerfile.html:694:1 (Dockerfile.Rd:371): Warning: <h5> anchor "Usage" already defined
Dockerfile.html:700:1 (Dockerfile.Rd:375): Warning: <h5> anchor "Arguments" already defined
Dockerfile.html:713:1 (Dockerfile.Rd:382): Warning: <h5> anchor "Returns" already defined
Dockerfile.html:730:1 (Dockerfile.Rd:391): Warning: <h5> anchor "Usage" already defined
Dockerfile.html:736:1 (Dockerfile.Rd:395): Warning: <h5> anchor "Arguments" already defined
Dockerfile.html:749:1 (Dockerfile.Rd:402): Warning: <h5> anchor "Returns" already defined
Dockerfile.html:766:1 (Dockerfile.Rd:411): Warning: <h5> anchor "Usage" already defined
Dockerfile.html:772:1 (Dockerfile.Rd:415): Warning: <h5> anchor "Arguments" already defined
Dockerfile.html:785:1 (Dockerfile.Rd:422): Warning: <h5> anchor "Returns" already defined
Dockerfile.html:802:1 (Dockerfile.Rd:431): Warning: <h5> anchor "Usage" already defined
Dockerfile.html:808:1 (Dockerfile.Rd:435): Warning: <h5> anchor "Arguments" already defined
Dockerfile.html:821:1 (Dockerfile.Rd:442): Warning: <h5> anchor "Returns" already defined
Dockerfile.html:838:1 (Dockerfile.Rd:451): Warning: <h5> anchor "Usage" already defined
Dockerfile.html:844:1 (Dockerfile.Rd:455): Warning: <h5> anchor "Arguments" already defined
Dockerfile.html:857:1 (Dockerfile.Rd:462): Warning: <h5> anchor "Returns" already defined
Dockerfile.html:874:1 (Dockerfile.Rd:471): Warning: <h5> anchor "Usage" already defined
Dockerfile.html:880:1 (Dockerfile.Rd:475): Warning: <h5> anchor "Returns" already defined
Dockerfile.html:897:1 (Dockerfile.Rd:484): Warning: <h5> anchor "Usage" already defined
Dockerfile.html:903:1 (Dockerfile.Rd:488): Warning: <h5> anchor "Arguments" already defined
Dockerfile.html:918:1 (Dockerfile.Rd:497): Warning: <h5> anchor "Returns" already defined
Dockerfile.html:935:1 (Dockerfile.Rd:506): Warning: <h5> anchor "Usage" already defined
Dockerfile.html:941:1 (Dockerfile.Rd:510): Warning: <h5> anchor "Arguments" already defined
Dockerfile.html:954:1 (Dockerfile.Rd:517): Warning: <h5> anchor "Returns" already defined
Dockerfile.html:971:1 (Dockerfile.Rd:526): Warning: <h5> anchor "Usage" already defined
Dockerfile.html:977:1 (Dockerfile.Rd:530): Warning: <h5> anchor "Arguments" already defined
Dockerfile.html:990:1 (Dockerfile.Rd:537): Warning: <h5> anchor "Returns" already defined
Dockerfile.html:1007:1 (Dockerfile.Rd:546): Warning: <h5> anchor "Usage" already defined
Dockerfile.html:1013:1 (Dockerfile.Rd:550): Warning: <h5> anchor "Arguments" already defined
Dockerfile.html:1028:1 (Dockerfile.Rd:559): Warning: <h5> anchor "Returns" already defined
Dockerfile.html:1045:1 (Dockerfile.Rd:568): Warning: <h5> anchor "Usage" already defined
Dockerfile.html:1051:1 (Dockerfile.Rd:572): Warning: <h5> anchor "Arguments" already defined
Flavor: r-devel-linux-x86_64-debian-gcc