Last updated on 2025-10-21 09:48:29 CEST.
Flavor | Version | Tinstall | Tcheck | Ttotal | Status | Flags |
---|---|---|---|---|---|---|
r-devel-linux-x86_64-debian-clang | 0.1.3 | 2.36 | 72.84 | 75.20 | OK | |
r-devel-linux-x86_64-debian-gcc | 0.1.3 | 1.93 | 51.36 | 53.29 | NOTE | |
r-devel-linux-x86_64-fedora-clang | 0.1.3 | 116.61 | OK | |||
r-devel-linux-x86_64-fedora-gcc | 0.1.3 | 120.99 | OK | |||
r-devel-windows-x86_64 | 0.1.3 | 5.00 | 94.00 | 99.00 | OK | |
r-patched-linux-x86_64 | 0.1.3 | 2.49 | 67.24 | 69.73 | OK | |
r-release-linux-x86_64 | 0.1.3 | 1.79 | 66.82 | 68.61 | OK | |
r-release-macos-arm64 | 0.1.3 | 53.00 | OK | |||
r-release-macos-x86_64 | 0.1.3 | 86.00 | OK | |||
r-release-windows-x86_64 | 0.1.3 | 4.00 | 96.00 | 100.00 | OK | |
r-oldrel-macos-arm64 | 0.1.3 | 42.00 | NOTE | |||
r-oldrel-macos-x86_64 | 0.1.3 | 62.00 | NOTE | |||
r-oldrel-windows-x86_64 | 0.1.3 | 6.00 | 113.00 | 119.00 | NOTE |
Version: 0.1.3
Check: HTML version of manual
Result: NOTE
Found the following HTML validation problems:
attach_file_to_node.html:64:1 (attach_file_to_node.Rd:20): Warning: missing </ul> before </div>
err_handler.html:46:1 (err_handler.Rd:10): Warning: missing </ul> before </div>
filters_to_text_query.html:50:1 (filters_to_text_query.Rd:12): Warning: missing </ul> before </div>
is.dkan_list.html:56:1 (is.dkan_list.Rd:20): Warning: missing </ul> before </div>
is.dkan_node.html:62:1 (is.dkan_node.Rd:26): Warning: missing </ul> before </div>
Flavor: r-devel-linux-x86_64-debian-gcc
Version: 0.1.3
Check: LazyData
Result: NOTE
'LazyData' is specified without a 'data' directory
Flavors: r-oldrel-macos-arm64, r-oldrel-macos-x86_64, r-oldrel-windows-x86_64