Last updated on 2025-10-21 09:48:29 CEST.
Flavor | Version | Tinstall | Tcheck | Ttotal | Status | Flags |
---|---|---|---|---|---|---|
r-devel-linux-x86_64-debian-clang | 1.7.4 | 18.26 | 77.22 | 95.48 | NOTE | |
r-devel-linux-x86_64-debian-gcc | 1.7.4 | 14.15 | 55.77 | 69.92 | NOTE | |
r-devel-linux-x86_64-fedora-clang | 1.7.4 | 161.37 | NOTE | |||
r-devel-linux-x86_64-fedora-gcc | 1.7.4 | 166.58 | NOTE | |||
r-devel-windows-x86_64 | 1.7.4 | 26.00 | 107.00 | 133.00 | NOTE | |
r-patched-linux-x86_64 | 1.7.4 | 20.87 | 73.96 | 94.83 | NOTE | |
r-release-linux-x86_64 | 1.7.4 | 20.65 | 74.02 | 94.67 | NOTE | |
r-release-macos-arm64 | 1.7.4 | 56.00 | NOTE | |||
r-release-macos-x86_64 | 1.7.4 | 89.00 | NOTE | |||
r-release-windows-x86_64 | 1.7.4 | 24.00 | 111.00 | 135.00 | NOTE | |
r-oldrel-macos-arm64 | 1.7.4 | 52.00 | NOTE | |||
r-oldrel-macos-x86_64 | 1.7.4 | 70.00 | NOTE | |||
r-oldrel-windows-x86_64 | 1.7.4 | 24.00 | 132.00 | 156.00 | NOTE |
Version: 1.7.4
Check: C++ specification
Result: NOTE
Specified C++11: please drop specification unless essential
Flavors: r-devel-linux-x86_64-debian-clang, r-devel-linux-x86_64-debian-gcc, r-devel-linux-x86_64-fedora-clang, r-devel-linux-x86_64-fedora-gcc, r-devel-windows-x86_64, r-patched-linux-x86_64, r-release-linux-x86_64, r-release-macos-arm64, r-release-macos-x86_64, r-release-windows-x86_64, r-oldrel-macos-arm64, r-oldrel-macos-x86_64, r-oldrel-windows-x86_64
Version: 1.7.4
Check: HTML version of manual
Result: NOTE
Found the following HTML validation problems:
get_rank.html:50:1 (get_rank.Rd:12): Warning: missing </ul> before </div>
plot.ranked_contrib_pairs.html:64:1 (plot.ranked_contrib_pairs.Rd:19): Warning: missing </ul> before </div>
print.contrib_pairs.html:51:1 (print.contrib_pairs.Rd:12): Warning: missing </ul> before </div>
print.ranked_contrib_pairs.html:61:1 (print.ranked_contrib_pairs.Rd:18): Warning: missing </ul> before </div>
Flavor: r-devel-linux-x86_64-debian-gcc