Last updated on 2025-10-21 09:48:29 CEST.
Flavor | Version | Tinstall | Tcheck | Ttotal | Status | Flags |
---|---|---|---|---|---|---|
r-devel-linux-x86_64-debian-clang | 0.77-2 | 2.25 | 38.95 | 41.20 | OK | |
r-devel-linux-x86_64-debian-gcc | 0.77-2 | 2.04 | 30.01 | 32.05 | NOTE | |
r-devel-linux-x86_64-fedora-clang | 0.77-2 | 61.53 | OK | |||
r-devel-linux-x86_64-fedora-gcc | 0.77-2 | 71.72 | OK | |||
r-devel-windows-x86_64 | 0.77-2 | 6.00 | 72.00 | 78.00 | OK | |
r-patched-linux-x86_64 | 0.77-2 | 2.46 | 37.31 | 39.77 | OK | |
r-release-linux-x86_64 | 0.77-2 | 2.41 | 37.91 | 40.32 | OK | |
r-release-macos-arm64 | 0.77-2 | 32.00 | OK | |||
r-release-macos-x86_64 | 0.77-2 | 187.00 | OK | |||
r-release-windows-x86_64 | 0.77-2 | 6.00 | 78.00 | 84.00 | OK | |
r-oldrel-macos-arm64 | 0.77-2 | 41.00 | OK | |||
r-oldrel-macos-x86_64 | 0.77-2 | 145.00 | OK | |||
r-oldrel-windows-x86_64 | 0.77-2 | 8.00 | 83.00 | 91.00 | OK |
Version: 0.77-2
Check: top-level files
Result: NOTE
Found the following validation problem for the NEWS.Rd HTML conversion:
NEWS.html:370:1 (inst/NEWS.Rd:191): Warning: missing </ul> before </div>
NEWS.html:42:1 (inst/NEWS.Rd:18): Warning: <h4> anchor "BUG-FIXES" already defined
NEWS.html:68:1 (inst/NEWS.Rd:32): Warning: <h4> anchor "BUG-FIXES" already defined
NEWS.html:87:1 (inst/NEWS.Rd:42): Warning: <h4> anchor "NEW-FEATURES" already defined
NEWS.html:98:1 (inst/NEWS.Rd:47): Warning: <h4> anchor "BUG-FIXES" already defined
NEWS.html:113:1 (inst/NEWS.Rd:55): Warning: <h4> anchor "NEW-FEATURES" already defined
NEWS.html:124:1 (inst/NEWS.Rd:60): Warning: <h4> anchor "BUG-FIXES" already defined
NEWS.html:139:1 (inst/NEWS.Rd:68): Warning: <h4> anchor "NEW-FEATURES" already defined
NEWS.html:150:1 (inst/NEWS.Rd:73): Warning: <h4> anchor "BUG-FIXES" already defined
NEWS.html:165:1 (inst/NEWS.Rd:83): Warning: <h4> anchor "NEW-FEATURES" already defined
NEWS.html:184:1 (inst/NEWS.Rd:94): Warning: <h4> anchor "NEW-FEATURES" already defined
NEWS.html:195:1 (inst/NEWS.Rd:99): Warning: <h4> anchor "BUG-FIXES" already defined
NEWS.html:210:1 (inst/NEWS.Rd:108): Warning: <h4> anchor "NEW-FEATURES" already defined
NEWS.html:221:1 (inst/NEWS.Rd:113): Warning: <h4> anchor "BUG-FIXES" already defined
NEWS.html:236:1 (inst/NEWS.Rd:122): Warning: <h4> anchor "NEW-FEATURES" already defined
NEWS.html:247:1 (inst/NEWS.Rd:127): Warning: <h4> anchor "BUG-FIXES" already defined
NEWS.html:262:1 (inst/NEWS.Rd:136): Warning: <h4> anchor "NEW-FEATURES" already defined
NEWS.html:273:1 (inst/NEWS.Rd:141): Warning: <h4> anchor "BUG-FIXES" already defined
NEWS.html:288:1 (inst/NEWS.Rd:150): Warning: <h4> anchor "NEW-FEATURES" already defined
NEWS.html:299:1 (inst/NEWS.Rd:155): Warning: <h4> anchor "BUG-FIXES" already defined
NEWS.html:314:1 (inst/NEWS.Rd:164): Warning: <h4> anchor "NEW-FEATURES" already defined
NEWS.html:325:1 (inst/NEWS.Rd:169): Warning: <h4> anchor "BUG-FIXES" already defined
NEWS.html:344:1 (inst/NEWS.Rd:181): Warning: <h4> anchor "NEW-FEATURES" already defined
NEWS.html:355:1 (inst/NEWS.Rd:186): Warning: <h4> anchor "BUG-FIXES" already defined
Flavor: r-devel-linux-x86_64-debian-gcc