Last updated on 2025-10-21 09:48:29 CEST.
Flavor | Version | Tinstall | Tcheck | Ttotal | Status | Flags |
---|---|---|---|---|---|---|
r-devel-linux-x86_64-debian-clang | 0.2.7 | 16.63 | 215.23 | 231.86 | OK | |
r-devel-linux-x86_64-debian-gcc | 0.2.7 | 11.99 | 147.66 | 159.65 | NOTE | |
r-devel-linux-x86_64-fedora-clang | 0.2.7 | 372.97 | OK | |||
r-devel-linux-x86_64-fedora-gcc | 0.2.7 | 362.01 | OK | |||
r-devel-windows-x86_64 | 0.2.7 | 19.00 | 408.00 | 427.00 | OK | |
r-patched-linux-x86_64 | 0.2.7 | 20.17 | 208.78 | 228.95 | OK | |
r-release-linux-x86_64 | 0.2.7 | 17.03 | 207.79 | 224.82 | OK | |
r-release-macos-arm64 | 0.2.7 | 115.00 | OK | |||
r-release-macos-x86_64 | 0.2.7 | 234.00 | OK | |||
r-release-windows-x86_64 | 0.2.7 | 19.00 | 248.00 | 267.00 | OK | |
r-oldrel-macos-arm64 | 0.2.7 | 115.00 | OK | |||
r-oldrel-macos-x86_64 | 0.2.7 | 240.00 | OK | |||
r-oldrel-windows-x86_64 | 0.2.7 | 25.00 | 297.00 | 322.00 | OK |
Version: 0.2.7
Check: HTML version of manual
Result: NOTE
Found the following HTML validation problems:
as.data.frame.html:61:1 (as.data.frame.Rd:16): Warning: missing </ul> before </div>
getData.html:46:1 (getData.Rd:10): Warning: missing </ul> before </div>
getDimRedData.html:50:1 (getDimRedData.Rd:12): Warning: missing </ul> before </div>
getMeta.html:50:1 (getMeta.Rd:12): Warning: missing </ul> before </div>
getNDim.html:50:1 (getNDim.Rd:12): Warning: missing </ul> before </div>
getOrgData.html:50:1 (getOrgData.Rd:12): Warning: missing </ul> before </div>
getOtherData.html:50:1 (getOtherData.Rd:12): Warning: missing </ul> before </div>
getPars.html:50:1 (getPars.Rd:12): Warning: missing </ul> before </div>
ndims.html:50:1 (ndims.Rd:12): Warning: missing </ul> before </div>
print.html:50:1 (print.Rd:12): Warning: missing </ul> before </div>
Flavor: r-devel-linux-x86_64-debian-gcc