Last updated on 2025-02-21 09:50:42 CET.
Flavor | Version | Tinstall | Tcheck | Ttotal | Status | Flags |
---|---|---|---|---|---|---|
r-devel-linux-x86_64-debian-clang | 2.1.0 | 2.36 | 32.89 | 35.25 | OK | |
r-devel-linux-x86_64-debian-gcc | 2.1.0 | 2.03 | 26.36 | 28.39 | OK | |
r-devel-linux-x86_64-fedora-clang | 2.1.0 | 57.60 | OK | |||
r-devel-linux-x86_64-fedora-gcc | 2.1.0 | 70.92 | OK | |||
r-devel-macos-arm64 | 2.1.0 | 52.00 | OK | |||
r-devel-macos-x86_64 | 2.1.0 | 62.00 | OK | |||
r-devel-windows-x86_64 | 2.1.0 | 4.00 | 67.00 | 71.00 | OK | |
r-patched-linux-x86_64 | 2.1.0 | 2.84 | 31.43 | 34.27 | OK | |
r-release-linux-x86_64 | 2.1.0 | 2.81 | 31.70 | 34.51 | OK | |
r-release-macos-arm64 | 2.1.0 | 38.00 | NOTE | |||
r-release-macos-x86_64 | 2.1.0 | 110.00 | NOTE | |||
r-release-windows-x86_64 | 2.1.0 | 4.00 | 66.00 | 70.00 | NOTE | |
r-oldrel-macos-arm64 | 2.1.0 | 39.00 | NOTE | |||
r-oldrel-macos-x86_64 | 2.1.0 | 101.00 | NOTE | |||
r-oldrel-windows-x86_64 | 2.1.0 | 5.00 | 58.00 | 63.00 | NOTE |
Version: 2.1.0
Check: installed package size
Result: NOTE
installed size is 10.9Mb
sub-directories of 1Mb or more:
doc 10.8Mb
Flavors: r-release-macos-arm64, r-release-macos-x86_64, r-release-windows-x86_64, r-oldrel-macos-arm64, r-oldrel-macos-x86_64, r-oldrel-windows-x86_64