Last updated on 2025-10-21 09:48:29 CEST.
Flavor | Version | Tinstall | Tcheck | Ttotal | Status | Flags |
---|---|---|---|---|---|---|
r-devel-linux-x86_64-debian-clang | 0.1.3 | 2.91 | 24.49 | 27.40 | OK | |
r-devel-linux-x86_64-debian-gcc | 0.1.3 | 1.88 | 20.02 | 21.90 | NOTE | |
r-devel-linux-x86_64-fedora-clang | 0.1.3 | 39.42 | OK | |||
r-devel-linux-x86_64-fedora-gcc | 0.1.3 | 37.01 | OK | |||
r-devel-windows-x86_64 | 0.1.3 | 4.00 | 41.00 | 45.00 | OK | |
r-patched-linux-x86_64 | 0.1.3 | 2.33 | 22.10 | 24.43 | OK | |
r-release-linux-x86_64 | 0.1.3 | 2.48 | 21.88 | 24.36 | OK | |
r-release-macos-arm64 | 0.1.3 | 18.00 | OK | |||
r-release-macos-x86_64 | 0.1.3 | 34.00 | OK | |||
r-release-windows-x86_64 | 0.1.3 | 4.00 | 42.00 | 46.00 | OK | |
r-oldrel-macos-arm64 | 0.1.3 | 17.00 | OK | |||
r-oldrel-macos-x86_64 | 0.1.3 | 26.00 | OK | |||
r-oldrel-windows-x86_64 | 0.1.3 | 4.00 | 49.00 | 53.00 | OK |
Version: 0.1.3
Check: HTML version of manual
Result: NOTE
Found the following HTML validation problems:
Dictionary.html:576:1 (Dictionary.Rd:346): Warning: missing </ul> before </div>
Dictionary.html:167:1 (Dictionary.Rd:93): Warning: <h5> anchor "Usage" already defined
Dictionary.html:173:1 (Dictionary.Rd:97): Warning: <h5> anchor "Arguments" already defined
Dictionary.html:205:1 (Dictionary.Rd:119): Warning: <h5> anchor "Usage" already defined
Dictionary.html:211:1 (Dictionary.Rd:123): Warning: <h5> anchor "Arguments" already defined
Dictionary.html:238:1 (Dictionary.Rd:140): Warning: <h5> anchor "Usage" already defined
Dictionary.html:244:1 (Dictionary.Rd:144): Warning: <h5> anchor "Arguments" already defined
Dictionary.html:271:1 (Dictionary.Rd:161): Warning: <h5> anchor "Usage" already defined
Dictionary.html:277:1 (Dictionary.Rd:165): Warning: <h5> anchor "Arguments" already defined
Dictionary.html:304:1 (Dictionary.Rd:182): Warning: <h5> anchor "Usage" already defined
Dictionary.html:310:1 (Dictionary.Rd:186): Warning: <h5> anchor "Arguments" already defined
Dictionary.html:337:1 (Dictionary.Rd:203): Warning: <h5> anchor "Usage" already defined
Dictionary.html:343:1 (Dictionary.Rd:207): Warning: <h5> anchor "Arguments" already defined
Dictionary.html:370:1 (Dictionary.Rd:224): Warning: <h5> anchor "Usage" already defined
Dictionary.html:376:1 (Dictionary.Rd:228): Warning: <h5> anchor "Arguments" already defined
Dictionary.html:401:1 (Dictionary.Rd:243): Warning: <h5> anchor "Usage" already defined
Dictionary.html:407:1 (Dictionary.Rd:247): Warning: <h5> anchor "Arguments" already defined
Dictionary.html:432:1 (Dictionary.Rd:262): Warning: <h5> anchor "Usage" already defined
Dictionary.html:438:1 (Dictionary.Rd:266): Warning: <h5> anchor "Arguments" already defined
Dictionary.html:462:1 (Dictionary.Rd:280): Warning: <h5> anchor "Usage" already defined
Dictionary.html:468:1 (Dictionary.Rd:284): Warning: <h5> anchor "Arguments" already defined
Dictionary.html:492:1 (Dictionary.Rd:298): Warning: <h5> anchor "Usage" already defined
Dictionary.html:498:1 (Dictionary.Rd:302): Warning: <h5> anchor "Arguments" already defined
Dictionary.html:523:1 (Dictionary.Rd:317): Warning: <h5> anchor "Usage" already defined
Dictionary.html:529:1 (Dictionary.Rd:321): Warning: <h5> anchor "Arguments" already defined
Dictionary.html:553:1 (Dictionary.Rd:335): Warning: <h5> anchor "Usage" already defined
Dictionary.html:559:1 (Dictionary.Rd:339): Warning: <h5> anchor "Arguments" already defined
Flavor: r-devel-linux-x86_64-debian-gcc