Last updated on 2025-10-21 09:48:29 CEST.
Flavor | Version | Tinstall | Tcheck | Ttotal | Status | Flags |
---|---|---|---|---|---|---|
r-devel-linux-x86_64-debian-clang | 0.3.1 | 3.09 | 33.04 | 36.13 | NOTE | |
r-devel-linux-x86_64-debian-gcc | 0.3.1 | 2.20 | 26.18 | 28.38 | NOTE | |
r-devel-linux-x86_64-fedora-clang | 0.3.1 | 54.90 | NOTE | |||
r-devel-linux-x86_64-fedora-gcc | 0.3.1 | 63.47 | NOTE | |||
r-devel-windows-x86_64 | 0.3.1 | 6.00 | 55.00 | 61.00 | OK | |
r-patched-linux-x86_64 | 0.3.1 | 3.28 | 29.85 | 33.13 | OK | |
r-release-linux-x86_64 | 0.3.1 | 2.64 | 30.28 | 32.92 | OK | |
r-release-macos-arm64 | 0.3.1 | 30.00 | OK | |||
r-release-macos-x86_64 | 0.3.1 | 52.00 | OK | |||
r-release-windows-x86_64 | 0.3.1 | 6.00 | 56.00 | 62.00 | OK | |
r-oldrel-macos-arm64 | 0.3.1 | 26.00 | NOTE | |||
r-oldrel-macos-x86_64 | 0.3.1 | 49.00 | NOTE | |||
r-oldrel-windows-x86_64 | 0.3.1 | 7.00 | 63.00 | 70.00 | NOTE |
Version: 0.3.1
Check: CRAN incoming feasibility
Result: NOTE
Maintainer: ‘Magnus Kristoffersen <magnus.kristoffersen@geo.uio.no>’
Package CITATION file contains call(s) to old-style personList() or
as.personList(). Please use c() on person objects instead.
Package CITATION file contains call(s) to old-style citEntry(). Please
use bibentry() instead.
Flavors: r-devel-linux-x86_64-debian-clang, r-devel-linux-x86_64-debian-gcc
Version: 0.3.1
Check: HTML version of manual
Result: NOTE
Found the following HTML validation problems:
calc_ab.html:50:1 (calc_ab.Rd:12): Warning: missing </ul> before </div>
calc_p_apply.html:54:1 (calc_p_apply.Rd:14): Warning: missing </ul> before </div>
calc_quantiles.html:58:1 (calc_quantiles.Rd:16): Warning: missing </ul> before </div>
combine_matrices.html:50:1 (combine_matrices.Rd:12): Warning: missing </ul> before </div>
concX.html:46:1 (concX.Rd:10): Warning: missing </ul> before </div>
concY.html:46:1 (concY.Rd:10): Warning: missing </ul> before </div>
find_maxima.html:54:1 (find_maxima.Rd:14): Warning: missing </ul> before </div>
find_plot_max.html:50:1 (find_plot_max.Rd:12): Warning: missing </ul> before </div>
find_plot_min.html:50:1 (find_plot_min.Rd:12): Warning: missing </ul> before </div>
make_tiling.html:50:1 (make_tiling.Rd:12): Warning: missing </ul> before </div>
plot_ecdf.html:73:1 (plot_ecdf.Rd:27): Warning: missing </ul> before </div>
plot_hf.html:110:1 (plot_hf.Rd:50): Warning: missing </ul> before </div>
plot_quantiles.html:83:1 (plot_quantiles.Rd:33): Warning: missing </ul> before </div>
plot_reimink.html:46:1 (plot_reimink.Rd:10): Warning: missing </ul> before </div>
plot_text_options.html:68:1 (plot_text_options.Rd:24): Warning: missing </ul> before </div>
plot_tile.html:50:1 (plot_tile.Rd:12): Warning: missing </ul> before </div>
quant_bounds.html:54:1 (quant_bounds.Rd:14): Warning: missing </ul> before </div>
run_detzrcr.html:46:1 (run_detzrcr.Rd:10): Warning: missing </ul> before </div>
tile_func.html:46:1 (tile_func.Rd:10): Warning: missing </ul> before </div>
tiling.html:46:1 (tiling.Rd:10): Warning: missing </ul> before </div>
Flavor: r-devel-linux-x86_64-debian-gcc
Version: 0.3.1
Check: dependencies in R code
Result: NOTE
Namespaces in Imports field not imported from:
‘DT’ ‘utils’
All declared Imports should be used.
Flavors: r-devel-linux-x86_64-fedora-clang, r-devel-linux-x86_64-fedora-gcc
Version: 0.3.1
Check: LazyData
Result: NOTE
'LazyData' is specified without a 'data' directory
Flavors: r-oldrel-macos-arm64, r-oldrel-macos-x86_64, r-oldrel-windows-x86_64