CRAN Package Check Results for Package desla

Last updated on 2025-10-21 09:48:29 CEST.

Flavor Version Tinstall Tcheck Ttotal Status Flags
r-devel-linux-x86_64-debian-clang 0.3.0 41.17 33.96 75.13 NOTE
r-devel-linux-x86_64-debian-gcc 0.3.0 29.11 26.09 55.20 NOTE
r-devel-linux-x86_64-fedora-clang 0.3.0 125.32 OK
r-devel-linux-x86_64-fedora-gcc 0.3.0 127.06 OK
r-devel-windows-x86_64 0.3.0 46.00 68.00 114.00 OK
r-patched-linux-x86_64 0.3.0 40.49 30.88 71.37 OK
r-release-linux-x86_64 0.3.0 42.94 31.07 74.01 OK
r-release-macos-arm64 0.3.0 39.00 OK
r-release-macos-x86_64 0.3.0 82.00 OK
r-release-windows-x86_64 0.3.0 45.00 67.00 112.00 OK
r-oldrel-macos-arm64 0.3.0 36.00 NOTE
r-oldrel-macos-x86_64 0.3.0 83.00 NOTE
r-oldrel-windows-x86_64 0.3.0 54.00 86.00 140.00 OK

Check Details

Version: 0.3.0
Check: CRAN incoming feasibility
Result: NOTE Maintainer: ‘Robert Adamek <robertadamek94@gmail.com>’ The Description field contains covariance estimator in Adamek et al. (2020) <arXiv:2007.10952>. Also as described in Adamek et al. (2022) <arXiv:2209.03218>. Please refer to arXiv e-prints via their arXiv DOI <doi:10.48550/arXiv.YYMM.NNNNN>. Flavors: r-devel-linux-x86_64-debian-clang, r-devel-linux-x86_64-debian-gcc

Version: 0.3.0
Check: HTML version of manual
Result: NOTE Found the following HTML validation problems: coef.desla.html:51:1 (coef.desla.Rd:12): Warning: missing </ul> before </div> confint.desla.html:59:1 (confint.desla.Rd:16): Warning: missing </ul> before </div> print.desla.html:70:1 (print.desla.Rd:25): Warning: missing </ul> before </div> print.summary.desla.html:70:1 (print.summary.desla.Rd:25): Warning: missing </ul> before </div> summary.desla.html:51:1 (summary.desla.Rd:12): Warning: missing </ul> before </div> Flavor: r-devel-linux-x86_64-debian-gcc

Version: 0.3.0
Check: installed package size
Result: NOTE installed size is 5.8Mb sub-directories of 1Mb or more: libs 5.7Mb Flavors: r-oldrel-macos-arm64, r-oldrel-macos-x86_64