Last updated on 2025-10-21 09:48:29 CEST.
Flavor | Version | Tinstall | Tcheck | Ttotal | Status | Flags |
---|---|---|---|---|---|---|
r-devel-linux-x86_64-debian-clang | 0.5.0 | 6.17 | 1046.52 | 1052.69 | OK | |
r-devel-linux-x86_64-debian-gcc | 0.5.0 | 4.43 | 785.56 | 789.99 | NOTE | |
r-devel-linux-x86_64-fedora-clang | 0.5.0 | 1223.66 | OK | |||
r-devel-linux-x86_64-fedora-gcc | 0.5.0 | 1042.71 | OK | |||
r-devel-windows-x86_64 | 0.5.0 | 8.00 | 496.00 | 504.00 | OK | |
r-patched-linux-x86_64 | 0.5.0 | 7.80 | 690.20 | 698.00 | OK | |
r-release-linux-x86_64 | 0.5.0 | 6.29 | 695.87 | 702.16 | OK | |
r-release-macos-arm64 | 0.5.0 | 220.00 | OK | |||
r-release-macos-x86_64 | 0.5.0 | 481.00 | OK | |||
r-release-windows-x86_64 | 0.5.0 | 11.00 | 501.00 | 512.00 | OK | |
r-oldrel-macos-arm64 | 0.5.0 | 176.00 | NOTE | |||
r-oldrel-macos-x86_64 | 0.5.0 | 317.00 | NOTE | |||
r-oldrel-windows-x86_64 | 0.5.0 | 12.00 | 659.00 | 671.00 | OK |
Version: 0.5.0
Check: HTML version of manual
Result: NOTE
Found the following HTML validation problems:
BatchContainer.html:190:1 (BatchContainer.Rd:134): Warning: <h5> anchor "Usage" already defined
BatchContainer.html:201:1 (BatchContainer.Rd:143): Warning: <h5> anchor "Arguments" already defined
BatchContainer.html:242:1 (BatchContainer.Rd:170): Warning: <h5> anchor "Usage" already defined
BatchContainer.html:248:1 (BatchContainer.Rd:174): Warning: <h5> anchor "Returns" already defined
BatchContainer.html:267:1 (BatchContainer.Rd:185): Warning: <h5> anchor "Usage" already defined
BatchContainer.html:273:1 (BatchContainer.Rd:189): Warning: <h5> anchor "Arguments" already defined
BatchContainer.html:292:1 (BatchContainer.Rd:202): Warning: <h5> anchor "Returns" already defined
BatchContainer.html:309:1 (BatchContainer.Rd:211): Warning: <h5> anchor "Usage" already defined
BatchContainer.html:315:1 (BatchContainer.Rd:215): Warning: <h5> anchor "Arguments" already defined
BatchContainer.html:329:1 (BatchContainer.Rd:223): Warning: <h5> anchor "Returns" already defined
BatchContainer.html:346:1 (BatchContainer.Rd:232): Warning: <h5> anchor "Usage" already defined
BatchContainer.html:352:1 (BatchContainer.Rd:236): Warning: <h5> anchor "Returns" already defined
BatchContainer.html:369:1 (BatchContainer.Rd:245): Warning: <h5> anchor "Usage" already defined
BatchContainer.html:375:1 (BatchContainer.Rd:249): Warning: <h5> anchor "Arguments" already defined
BatchContainer.html:398:1 (BatchContainer.Rd:262): Warning: <h5> anchor "Usage" already defined
BatchContainer.html:404:1 (BatchContainer.Rd:266): Warning: <h5> anchor "Arguments" already defined
BatchContainer.html:419:1 (BatchContainer.Rd:275): Warning: <h5> anchor "Returns" already defined
BatchContainer.html:436:1 (BatchContainer.Rd:284): Warning: <h5> anchor "Usage" already defined
BatchContainer.html:442:1 (BatchContainer.Rd:288): Warning: <h5> anchor "Arguments" already defined
BatchContainer.html:459:1 (BatchContainer.Rd:299): Warning: <h5> anchor "Returns" already defined
BatchContainerDimension.html:140:1 (BatchContainerDimension.Rd:101): Warning: <h5> anchor "Usage" already defined
BatchContainerDimension.html:146:1 (BatchContainerDimension.Rd:105): Warning: <h5> anchor "Arguments" already defined
drop_order.html:50:1 (drop_order.Rd:12): Warning: missing </ul> before </div>
report_scores.html:54:1 (report_scores.Rd:14): Warning: missing </ul> before </div>
validate_samples.html:46:1 (validate_samples.Rd:10): Warning: missing </ul> before </div>
validate_subgrouping_object.html:46:1 (validate_subgrouping_object.Rd:10): Warning: missing </ul> before </div>
Flavor: r-devel-linux-x86_64-debian-gcc
Version: 0.5.0
Check: package dependencies
Result: NOTE
Package suggested but not available for checking: ‘OSAT’
Flavors: r-oldrel-macos-arm64, r-oldrel-macos-x86_64