Last updated on 2025-10-21 09:48:29 CEST.
Flavor | Version | Tinstall | Tcheck | Ttotal | Status | Flags |
---|---|---|---|---|---|---|
r-devel-linux-x86_64-debian-clang | 1.4.3 | 4.35 | 36.55 | 40.90 | OK | |
r-devel-linux-x86_64-debian-gcc | 1.4.3 | 3.38 | 27.98 | 31.36 | NOTE | |
r-devel-linux-x86_64-fedora-clang | 1.4.3 | 58.89 | OK | |||
r-devel-linux-x86_64-fedora-gcc | 1.4.3 | 54.90 | OK | |||
r-devel-windows-x86_64 | 1.4.3 | 8.00 | 57.00 | 65.00 | OK | |
r-patched-linux-x86_64 | 1.4.3 | 5.06 | 32.03 | 37.09 | OK | |
r-release-linux-x86_64 | 1.4.3 | 5.46 | 32.60 | 38.06 | OK | |
r-release-macos-arm64 | 1.4.3 | 19.00 | OK | |||
r-release-macos-x86_64 | 1.4.3 | 40.00 | OK | |||
r-release-windows-x86_64 | 1.4.3 | 10.00 | 59.00 | 69.00 | OK | |
r-oldrel-macos-arm64 | 1.4.3 | 23.00 | OK | |||
r-oldrel-macos-x86_64 | 1.4.3 | 30.00 | OK | |||
r-oldrel-windows-x86_64 | 1.4.3 | 8.00 | 67.00 | 75.00 | OK |
Version: 1.4.3
Check: HTML version of manual
Result: NOTE
Found the following HTML validation problems:
desc_add_remotes.html:61:1 (desc_add_remotes.Rd:21): Warning: missing </ul> before </div>
desc_add_urls.html:58:1 (desc_add_urls.Rd:18): Warning: missing </ul> before </div>
desc_clear_remotes.html:53:1 (desc_clear_remotes.Rd:15): Warning: missing </ul> before </div>
desc_clear_urls.html:53:1 (desc_clear_urls.Rd:15): Warning: missing </ul> before </div>
desc_del_remotes.html:58:1 (desc_del_remotes.Rd:18): Warning: missing </ul> before </div>
desc_del_urls.html:58:1 (desc_del_urls.Rd:18): Warning: missing </ul> before </div>
desc_print.html:48:1 (desc_print.Rd:12): Warning: missing </ul> before </div>
desc_set_remotes.html:58:1 (desc_set_remotes.Rd:17): Warning: missing </ul> before </div>
desc_set_urls.html:58:1 (desc_set_urls.Rd:17): Warning: missing </ul> before </div>
desc_to_latex.html:48:1 (desc_to_latex.Rd:12): Warning: missing </ul> before </div>
desc_validate.html:48:1 (desc_validate.Rd:12): Warning: missing </ul> before </div>
Flavor: r-devel-linux-x86_64-debian-gcc