Last updated on 2025-10-21 09:48:29 CEST.
Flavor | Version | Tinstall | Tcheck | Ttotal | Status | Flags |
---|---|---|---|---|---|---|
r-devel-linux-x86_64-debian-clang | 0.1.7 | 22.25 | 298.26 | 320.51 | OK | |
r-devel-linux-x86_64-debian-gcc | 0.1.7 | 16.86 | 171.92 | 188.78 | NOTE | |
r-devel-linux-x86_64-fedora-clang | 0.1.7 | 503.90 | OK | |||
r-devel-linux-x86_64-fedora-gcc | 0.1.7 | 471.23 | OK | |||
r-devel-windows-x86_64 | 0.1.7 | 25.00 | 245.00 | 270.00 | OK | |
r-patched-linux-x86_64 | 0.1.7 | 25.59 | 273.08 | 298.67 | OK | |
r-release-linux-x86_64 | 0.1.7 | 21.80 | 286.47 | 308.27 | OK | |
r-release-macos-arm64 | 0.1.7 | 109.00 | OK | |||
r-release-macos-x86_64 | 0.1.7 | 256.00 | OK | |||
r-release-windows-x86_64 | 0.1.7 | 27.00 | 245.00 | 272.00 | OK | |
r-oldrel-macos-arm64 | 0.1.7 | 104.00 | OK | |||
r-oldrel-macos-x86_64 | 0.1.7 | 212.00 | OK | |||
r-oldrel-windows-x86_64 | 0.1.7 | 35.00 | 371.00 | 406.00 | OK |
Version: 0.1.7
Check: HTML version of manual
Result: NOTE
Found the following HTML validation problems:
Bvprob.html:54:1 (Bvprob.Rd:14): Warning: missing </ul> before </div>
Chronometer.html:281:1 (Chronometer.Rd:150): Warning: missing </ul> before </div>
Chronometer.html:92:1 (Chronometer.Rd:39): Warning: <h5> anchor "Usage" already defined
Chronometer.html:108:1 (Chronometer.Rd:49): Warning: <h5> anchor "Usage" already defined
Chronometer.html:124:1 (Chronometer.Rd:59): Warning: <h5> anchor "Usage" already defined
Chronometer.html:153:1 (Chronometer.Rd:76): Warning: <h5> anchor "Usage" already defined
Chronometer.html:159:1 (Chronometer.Rd:80): Warning: <h5> anchor "Arguments" already defined
Chronometer.html:182:1 (Chronometer.Rd:93): Warning: <h5> anchor "Usage" already defined
Chronometer.html:198:1 (Chronometer.Rd:103): Warning: <h5> anchor "Usage" already defined
Chronometer.html:204:1 (Chronometer.Rd:107): Warning: <h5> anchor "Arguments" already defined
Chronometer.html:228:1 (Chronometer.Rd:121): Warning: <h5> anchor "Usage" already defined
Chronometer.html:234:1 (Chronometer.Rd:125): Warning: <h5> anchor "Arguments" already defined
Chronometer.html:258:1 (Chronometer.Rd:139): Warning: <h5> anchor "Usage" already defined
Chronometer.html:264:1 (Chronometer.Rd:143): Warning: <h5> anchor "Arguments" already defined
CompC.html:73:1 (CompC.Rd:25): Warning: missing </ul> before </div>
D.hat.html:73:1 (D.hat.Rd:26): Warning: missing </ul> before </div>
Distance.html:54:1 (Distance.Rd:15): Warning: missing </ul> before </div>
G.box.html:92:1 (G.box.Rd:41): Warning: missing </ul> before </div>
G.cd.html:111:1 (G.cd.Rd:52): Warning: missing </ul> before </div>
G.cd.mc.html:116:1 (G.cd.mc.Rd:55): Warning: missing </ul> before </div>
G.spline.html:91:1 (G.spline.Rd:39): Warning: missing </ul> before </div>
Kernel.html:50:1 (Kernel.Rd:12): Warning: missing </ul> before </div>
Lambda_AFT_ll.html:46:1 (Lambda_AFT_ll.Rd:10): Warning: missing </ul> before </div>
Lambda_Cox_wb.html:46:1 (Lambda_Cox_wb.Rd:10): Warning: missing </ul> before </div>
Lambda_inverse_AFT_ll.html:46:1 (Lambda_inverse_AFT_ll.Rd:10): Warning: missing </ul> before </div>
Lambda_inverse_Cox_wb.html:46:1 (Lambda_inverse_Cox_wb.Rd:10): Warning: missing </ul> before </div>
Likelihood.Parametric.html:66:1 (Likelihood.Parametric.Rd:20): Warning: missing </ul> before </div>
Likelihood.Profile.Kernel.html:66:1 (Likelihood.Profile.Kernel.Rd:20): Warning: missing </ul> before </div>
Likelihood.Profile.Solve.html:98:1 (Likelihood.Profile.Solve.Rd:42): Warning: missing </ul> before </div>
Likelihood.Semiparametric.html:78:1 (Likelihood.Semiparametric.Rd:30): Warning: missing </ul> before </div>
LongNPT.html:54:1 (LongNPT.Rd:14): Warning: missing </ul> before </div>
Longfun.html:58:1 (Longfun.Rd:16): Warning: missing </ul> before </div>
M_step.html:97:1 (M_step.Rd:42): Warning: missing </ul> before </div>
Omega.hat.html:47:1 (Omega.hat.Rd:10): Warning: missing </ul> before </div>
Parameters.Constraints.html:54:1 (Parameters.Constraints.Rd:14): Warning: missing </ul> before </div>
ScoreEqn.html:63:1 (ScoreEqn.Rd:19): Warning: missing </ul> before </div>
SearchIndicate.html:50:1 (SearchIndicate.Rd:12): Warning: missing </ul> before </div>
Sigma.hat.html:71:1 (Sigma.hat.Rd:24): Warning: missing </ul> before </div>
SolveHt1.html:70:1 (SolveHt1.Rd:22): Warning: missing </ul> before </div>
SolveScore.html:67:1 (SolveScore.Rd:21): Warning: missing </ul> before </div>
SurvDC.GoF.html:83:1 (SurvDC.GoF.Rd:33): Warning: missing </ul> before </div>
SurvFunc.CG.html:66:1 (SurvFunc.CG.Rd:20): Warning: missing </ul> before </div>
SurvFunc.KM.html:58:1 (SurvFunc.KM.Rd:16): Warning: missing </ul> before </div>
SurvMLE.Likelihood.html:73:1 (SurvMLE.Likelihood.Rd:27): Warning: missing </ul> before </div>
SurvMLE.html:73:1 (SurvMLE.Rd:27): Warning: missing </ul> before </div>
check.args.pisurv.html:103:1 (check.args.pisurv.Rd:53): Warning: missing </ul> before </div>
control.arguments.html:58:1 (control.arguments.Rd:16): Warning: missing </ul> before </div>
copdist.Archimedean.html:58:1 (copdist.Archimedean.Rd:16): Warning: missing </ul> before </div>
cophfunc.html:58:1 (cophfunc.Rd:16): Warning: missing </ul> before </div>
coppar.to.ktau.html:50:1 (coppar.to.ktau.Rd:12): Warning: missing </ul> before </div>
dLambda_AFT_ll.html:46:1 (dLambda_AFT_ll.Rd:10): Warning: missing </ul> before </div>
dLambda_Cox_wb.html:46:1 (dLambda_Cox_wb.Rd:10): Warning: missing </ul> before </div>
generator.Archimedean.html:58:1 (generator.Archimedean.Rd:16): Warning: missing </ul> before </div>
get.anchor.points.html:58:1 (get.anchor.points.Rd:16): Warning: missing </ul> before </div>
get.deriv.mom.func.html:59:1 (get.deriv.mom.func.Rd:16): Warning: missing </ul> before </div>
get.dmi.tens.html:70:1 (get.dmi.tens.Rd:23): Warning: missing </ul> before </div>
get.instrumental.function.evals.html:52:1 (get.instrumental.function.evals.Rd:13): Warning: missing </ul> before </div>
get.mi.mat.html:66:1 (get.mi.mat.Rd:22): Warning: missing </ul> before </div>
ktau.to.coppar.html:50:1 (ktau.to.coppar.Rd:12): Warning: missing </ul> before </div>
m.bar.html:67:1 (m.bar.Rd:22): Warning: missing </ul> before </div>
normalize.covariates2.html:82:1 (normalize.covariates2.Rd:35): Warning: missing </ul> before </div>
parafam.d.html:58:1 (parafam.d.Rd:16): Warning: missing </ul> before </div>
parafam.p.html:58:1 (parafam.p.Rd:16): Warning: missing </ul> before </div>
parafam.trunc.html:54:1 (parafam.trunc.Rd:14): Warning: missing </ul> before </div>
plot_addpte.html:50:1 (plot_addpte.Rd:12): Warning: missing </ul> before </div>
plot_addpte.eval.html:47:1 (plot_addpte.eval.Rd:10): Warning: missing </ul> before </div>
plot_base.html:51:1 (plot_base.Rd:12): Warning: missing </ul> before </div>
Flavor: r-devel-linux-x86_64-debian-gcc