Last updated on 2025-10-21 09:48:29 CEST.
Flavor | Version | Tinstall | Tcheck | Ttotal | Status | Flags |
---|---|---|---|---|---|---|
r-devel-linux-x86_64-debian-clang | 0.2.1 | 23.07 | 291.09 | 314.16 | NOTE | |
r-devel-linux-x86_64-debian-gcc | 0.2.1 | 13.57 | 196.44 | 210.01 | NOTE | |
r-devel-linux-x86_64-fedora-clang | 0.2.1 | 516.53 | OK | |||
r-devel-linux-x86_64-fedora-gcc | 0.2.1 | 486.93 | OK | |||
r-devel-windows-x86_64 | 0.2.1 | 24.00 | 299.00 | 323.00 | OK | |
r-patched-linux-x86_64 | 0.2.1 | 21.23 | 275.75 | 296.98 | OK | |
r-release-linux-x86_64 | 0.2.1 | 18.63 | 277.47 | 296.10 | OK | |
r-release-macos-arm64 | 0.2.1 | 119.00 | OK | |||
r-release-macos-x86_64 | 0.2.1 | 249.00 | OK | |||
r-release-windows-x86_64 | 0.2.1 | 23.00 | 291.00 | 314.00 | OK | |
r-oldrel-macos-arm64 | 0.2.1 | 118.00 | NOTE | |||
r-oldrel-macos-x86_64 | 0.2.1 | 180.00 | NOTE | |||
r-oldrel-windows-x86_64 | 0.2.1 | 31.00 | 385.00 | 416.00 | NOTE |
Version: 0.2.1
Check: CRAN incoming feasibility
Result: NOTE
Maintainer: ‘Mengbing Li <mengbing@umich.edu>’
The Description field contains
<arXiv:2306.04700>.
Please refer to arXiv e-prints via their arXiv DOI <doi:10.48550/arXiv.YYMM.NNNNN>.
Flavors: r-devel-linux-x86_64-debian-clang, r-devel-linux-x86_64-debian-gcc
Version: 0.2.1
Check: HTML version of manual
Result: NOTE
Found the following HTML validation problems:
H_n.html:46:1 (H_n.Rd:10): Warning: missing </ul> before </div>
J_n.html:50:1 (J_n.Rd:12): Warning: missing </ul> before </div>
draw_mnorm.html:53:1 (draw_mnorm.Rd:14): Warning: missing </ul> before </div>
quiet.html:50:1 (quiet.Rd:12): Warning: missing </ul> before </div>
Flavor: r-devel-linux-x86_64-debian-gcc
Version: 0.2.1
Check: installed package size
Result: NOTE
installed size is 5.1Mb
sub-directories of 1Mb or more:
data 3.9Mb
Flavors: r-oldrel-macos-arm64, r-oldrel-macos-x86_64, r-oldrel-windows-x86_64