Last updated on 2025-10-21 09:48:29 CEST.
Flavor | Version | Tinstall | Tcheck | Ttotal | Status | Flags |
---|---|---|---|---|---|---|
r-devel-linux-x86_64-debian-clang | 1.15.2 | 5.68 | 179.91 | 185.59 | NOTE | |
r-devel-linux-x86_64-debian-gcc | 1.15.2 | 4.22 | 129.75 | 133.97 | NOTE | |
r-devel-linux-x86_64-fedora-clang | 1.15.2 | 293.35 | NOTE | |||
r-devel-linux-x86_64-fedora-gcc | 1.15.2 | 295.42 | NOTE | |||
r-devel-windows-x86_64 | 1.15.2 | 10.00 | 288.00 | 298.00 | NOTE | |
r-patched-linux-x86_64 | 1.15.2 | 8.13 | 173.15 | 181.28 | NOTE | |
r-release-linux-x86_64 | 1.15.2 | 5.98 | 172.08 | 178.06 | NOTE | |
r-release-macos-arm64 | 1.15.2 | 83.00 | NOTE | |||
r-release-macos-x86_64 | 1.15.2 | 168.00 | NOTE | |||
r-release-windows-x86_64 | 1.15.2 | 10.00 | 252.00 | 262.00 | NOTE | |
r-oldrel-macos-arm64 | 1.15.2 | 83.00 | NOTE | |||
r-oldrel-macos-x86_64 | 1.15.2 | 183.00 | NOTE | |||
r-oldrel-windows-x86_64 | 1.15.2 | 13.00 | 333.00 | 346.00 | NOTE |
Version: 1.15.2
Check: Rd files
Result: NOTE
checkRd: (-1) plot.ddpcr_plate.Rd:136-137: Lost braces in \itemize; meant \describe ?
checkRd: (-1) plot.ddpcr_plate.Rd:138-139: Lost braces in \itemize; meant \describe ?
checkRd: (-1) plot.ddpcr_plate.Rd:140-141: Lost braces in \itemize; meant \describe ?
Flavors: r-devel-linux-x86_64-debian-clang, r-devel-linux-x86_64-debian-gcc, r-devel-linux-x86_64-fedora-clang, r-devel-linux-x86_64-fedora-gcc, r-devel-windows-x86_64, r-patched-linux-x86_64, r-release-linux-x86_64, r-release-macos-arm64, r-release-macos-x86_64, r-release-windows-x86_64, r-oldrel-macos-arm64, r-oldrel-macos-x86_64, r-oldrel-windows-x86_64
Version: 1.15.2
Check: HTML version of manual
Result: NOTE
Found the following HTML validation problems:
cat0.html:46:1 (cat0.Rd:10): Warning: missing </ul> before </div>
classify_droplets.pnpp_experiment.html:47:1 (classify_droplets.pnpp_experiment.Rd:10): Warning: missing </ul> before </div>
define_clusters.custom_thresholds.html:47:1 (define_clusters.custom_thresholds.Rd:10): Warning: missing </ul> before </div>
define_clusters.ddpcr_plate.html:47:1 (define_clusters.ddpcr_plate.Rd:10): Warning: missing </ul> before </div>
define_clusters.pnpp_experiment.html:47:1 (define_clusters.pnpp_experiment.Rd:10): Warning: missing </ul> before </div>
define_params.custom_thresholds.html:47:1 (define_params.custom_thresholds.Rd:10): Warning: missing </ul> before </div>
define_params.ddpcr_plate.html:47:1 (define_params.ddpcr_plate.Rd:10): Warning: missing </ul> before </div>
define_params.fam_positive_pnpp.html:47:1 (define_params.fam_positive_pnpp.Rd:10): Warning: missing </ul> before </div>
define_params.hex_positive_pnpp.html:47:1 (define_params.hex_positive_pnpp.Rd:10): Warning: missing </ul> before </div>
define_params.pnpp_experiment.html:47:1 (define_params.pnpp_experiment.Rd:10): Warning: missing </ul> before </div>
define_params.wildtype_mutant_pnpp.html:47:1 (define_params.wildtype_mutant_pnpp.Rd:10): Warning: missing </ul> before </div>
define_steps.custom_thresholds.html:47:1 (define_steps.custom_thresholds.Rd:10): Warning: missing </ul> before </div>
define_steps.ddpcr_plate.html:47:1 (define_steps.ddpcr_plate.Rd:10): Warning: missing </ul> before </div>
define_steps.pnpp_experiment.html:47:1 (define_steps.pnpp_experiment.Rd:10): Warning: missing </ul> before </div>
err_msg.html:46:1 (err_msg.Rd:10): Warning: missing </ul> before </div>
grapes-btwn-grapes.html:50:1 (grapes-btwn-grapes.Rd:12): Warning: missing </ul> before </div>
is_dir.html:46:1 (is_dir.Rd:10): Warning: missing </ul> before </div>
is_file.html:46:1 (is_file.Rd:10): Warning: missing </ul> before </div>
msg.html:48:1 (msg.Rd:10): Warning: missing </ul> before </div>
parent_plate_type.ddpcr_plate.html:47:1 (parent_plate_type.ddpcr_plate.Rd:10): Warning: missing </ul> before </div>
parent_plate_type.default.html:47:1 (parent_plate_type.default.Rd:10): Warning: missing </ul> before </div>
parent_plate_type.fam_positive_pnpp.html:47:1 (parent_plate_type.fam_positive_pnpp.Rd:10): Warning: missing </ul> before </div>
parent_plate_type.hex_positive_pnpp.html:47:1 (parent_plate_type.hex_positive_pnpp.Rd:10): Warning: missing </ul> before </div>
parent_plate_type.wildtype_mutant_pnpp.html:47:1 (parent_plate_type.wildtype_mutant_pnpp.Rd:10): Warning: missing </ul> before </div>
quiet.html:52:1 (quiet.Rd:14): Warning: missing </ul> before </div>
remove_empty.ddpcr_plate.html:47:1 (remove_empty.ddpcr_plate.Rd:10): Warning: missing </ul> before </div>
remove_empty.pnpp_experiment.html:47:1 (remove_empty.pnpp_experiment.Rd:10): Warning: missing </ul> before </div>
remove_failures.ddpcr_plate.html:47:1 (remove_failures.ddpcr_plate.Rd:10): Warning: missing </ul> before </div>
remove_outliers.ddpcr_plate.html:47:1 (remove_outliers.ddpcr_plate.Rd:10): Warning: missing </ul> before </div>
warn_msg.html:46:1 (warn_msg.Rd:10): Warning: missing </ul> before </div>
Flavor: r-devel-linux-x86_64-debian-gcc
Version: 1.15.2
Check: dependencies in R code
Result: NOTE
Namespace in Imports field not imported from: ‘shinydisconnect’
All declared Imports should be used.
Flavors: r-devel-linux-x86_64-fedora-clang, r-devel-linux-x86_64-fedora-gcc