CRAN Package Check Results for Package datr

Last updated on 2025-02-21 09:50:42 CET.

Flavor Version Tinstall Tcheck Ttotal Status Flags
r-devel-linux-x86_64-debian-clang 0.1.0 1.90 19.81 21.71 OK
r-devel-linux-x86_64-debian-gcc 0.1.0 1.46 15.62 17.08 OK
r-devel-linux-x86_64-fedora-clang 0.1.0 34.61 OK
r-devel-linux-x86_64-fedora-gcc 0.1.0 33.55 OK
r-devel-macos-arm64 0.1.0 16.00 OK
r-devel-macos-x86_64 0.1.0 26.00 OK
r-devel-windows-x86_64 0.1.0 4.00 44.00 48.00 OK
r-patched-linux-x86_64 0.1.0 1.96 18.93 20.89 NOTE
r-release-linux-x86_64 0.1.0 1.83 18.94 20.77 NOTE
r-release-macos-arm64 0.1.0 17.00 NOTE
r-release-macos-x86_64 0.1.0 22.00 NOTE
r-release-windows-x86_64 0.1.0 5.00 43.00 48.00 NOTE
r-oldrel-macos-arm64 0.1.0 17.00 NOTE
r-oldrel-macos-x86_64 0.1.0 22.00 NOTE
r-oldrel-windows-x86_64 0.1.0 6.00 51.00 57.00 NOTE

Check Details

Version: 0.1.0
Check: LazyData
Result: NOTE 'LazyData' is specified without a 'data' directory Flavors: r-patched-linux-x86_64, r-release-linux-x86_64, r-release-macos-arm64, r-release-macos-x86_64, r-release-windows-x86_64, r-oldrel-macos-arm64, r-oldrel-macos-x86_64, r-oldrel-windows-x86_64