Last updated on 2025-10-21 09:48:28 CEST.
Flavor | Version | Tinstall | Tcheck | Ttotal | Status | Flags |
---|---|---|---|---|---|---|
r-devel-linux-x86_64-debian-clang | 1.2.0 | 4.35 | 103.38 | 107.73 | OK | |
r-devel-linux-x86_64-debian-gcc | 1.2.0 | 3.63 | 77.36 | 80.99 | NOTE | |
r-devel-linux-x86_64-fedora-clang | 1.2.0 | 166.71 | OK | |||
r-devel-linux-x86_64-fedora-gcc | 1.2.0 | 171.26 | OK | |||
r-devel-windows-x86_64 | 1.2.0 | 9.00 | 125.00 | 134.00 | OK | |
r-patched-linux-x86_64 | 1.2.0 | 6.03 | 100.59 | 106.62 | OK | |
r-release-linux-x86_64 | 1.2.0 | 4.66 | 98.69 | 103.35 | OK | |
r-release-macos-arm64 | 1.2.0 | 133.00 | OK | |||
r-release-macos-x86_64 | 1.2.0 | 195.00 | OK | |||
r-release-windows-x86_64 | 1.2.0 | 7.00 | 128.00 | 135.00 | OK | |
r-oldrel-macos-arm64 | 1.2.0 | 117.00 | OK | |||
r-oldrel-macos-x86_64 | 1.2.0 | 166.00 | OK | |||
r-oldrel-windows-x86_64 | 1.2.0 | 8.00 | 155.00 | 163.00 | OK |
Version: 1.2.0
Check: HTML version of manual
Result: NOTE
Found the following HTML validation problems:
CheckNameReservedWord.html:62:1 (CheckNameReservedWord.Rd:17): Warning: missing </ul> before </div>
CreateRandomTree.html:54:1 (CreateRandomTree.Rd:14): Warning: missing </ul> before </div>
CreateRegularTree.html:54:1 (CreateRegularTree.Rd:14): Warning: missing </ul> before </div>
Node.html:241:1 (Node.Rd:328): Warning: <h5> anchor "Usage" already defined
Node.html:247:1 (Node.Rd:332): Warning: <h5> anchor "Arguments" already defined
Node.html:276:1 (Node.Rd:348): Warning: <h5> anchor "Returns" already defined
Node.html:283:1 (Node.Rd:351): Warning: <h5> anchor "Examples" already defined
Node.html:307:1 (Node.Rd:370): Warning: <h5> anchor "Usage" already defined
Node.html:313:1 (Node.Rd:374): Warning: <h5> anchor "Arguments" already defined
Node.html:326:1 (Node.Rd:381): Warning: <h5> anchor "Returns" already defined
Node.html:333:1 (Node.Rd:384): Warning: <h5> anchor "Examples" already defined
Node.html:355:1 (Node.Rd:401): Warning: <h5> anchor "Usage" already defined
Node.html:361:1 (Node.Rd:405): Warning: <h5> anchor "Arguments" already defined
Node.html:390:1 (Node.Rd:421): Warning: <h5> anchor "Returns" already defined
Node.html:397:1 (Node.Rd:424): Warning: <h5> anchor "Examples" already defined
Node.html:419:1 (Node.Rd:441): Warning: <h5> anchor "Usage" already defined
Node.html:425:1 (Node.Rd:445): Warning: <h5> anchor "Arguments" already defined
Node.html:438:1 (Node.Rd:452): Warning: <h5> anchor "Returns" already defined
Node.html:445:1 (Node.Rd:455): Warning: <h5> anchor "Examples" already defined
Node.html:468:1 (Node.Rd:473): Warning: <h5> anchor "Usage" already defined
Node.html:474:1 (Node.Rd:477): Warning: <h5> anchor "Arguments" already defined
Node.html:487:1 (Node.Rd:484): Warning: <h5> anchor "Returns" already defined
Node.html:494:1 (Node.Rd:487): Warning: <h5> anchor "Examples" already defined
Node.html:515:1 (Node.Rd:503): Warning: <h5> anchor "Usage" already defined
Node.html:521:1 (Node.Rd:507): Warning: <h5> anchor "Arguments" already defined
Node.html:536:1 (Node.Rd:516): Warning: <h5> anchor "Examples" already defined
Node.html:560:1 (Node.Rd:535): Warning: <h5> anchor "Usage" already defined
Node.html:566:1 (Node.Rd:539): Warning: <h5> anchor "Arguments" already defined
Node.html:608:1 (Node.Rd:565): Warning: <h5> anchor "Returns" already defined
Node.html:615:1 (Node.Rd:568): Warning: <h5> anchor "Examples" already defined
Node.html:640:1 (Node.Rd:588): Warning: <h5> anchor "Usage" already defined
Node.html:646:1 (Node.Rd:592): Warning: <h5> anchor "Arguments" already defined
Node.html:659:1 (Node.Rd:599): Warning: <h5> anchor "Returns" already defined
Node.html:680:1 (Node.Rd:612): Warning: <h5> anchor "Usage" already defined
Node.html:686:1 (Node.Rd:616): Warning: <h5> anchor "Arguments" already defined
Node.html:700:1 (Node.Rd:624): Warning: <h5> anchor "Returns" already defined
Node.html:707:1 (Node.Rd:627): Warning: <h5> anchor "Examples" already defined
Node.html:730:1 (Node.Rd:645): Warning: <h5> anchor "Usage" already defined
Node.html:736:1 (Node.Rd:649): Warning: <h5> anchor "Arguments" already defined
Node.html:751:1 (Node.Rd:658): Warning: <h5> anchor "Details" already defined
Node.html:763:1 (Node.Rd:667): Warning: <h5> anchor "Returns" already defined
Node.html:770:1 (Node.Rd:670): Warning: <h5> anchor "Examples" already defined
Node.html:807:1 (Node.Rd:702): Warning: <h5> anchor "Usage" already defined
Node.html:813:1 (Node.Rd:706): Warning: <h5> anchor "Arguments" already defined
Node.html:828:1 (Node.Rd:715): Warning: <h5> anchor "Details" already defined
Node.html:841:1 (Node.Rd:725): Warning: <h5> anchor "Examples" already defined
Node.html:863:1 (Node.Rd:742): Warning: <h5> anchor "Usage" already defined
Node.html:878:1 (Node.Rd:755): Warning: <h5> anchor "Arguments" already defined
Node.html:939:1 (Node.Rd:794): Warning: <h5> anchor "Details" already defined
Node.html:949:1 (Node.Rd:801): Warning: <h5> anchor "Returns" already defined
Node.html:957:1 (Node.Rd:805): Warning: <h5> anchor "Examples" already defined
Node.html:991:1 (Node.Rd:834): Warning: <h5> anchor "Usage" already defined
Node.html:1003:1 (Node.Rd:844): Warning: <h5> anchor "Arguments" already defined
Node.html:1045:1 (Node.Rd:871): Warning: <h5> anchor "Details" already defined
Node.html:1052:1 (Node.Rd:875): Warning: <h5> anchor "Examples" already defined
Node.html:1074:1 (Node.Rd:892): Warning: <h5> anchor "Usage" already defined
Node.html:1085:1 (Node.Rd:901): Warning: <h5> anchor "Arguments" already defined
Node.html:1124:1 (Node.Rd:925): Warning: <h5> anchor "Details" already defined
Node.html:1134:1 (Node.Rd:932): Warning: <h5> anchor "Returns" already defined
Node.html:1141:1 (Node.Rd:935): Warning: <h5> anchor "Examples" already defined
Node.html:1170:1 (Node.Rd:959): Warning: <h5> anchor "Usage" already defined
Node.html:1176:1 (Node.Rd:963): Warning: <h5> anchor "Arguments" already defined
averageBranchingFactor.html:46:1 (averageBranchingFactor.Rd:10): Warning: missing </ul> before </div>
Flavor: r-devel-linux-x86_64-debian-gcc