CRAN Package Check Results for Package dagitty

Last updated on 2025-10-21 09:48:28 CEST.

Flavor Version Tinstall Tcheck Ttotal Status Flags
r-devel-linux-x86_64-debian-clang 0.3-4 4.77 51.92 56.69 NOTE
r-devel-linux-x86_64-debian-gcc 0.3-4 3.64 40.82 44.46 NOTE
r-devel-linux-x86_64-fedora-clang 0.3-4 90.89 OK
r-devel-linux-x86_64-fedora-gcc 0.3-4 97.69 OK
r-devel-windows-x86_64 0.3-4 6.00 69.00 75.00 OK
r-patched-linux-x86_64 0.3-4 5.67 49.65 55.32 OK
r-release-linux-x86_64 0.3-4 3.81 50.71 54.52 OK
r-release-macos-arm64 0.3-4 41.00 OK
r-release-macos-x86_64 0.3-4 73.00 OK
r-release-windows-x86_64 0.3-4 7.00 72.00 79.00 OK
r-oldrel-macos-arm64 0.3-4 39.00 OK
r-oldrel-macos-x86_64 0.3-4 49.00 OK
r-oldrel-windows-x86_64 0.3-4 8.00 86.00 94.00 OK

Check Details

Version: 0.3-4
Check: CRAN incoming feasibility
Result: NOTE Maintainer: ‘Johannes Textor <johannes.textor@gmx.de>’ No Authors@R field in DESCRIPTION. Please add one, modifying Authors@R: c(person(given = "Johannes", family = "Textor", role = c("aut", "cre"), email = "johannes.textor@gmx.de"), person(given = "Benito", family = "van der Zander", role = "aut"), person(given = "Ankur", family = "Ankan", role = "aut")) as necessary. Flavors: r-devel-linux-x86_64-debian-clang, r-devel-linux-x86_64-debian-gcc

Version: 0.3-4
Check: HTML version of manual
Result: NOTE Found the following HTML validation problems: as.dagitty.html:50:1 (as.dagitty.Rd:12): Warning: missing </ul> before </div> completeDAG.html:49:1 (completeDAG.Rd:11): Warning: missing </ul> before </div> convert.html:55:1 (convert.Rd:14): Warning: missing </ul> before </div> downloadGraph.html:48:1 (downloadGraph.Rd:10): Warning: missing </ul> before </div> exogenousVariables.html:47:1 (exogenousVariables.Rd:10): Warning: missing </ul> before </div> impliedCovarianceMatrix.html:75:1 (impliedCovarianceMatrix.Rd:29): Warning: missing </ul> before </div> is.dagitty.html:46:1 (is.dagitty.Rd:10): Warning: missing </ul> before </div> randomDAG.html:52:1 (randomDAG.Rd:12): Warning: missing </ul> before </div> simulateLogistic.html:82:1 (simulateLogistic.Rd:32): Warning: missing </ul> before </div> topologicalOrdering.html:48:1 (topologicalOrdering.Rd:10): Warning: missing </ul> before </div> Flavor: r-devel-linux-x86_64-debian-gcc