Last updated on 2025-10-21 09:48:28 CEST.
Flavor | Version | Tinstall | Tcheck | Ttotal | Status | Flags |
---|---|---|---|---|---|---|
r-devel-linux-x86_64-debian-clang | 0.4-5 | 5.60 | 37.02 | 42.62 | OK | |
r-devel-linux-x86_64-debian-gcc | 0.4-5 | 3.62 | 29.29 | 32.91 | NOTE | |
r-devel-linux-x86_64-fedora-clang | 0.4-5 | 65.71 | OK | |||
r-devel-linux-x86_64-fedora-gcc | 0.4-5 | 58.68 | OK | |||
r-devel-windows-x86_64 | 0.4-5 | 7.00 | 52.00 | 59.00 | OK | |
r-patched-linux-x86_64 | 0.4-5 | 4.69 | 35.13 | 39.82 | OK | |
r-release-linux-x86_64 | 0.4-5 | 4.60 | 35.32 | 39.92 | OK | |
r-release-macos-arm64 | 0.4-5 | 23.00 | OK | |||
r-release-macos-x86_64 | 0.4-5 | 38.00 | OK | |||
r-release-windows-x86_64 | 0.4-5 | 6.00 | 54.00 | 60.00 | OK | |
r-oldrel-macos-arm64 | 0.4-5 | 29.00 | OK | |||
r-oldrel-macos-x86_64 | 0.4-5 | 50.00 | OK | |||
r-oldrel-windows-x86_64 | 0.4-5 | 8.00 | 63.00 | 71.00 | OK |
Version: 0.4-5
Check: HTML version of manual
Result: NOTE
Found the following HTML validation problems:
StoragehubManager.html:194:1 (StoragehubManager.Rd:115): Warning: <h5> anchor "Usage" already defined
StoragehubManager.html:217:1 (StoragehubManager.Rd:128): Warning: <h5> anchor "Usage" already defined
StoragehubManager.html:223:1 (StoragehubManager.Rd:132): Warning: <h5> anchor "Returns" already defined
StoragehubManager.html:240:1 (StoragehubManager.Rd:141): Warning: <h5> anchor "Usage" already defined
StoragehubManager.html:246:1 (StoragehubManager.Rd:145): Warning: <h5> anchor "Returns" already defined
StoragehubManager.html:263:1 (StoragehubManager.Rd:154): Warning: <h5> anchor "Usage" already defined
StoragehubManager.html:279:1 (StoragehubManager.Rd:164): Warning: <h5> anchor "Usage" already defined
StoragehubManager.html:295:1 (StoragehubManager.Rd:174): Warning: <h5> anchor "Usage" already defined
StoragehubManager.html:301:1 (StoragehubManager.Rd:178): Warning: <h5> anchor "Returns" already defined
StoragehubManager.html:318:1 (StoragehubManager.Rd:187): Warning: <h5> anchor "Usage" already defined
StoragehubManager.html:324:1 (StoragehubManager.Rd:191): Warning: <h5> anchor "Returns" already defined
StoragehubManager.html:341:1 (StoragehubManager.Rd:200): Warning: <h5> anchor "Usage" already defined
StoragehubManager.html:351:1 (StoragehubManager.Rd:208): Warning: <h5> anchor "Arguments" already defined
StoragehubManager.html:368:1 (StoragehubManager.Rd:219): Warning: <h5> anchor "Returns" already defined
StoragehubManager.html:385:1 (StoragehubManager.Rd:228): Warning: <h5> anchor "Usage" already defined
StoragehubManager.html:395:1 (StoragehubManager.Rd:236): Warning: <h5> anchor "Arguments" already defined
StoragehubManager.html:412:1 (StoragehubManager.Rd:247): Warning: <h5> anchor "Returns" already defined
StoragehubManager.html:429:1 (StoragehubManager.Rd:256): Warning: <h5> anchor "Usage" already defined
StoragehubManager.html:435:1 (StoragehubManager.Rd:260): Warning: <h5> anchor "Returns" already defined
StoragehubManager.html:452:1 (StoragehubManager.Rd:269): Warning: <h5> anchor "Usage" already defined
StoragehubManager.html:458:1 (StoragehubManager.Rd:273): Warning: <h5> anchor "Returns" already defined
StoragehubManager.html:475:1 (StoragehubManager.Rd:282): Warning: <h5> anchor "Usage" already defined
StoragehubManager.html:481:1 (StoragehubManager.Rd:286): Warning: <h5> anchor "Arguments" already defined
StoragehubManager.html:496:1 (StoragehubManager.Rd:295): Warning: <h5> anchor "Returns" already defined
StoragehubManager.html:513:1 (StoragehubManager.Rd:304): Warning: <h5> anchor "Usage" already defined
StoragehubManager.html:519:1 (StoragehubManager.Rd:308): Warning: <h5> anchor "Arguments" already defined
StoragehubManager.html:534:1 (StoragehubManager.Rd:317): Warning: <h5> anchor "Returns" already defined
StoragehubManager.html:551:1 (StoragehubManager.Rd:326): Warning: <h5> anchor "Usage" already defined
StoragehubManager.html:561:1 (StoragehubManager.Rd:334): Warning: <h5> anchor "Arguments" already defined
StoragehubManager.html:578:1 (StoragehubManager.Rd:345): Warning: <h5> anchor "Returns" already defined
StoragehubManager.html:595:1 (StoragehubManager.Rd:354): Warning: <h5> anchor "Usage" already defined
StoragehubManager.html:605:1 (StoragehubManager.Rd:362): Warning: <h5> anchor "Arguments" already defined
StoragehubManager.html:622:1 (StoragehubManager.Rd:373): Warning: <h5> anchor "Returns" already defined
StoragehubManager.html:643:1 (StoragehubManager.Rd:386): Warning: <h5> anchor "Usage" already defined
StoragehubManager.html:656:1 (StoragehubManager.Rd:397): Warning: <h5> anchor "Arguments" already defined
StoragehubManager.html:679:1 (StoragehubManager.Rd:414): Warning: <h5> anchor "Returns" already defined
StoragehubManager.html:697:1 (StoragehubManager.Rd:424): Warning: <h5> anchor "Usage" already defined
StoragehubManager.html:709:1 (StoragehubManager.Rd:434): Warning: <h5> anchor "Arguments" already defined
StoragehubManager.html:730:1 (StoragehubManager.Rd:449): Warning: <h5> anchor "Returns" already defined
StoragehubManager.html:747:1 (StoragehubManager.Rd:458): Warning: <h5> anchor "Usage" already defined
StoragehubManager.html:753:1 (StoragehubManager.Rd:462): Warning: <h5> anchor "Arguments" already defined
StoragehubManager.html:768:1 (StoragehubManager.Rd:471): Warning: <h5> anchor "Returns" already defined
StoragehubManager.html:785:1 (StoragehubManager.Rd:480): Warning: <h5> anchor "Usage" already defined
StoragehubManager.html:791:1 (StoragehubManager.Rd:484): Warning: <h5> anchor "Arguments" already defined
StoragehubManager.html:808:1 (StoragehubManager.Rd:495): Warning: <h5> anchor "Returns" already defined
StoragehubManager.html:825:1 (StoragehubManager.Rd:504): Warning: <h5> anchor "Usage" already defined
StoragehubManager.html:831:1 (StoragehubManager.Rd:508): Warning: <h5> anchor "Arguments" already defined
StoragehubManager.html:846:1 (StoragehubManager.Rd:517): Warning: <h5> anchor "Returns" already defined
StoragehubManager.html:863:1 (StoragehubManager.Rd:526): Warning: <h5> anchor "Usage" already defined
StoragehubManager.html:869:1 (StoragehubManager.Rd:530): Warning: <h5> anchor "Arguments" already defined
StoragehubManager.html:894:1 (StoragehubManager.Rd:545): Warning: <h5> anchor "Usage" already defined
StoragehubManager.html:900:1 (StoragehubManager.Rd:549): Warning: <h5> anchor "Arguments" already defined
StoragehubManager.html:925:1 (StoragehubManager.Rd:564): Warning: <h5> anchor "Usage" already defined
StoragehubManager.html:931:1 (StoragehubManager.Rd:568): Warning: <h5> anchor "Arguments" already defined
StoragehubManager.html:944:1 (StoragehubManager.Rd:575): Warning: <h5> anchor "Returns" already defined
StoragehubManager.html:961:1 (StoragehubManager.Rd:584): Warning: <h5> anchor "Usage" already defined
StoragehubManager.html:967:1 (StoragehubManager.Rd:588): Warning: <h5> anchor "Arguments" already defined
StoragehubManager.html:980:1 (StoragehubManager.Rd:595): Warning: <h5> anchor "Returns" already defined
StoragehubManager.html:997:1 (StoragehubManager.Rd:604): Warning: <h5> anchor "Usage" already defined
StoragehubManager.html:1003:1 (StoragehubManager.Rd:608): Warning: <h5> anchor "Arguments" already defined
d4storagehub4RLogger.html:153:1 (d4storagehub4RLogger.Rd:85): Warning: <h5> anchor "Usage" already defined
d4storagehub4RLogger.html:159:1 (d4storagehub4RLogger.Rd:89): Warning: <h5> anchor "Arguments" already defined
d4storagehub4RLogger.html:182:1 (d4storagehub4RLogger.Rd:102): Warning: <h5> anchor "Usage" already defined
d4storagehub4RLogger.html:188:1 (d4storagehub4RLogger.Rd:106): Warning: <h5> anchor "Arguments" already defined
d4storagehub4RLogger.html:211:1 (d4storagehub4RLogger.Rd:119): Warning: <h5> anchor "Usage" already defined
d4storagehub4RLogger.html:217:1 (d4storagehub4RLogger.Rd:123): Warning: <h5> anchor "Arguments" already defined
d4storagehub4RLogger.html:240:1 (d4storagehub4RLogger.Rd:136): Warning: <h5> anchor "Usage" already defined
d4storagehub4RLogger.html:246:1 (d4storagehub4RLogger.Rd:140): Warning: <h5> anchor "Arguments" already defined
d4storagehub4RLogger.html:269:1 (d4storagehub4RLogger.Rd:153): Warning: <h5> anchor "Usage" already defined
d4storagehub4RLogger.html:292:1 (d4storagehub4RLogger.Rd:166): Warning: <h5> anchor "Usage" already defined
d4storagehub4RLogger.html:298:1 (d4storagehub4RLogger.Rd:170): Warning: <h5> anchor "Returns" already defined
d4storagehub4RLogger.html:315:1 (d4storagehub4RLogger.Rd:179): Warning: <h5> anchor "Usage" already defined
d4storagehub4RLogger.html:321:1 (d4storagehub4RLogger.Rd:183): Warning: <h5> anchor "Arguments" already defined
Flavor: r-devel-linux-x86_64-debian-gcc