CRAN Package Check Results for Package curry

Last updated on 2025-02-21 09:50:42 CET.

Flavor Version Tinstall Tcheck Ttotal Status Flags
r-devel-linux-x86_64-debian-clang 0.1.1 1.49 15.96 17.45 OK
r-devel-linux-x86_64-debian-gcc 0.1.1 1.26 13.41 14.67 OK
r-devel-linux-x86_64-fedora-clang 0.1.1 27.98 OK
r-devel-linux-x86_64-fedora-gcc 0.1.1 26.14 OK
r-devel-macos-arm64 0.1.1 14.00 OK
r-devel-macos-x86_64 0.1.1 27.00 OK
r-devel-windows-x86_64 0.1.1 2.00 35.00 37.00 OK
r-patched-linux-x86_64 0.1.1 1.66 15.26 16.92 NOTE
r-release-linux-x86_64 0.1.1 1.43 15.23 16.66 NOTE
r-release-macos-arm64 0.1.1 14.00 NOTE
r-release-macos-x86_64 0.1.1 20.00 NOTE
r-release-windows-x86_64 0.1.1 3.00 34.00 37.00 NOTE
r-oldrel-macos-arm64 0.1.1 14.00 NOTE
r-oldrel-macos-x86_64 0.1.1 18.00 NOTE
r-oldrel-windows-x86_64 0.1.1 3.00 34.00 37.00 NOTE

Check Details

Version: 0.1.1
Check: LazyData
Result: NOTE 'LazyData' is specified without a 'data' directory Flavors: r-patched-linux-x86_64, r-release-linux-x86_64, r-release-macos-arm64, r-release-macos-x86_64, r-release-windows-x86_64, r-oldrel-macos-arm64, r-oldrel-macos-x86_64, r-oldrel-windows-x86_64