CRAN Package Check Results for Package crew.aws.batch

Last updated on 2025-10-21 09:48:28 CEST.

Flavor Version Tinstall Tcheck Ttotal Status Flags
r-devel-linux-x86_64-debian-clang 0.1.0 5.92 51.46 57.38 OK
r-devel-linux-x86_64-debian-gcc 0.1.0 5.16 36.95 42.11 NOTE
r-devel-linux-x86_64-fedora-clang 0.1.0 70.35 OK
r-devel-linux-x86_64-fedora-gcc 0.1.0 79.23 OK
r-devel-windows-x86_64 0.1.0 10.00 68.00 78.00 OK
r-patched-linux-x86_64 0.1.0 8.07 48.37 56.44 OK
r-release-linux-x86_64 0.1.0 6.65 48.22 54.87 OK
r-release-macos-arm64 0.1.0 28.00 OK
r-release-macos-x86_64 0.1.0 52.00 OK
r-release-windows-x86_64 0.1.0 12.00 67.00 79.00 OK
r-oldrel-macos-arm64 0.1.0 34.00 OK
r-oldrel-macos-x86_64 0.1.0 61.00 OK
r-oldrel-windows-x86_64 0.1.0 12.00 80.00 92.00 OK

Check Details

Version: 0.1.0
Check: HTML version of manual
Result: NOTE Found the following HTML validation problems: crew_class_definition_aws_batch.html:163:1 (crew_class_definition_aws_batch.Rd:102): Warning: <h5> anchor "Usage" already defined crew_class_definition_aws_batch.html:169:1 (crew_class_definition_aws_batch.Rd:106): Warning: <h5> anchor "Returns" already defined crew_class_definition_aws_batch.html:186:1 (crew_class_definition_aws_batch.Rd:115): Warning: <h5> anchor "Usage" already defined crew_class_definition_aws_batch.html:206:1 (crew_class_definition_aws_batch.Rd:133): Warning: <h5> anchor "Arguments" already defined crew_class_definition_aws_batch.html:279:1 (crew_class_definition_aws_batch.Rd:197): Warning: <h5> anchor "Returns" already defined crew_class_definition_aws_batch.html:297:1 (crew_class_definition_aws_batch.Rd:207): Warning: <h5> anchor "Usage" already defined crew_class_definition_aws_batch.html:303:1 (crew_class_definition_aws_batch.Rd:211): Warning: <h5> anchor "Arguments" already defined crew_class_definition_aws_batch.html:318:1 (crew_class_definition_aws_batch.Rd:220): Warning: <h5> anchor "Details" already defined crew_class_definition_aws_batch.html:327:1 (crew_class_definition_aws_batch.Rd:226): Warning: <h5> anchor "Returns" already defined crew_class_definition_aws_batch.html:344:1 (crew_class_definition_aws_batch.Rd:235): Warning: <h5> anchor "Usage" already defined crew_class_definition_aws_batch.html:350:1 (crew_class_definition_aws_batch.Rd:239): Warning: <h5> anchor "Arguments" already defined crew_class_definition_aws_batch.html:367:1 (crew_class_definition_aws_batch.Rd:250): Warning: <h5> anchor "Returns" already defined crew_class_definition_aws_batch.html:386:1 (crew_class_definition_aws_batch.Rd:261): Warning: <h5> anchor "Usage" already defined crew_class_definition_aws_batch.html:405:1 (crew_class_definition_aws_batch.Rd:278): Warning: <h5> anchor "Arguments" already defined crew_class_definition_aws_batch.html:461:1 (crew_class_definition_aws_batch.Rd:328): Warning: <h5> anchor "Details" already defined crew_class_definition_aws_batch.html:474:1 (crew_class_definition_aws_batch.Rd:338): Warning: <h5> anchor "Returns" already defined crew_class_launcher_aws_batch.html:228:1 (crew_class_launcher_aws_batch.Rd:169): Warning: <h5> anchor "Usage" already defined crew_class_launcher_aws_batch.html:234:1 (crew_class_launcher_aws_batch.Rd:173): Warning: <h5> anchor "Returns" already defined crew_class_launcher_aws_batch.html:252:1 (crew_class_launcher_aws_batch.Rd:183): Warning: <h5> anchor "Usage" already defined crew_class_launcher_aws_batch.html:258:1 (crew_class_launcher_aws_batch.Rd:187): Warning: <h5> anchor "Arguments" already defined crew_class_launcher_aws_batch.html:284:1 (crew_class_launcher_aws_batch.Rd:204): Warning: <h5> anchor "Returns" already defined crew_class_monitor_aws_batch.html:192:1 (crew_class_monitor_aws_batch.Rd:113): Warning: <h5> anchor "Usage" already defined crew_class_monitor_aws_batch.html:198:1 (crew_class_monitor_aws_batch.Rd:117): Warning: <h5> anchor "Returns" already defined crew_class_monitor_aws_batch.html:215:1 (crew_class_monitor_aws_batch.Rd:126): Warning: <h5> anchor "Usage" already defined crew_class_monitor_aws_batch.html:226:1 (crew_class_monitor_aws_batch.Rd:135): Warning: <h5> anchor "Arguments" already defined crew_class_monitor_aws_batch.html:250:1 (crew_class_monitor_aws_batch.Rd:153): Warning: <h5> anchor "Returns" already defined crew_class_monitor_aws_batch.html:267:1 (crew_class_monitor_aws_batch.Rd:162): Warning: <h5> anchor "Usage" already defined crew_class_monitor_aws_batch.html:273:1 (crew_class_monitor_aws_batch.Rd:166): Warning: <h5> anchor "Arguments" already defined crew_class_monitor_aws_batch.html:287:1 (crew_class_monitor_aws_batch.Rd:174): Warning: <h5> anchor "Returns" already defined crew_class_monitor_aws_batch.html:304:1 (crew_class_monitor_aws_batch.Rd:183): Warning: <h5> anchor "Usage" already defined crew_class_monitor_aws_batch.html:310:1 (crew_class_monitor_aws_batch.Rd:187): Warning: <h5> anchor "Arguments" already defined crew_class_monitor_aws_batch.html:345:1 (crew_class_monitor_aws_batch.Rd:213): Warning: <h5> anchor "Returns" already defined crew_class_monitor_aws_batch.html:365:1 (crew_class_monitor_aws_batch.Rd:225): Warning: <h5> anchor "Usage" already defined crew_class_monitor_aws_batch.html:374:1 (crew_class_monitor_aws_batch.Rd:232): Warning: <h5> anchor "Arguments" already defined crew_class_monitor_aws_batch.html:388:1 (crew_class_monitor_aws_batch.Rd:240): Warning: <h5> anchor "Details" already defined crew_class_monitor_aws_batch.html:397:1 (crew_class_monitor_aws_batch.Rd:246): Warning: <h5> anchor "Returns" already defined crew_class_monitor_aws_batch.html:416:1 (crew_class_monitor_aws_batch.Rd:257): Warning: <h5> anchor "Usage" already defined crew_class_monitor_aws_batch.html:422:1 (crew_class_monitor_aws_batch.Rd:261): Warning: <h5> anchor "Details" already defined crew_class_monitor_aws_batch.html:431:1 (crew_class_monitor_aws_batch.Rd:267): Warning: <h5> anchor "Returns" already defined crew_class_monitor_aws_batch.html:451:1 (crew_class_monitor_aws_batch.Rd:279): Warning: <h5> anchor "Usage" already defined crew_class_monitor_aws_batch.html:457:1 (crew_class_monitor_aws_batch.Rd:283): Warning: <h5> anchor "Details" already defined crew_class_monitor_aws_batch.html:466:1 (crew_class_monitor_aws_batch.Rd:289): Warning: <h5> anchor "Returns" already defined crew_class_monitor_aws_batch.html:484:1 (crew_class_monitor_aws_batch.Rd:299): Warning: <h5> anchor "Usage" already defined crew_class_monitor_aws_batch.html:490:1 (crew_class_monitor_aws_batch.Rd:303): Warning: <h5> anchor "Details" already defined crew_class_monitor_aws_batch.html:499:1 (crew_class_monitor_aws_batch.Rd:309): Warning: <h5> anchor "Returns" already defined crew_class_monitor_aws_batch.html:517:1 (crew_class_monitor_aws_batch.Rd:319): Warning: <h5> anchor "Usage" already defined crew_class_monitor_aws_batch.html:523:1 (crew_class_monitor_aws_batch.Rd:323): Warning: <h5> anchor "Details" already defined crew_class_monitor_aws_batch.html:532:1 (crew_class_monitor_aws_batch.Rd:329): Warning: <h5> anchor "Returns" already defined crew_class_monitor_aws_batch.html:550:1 (crew_class_monitor_aws_batch.Rd:339): Warning: <h5> anchor "Usage" already defined crew_class_monitor_aws_batch.html:556:1 (crew_class_monitor_aws_batch.Rd:343): Warning: <h5> anchor "Details" already defined crew_class_monitor_aws_batch.html:565:1 (crew_class_monitor_aws_batch.Rd:349): Warning: <h5> anchor "Returns" already defined crew_class_monitor_aws_batch.html:583:1 (crew_class_monitor_aws_batch.Rd:359): Warning: <h5> anchor "Usage" already defined crew_class_monitor_aws_batch.html:589:1 (crew_class_monitor_aws_batch.Rd:363): Warning: <h5> anchor "Details" already defined crew_class_monitor_aws_batch.html:598:1 (crew_class_monitor_aws_batch.Rd:369): Warning: <h5> anchor "Returns" already defined crew_class_monitor_aws_batch.html:616:1 (crew_class_monitor_aws_batch.Rd:379): Warning: <h5> anchor "Usage" already defined crew_class_monitor_aws_batch.html:622:1 (crew_class_monitor_aws_batch.Rd:383): Warning: <h5> anchor "Details" already defined crew_class_monitor_aws_batch.html:631:1 (crew_class_monitor_aws_batch.Rd:389): Warning: <h5> anchor "Returns" already defined crew_class_monitor_aws_batch.html:649:1 (crew_class_monitor_aws_batch.Rd:399): Warning: <h5> anchor "Usage" already defined crew_class_monitor_aws_batch.html:655:1 (crew_class_monitor_aws_batch.Rd:403): Warning: <h5> anchor "Details" already defined crew_class_monitor_aws_batch.html:664:1 (crew_class_monitor_aws_batch.Rd:409): Warning: <h5> anchor "Returns" already defined crew_class_monitor_aws_batch.html:682:1 (crew_class_monitor_aws_batch.Rd:419): Warning: <h5> anchor "Usage" already defined crew_class_monitor_aws_batch.html:688:1 (crew_class_monitor_aws_batch.Rd:423): Warning: <h5> anchor "Details" already defined crew_class_monitor_aws_batch.html:697:1 (crew_class_monitor_aws_batch.Rd:429): Warning: <h5> anchor "Returns" already defined Flavor: r-devel-linux-x86_64-debian-gcc