Last updated on 2025-10-21 09:48:28 CEST.
Flavor | Version | Tinstall | Tcheck | Ttotal | Status | Flags |
---|---|---|---|---|---|---|
r-devel-linux-x86_64-debian-clang | 1.3.1 | 28.52 | 458.77 | 487.29 | NOTE | |
r-devel-linux-x86_64-debian-gcc | 1.3.1 | 18.51 | 316.76 | 335.27 | NOTE | |
r-devel-linux-x86_64-fedora-clang | 1.3.1 | 492.75 | NOTE | |||
r-devel-linux-x86_64-fedora-gcc | 1.3.1 | 623.16 | NOTE | |||
r-devel-windows-x86_64 | 1.3.1 | 30.00 | 392.00 | 422.00 | NOTE | |
r-patched-linux-x86_64 | 1.3.1 | 28.24 | 390.47 | 418.71 | NOTE | |
r-release-linux-x86_64 | 1.3.1 | 25.57 | 382.76 | 408.33 | NOTE | |
r-release-macos-arm64 | 1.3.1 | 182.00 | NOTE | |||
r-release-macos-x86_64 | 1.3.1 | 316.00 | NOTE | |||
r-release-windows-x86_64 | 1.3.1 | 32.00 | 409.00 | 441.00 | NOTE | |
r-oldrel-macos-arm64 | 1.3.1 | 139.00 | NOTE | |||
r-oldrel-macos-x86_64 | 1.3.1 | 246.00 | NOTE | |||
r-oldrel-windows-x86_64 | 1.3.1 | 43.00 | 507.00 | 550.00 | NOTE |
Version: 1.3.1
Check: package subdirectories
Result: NOTE
Problems with news in ‘NEWS.md’:
No news entries found.
Flavors: r-devel-linux-x86_64-debian-clang, r-devel-linux-x86_64-debian-gcc, r-devel-linux-x86_64-fedora-clang, r-devel-linux-x86_64-fedora-gcc, r-devel-windows-x86_64, r-patched-linux-x86_64, r-release-linux-x86_64, r-release-macos-arm64, r-release-macos-x86_64, r-release-windows-x86_64, r-oldrel-macos-arm64, r-oldrel-macos-x86_64, r-oldrel-windows-x86_64
Version: 1.3.1
Check: Rd files
Result: NOTE
checkRd: (-1) ks_table.Rd:77: Lost braces
77 | \item{tb_pred}{A table generated by code{\link{ks_table}}}
| ^
checkRd: (-1) plot_theme.Rd:22: Lost braces
22 | \item{legend.position}{see details at: code{legend.position}}
| ^
checkRd: (-1) plot_theme.Rd:24: Lost braces
24 | \item{angle}{see details at: code{axis.text.x}}
| ^
checkRd: (-1) plot_theme.Rd:26: Lost braces
26 | \item{legend_size}{see details at: code{legend.text}}
| ^
checkRd: (-1) plot_theme.Rd:28: Lost braces
28 | \item{axis_size_y}{see details at: code{axis.text.y}}
| ^
checkRd: (-1) plot_theme.Rd:30: Lost braces
30 | \item{axis_size_x}{see details at: code{axis.text.x}}
| ^
checkRd: (-1) plot_theme.Rd:32: Lost braces
32 | \item{axis_title_size}{see details at: code{axis.title.x}}
| ^
checkRd: (-1) plot_theme.Rd:34: Lost braces
34 | \item{title_size}{see details at: code{plot.title}}
| ^
checkRd: (-1) plot_theme.Rd:36: Lost braces
36 | \item{title_vjust}{see details at: code{plot.title}}
| ^
checkRd: (-1) plot_theme.Rd:38: Lost braces
38 | \item{title_hjust}{see details at: code{plot.title}}
| ^
checkRd: (-1) plot_theme.Rd:40: Lost braces
40 | \item{linetype}{see details at: code{panel.grid.major}}
| ^
checkRd: (-1) plot_theme.Rd:42: Lost braces
42 | \item{face}{see details at: code{axis.title.x}}
| ^
checkRd: (-1) plot_theme.Rd:48: Lost braces
48 | see details at: code{theme}
| ^
checkRd: (-1) process_nas.Rd:69: Lost braces
69 | \item{missing_type}{Type of missing, genereted by code{\link{analysis_nas}}}
| ^
checkRd: (-1) split_bins_all.Rd:29: Lost braces
29 | \item{breaks_list}{A list contains breaks of variables. it is generated by code{\link{get_breaks_all}},code{\link{get_breaks}}}
| ^
checkRd: (-1) split_bins_all.Rd:29: Lost braces
29 | \item{breaks_list}{A list contains breaks of variables. it is generated by code{\link{get_breaks_all}},code{\link{get_breaks}}}
| ^
checkRd: (-1) woe_trans_all.Rd:40: Lost braces
40 | \item{bins_table}{A table contians woe of each bin of variables, it is generated by code{\link{get_bins_table_all}},code{\link{get_bins_table}}}
| ^
checkRd: (-1) woe_trans_all.Rd:40: Lost braces
40 | \item{bins_table}{A table contians woe of each bin of variables, it is generated by code{\link{get_bins_table_all}},code{\link{get_bins_table}}}
| ^
checkRd: (-1) woe_trans_all.Rd:44: Lost braces
44 | \item{breaks_list}{A list contains breaks of variables. it is generated by code{\link{get_breaks_all}},code{\link{get_breaks}}}
| ^
checkRd: (-1) woe_trans_all.Rd:44: Lost braces
44 | \item{breaks_list}{A list contains breaks of variables. it is generated by code{\link{get_breaks_all}},code{\link{get_breaks}}}
| ^
Flavors: r-devel-linux-x86_64-debian-clang, r-devel-linux-x86_64-debian-gcc, r-devel-linux-x86_64-fedora-clang, r-devel-linux-x86_64-fedora-gcc, r-devel-windows-x86_64, r-patched-linux-x86_64, r-release-linux-x86_64, r-release-macos-arm64, r-release-macos-x86_64, r-release-windows-x86_64, r-oldrel-macos-arm64, r-oldrel-macos-x86_64, r-oldrel-windows-x86_64
Version: 1.3.1
Check: HTML version of manual
Result: NOTE
Found the following HTML validation problems:
add_variable_process.html:46:1 (add_variable_process.Rd:10): Warning: missing </ul> before </div>
address_varieble.html:63:1 (address_varieble.Rd:21): Warning: missing </ul> before </div>
city_varieble.html:68:1 (city_varieble.Rd:24): Warning: missing </ul> before </div>
city_varieble_process.html:54:1 (city_varieble_process.Rd:14): Warning: missing </ul> before </div>
cohort_table_plot.html:49:1 (cohort_table_plot.Rd:14): Warning: missing </ul> before </div>
derived_interval.html:50:1 (derived_interval.Rd:12): Warning: missing </ul> before </div>
derived_partial_acf.html:46:1 (derived_partial_acf.Rd:10): Warning: missing </ul> before </div>
derived_pct.html:50:1 (derived_pct.Rd:12): Warning: missing </ul> before </div>
euclid_dist.html:54:1 (euclid_dist.Rd:14): Warning: missing </ul> before </div>
get_median.html:50:1 (get_median.Rd:12): Warning: missing </ul> before </div>
get_nas_random.html:46:1 (get_nas_random.Rd:10): Warning: missing </ul> before </div>
get_shadow_nas.html:46:1 (get_shadow_nas.Rd:10): Warning: missing </ul> before </div>
knn_nas_imp.html:88:1 (knn_nas_imp.Rd:36): Warning: missing </ul> before </div>
local_outlier_factor.html:54:1 (local_outlier_factor.Rd:14): Warning: missing </ul> before </div>
read_data.html:90:1 (read_data.Rd:39): Warning: missing </ul> before </div>
reduce_high_cor_filter.html:83:1 (reduce_high_cor_filter.Rd:33): Warning: missing </ul> before </div>
replace_value.html:97:1 (replace_value.Rd:45): Warning: missing </ul> before </div>
sim_str.html:54:1 (sim_str.Rd:14): Warning: missing </ul> before </div>
time_variable.html:63:1 (time_variable.Rd:21): Warning: missing </ul> before </div>
time_vars_process.html:63:1 (time_vars_process.Rd:21): Warning: missing </ul> before </div>
train_lr.html:129:1 (train_lr.Rd:58): Warning: missing </ul> before </div>
train_xgb.html:98:1 (train_xgb.Rd:42): Warning: missing </ul> before </div>
variable_process.html:46:1 (variable_process.Rd:10): Warning: missing </ul> before </div>
xgb_data.html:73:1 (xgb_data.Rd:27): Warning: missing </ul> before </div>
Flavor: r-devel-linux-x86_64-debian-gcc
Version: 1.3.1
Check: installed package size
Result: NOTE
installed size is 5.3Mb
sub-directories of 1Mb or more:
data 4.1Mb
Flavor: r-oldrel-macos-x86_64