Last updated on 2025-10-21 09:48:28 CEST.
Flavor | Version | Tinstall | Tcheck | Ttotal | Status | Flags |
---|---|---|---|---|---|---|
r-devel-linux-x86_64-debian-clang | 2.0.3 | 2.21 | 24.17 | 26.38 | OK | --no-vignettes |
r-devel-linux-x86_64-debian-gcc | 2.0.3 | 1.83 | 20.13 | 21.96 | NOTE | --no-vignettes |
r-devel-linux-x86_64-fedora-clang | 2.0.3 | 35.50 | OK | |||
r-devel-linux-x86_64-fedora-gcc | 2.0.3 | 51.21 | OK | |||
r-devel-windows-x86_64 | 2.0.3 | 5.00 | 50.00 | 55.00 | OK | |
r-patched-linux-x86_64 | 2.0.3 | 2.47 | 22.85 | 25.32 | OK | --no-vignettes |
r-release-linux-x86_64 | 2.0.3 | 2.26 | 23.05 | 25.31 | OK | --no-vignettes |
r-release-macos-arm64 | 2.0.3 | 25.00 | OK | |||
r-release-macos-x86_64 | 2.0.3 | 77.00 | OK | |||
r-release-windows-x86_64 | 2.0.3 | 6.00 | 52.00 | 58.00 | OK | |
r-oldrel-macos-arm64 | 2.0.3 | 30.00 | OK | |||
r-oldrel-macos-x86_64 | 2.0.3 | 48.00 | OK | |||
r-oldrel-windows-x86_64 | 2.0.3 | 6.00 | 56.00 | 62.00 | OK |
Version: 2.0.3
Flags: --no-vignettes
Check: HTML version of manual
Result: NOTE
Found the following HTML validation problems:
credential_helper.html:58:1 (credential_helper.Rd:20): Warning: missing </ul> before </div>
Flavor: r-devel-linux-x86_64-debian-gcc