Last updated on 2025-10-21 09:48:28 CEST.
Flavor | Version | Tinstall | Tcheck | Ttotal | Status | Flags |
---|---|---|---|---|---|---|
r-devel-linux-x86_64-debian-clang | 0.1.0 | 3.08 | 45.78 | 48.86 | OK | |
r-devel-linux-x86_64-debian-gcc | 0.1.0 | 2.30 | 34.14 | 36.44 | NOTE | |
r-devel-linux-x86_64-fedora-clang | 0.1.0 | 53.59 | NOTE | |||
r-devel-linux-x86_64-fedora-gcc | 0.1.0 | 83.29 | NOTE | |||
r-devel-windows-x86_64 | 0.1.0 | 6.00 | 83.00 | 89.00 | OK | |
r-patched-linux-x86_64 | 0.1.0 | 2.89 | 43.49 | 46.38 | OK | |
r-release-linux-x86_64 | 0.1.0 | 2.86 | 44.06 | 46.92 | OK | |
r-release-macos-arm64 | 0.1.0 | 46.00 | OK | |||
r-release-macos-x86_64 | 0.1.0 | 64.00 | OK | |||
r-release-windows-x86_64 | 0.1.0 | 6.00 | 85.00 | 91.00 | OK | |
r-oldrel-macos-arm64 | 0.1.0 | 32.00 | OK | |||
r-oldrel-macos-x86_64 | 0.1.0 | 51.00 | OK | |||
r-oldrel-windows-x86_64 | 0.1.0 | 7.00 | 88.00 | 95.00 | OK |
Version: 0.1.0
Check: HTML version of manual
Result: NOTE
Found the following HTML validation problems:
corMatrix.covBM.html:56:1 (corMatrix.covBM.Rd:15): Warning: missing </ul> before </div>
corMatrix.covFracBM.html:56:1 (corMatrix.covFracBM.Rd:15): Warning: missing </ul> before </div>
corMatrix.covIOU.html:56:1 (corMatrix.covIOU.Rd:15): Warning: missing </ul> before </div>
print.summary.corStructBM.html:52:1 (print.summary.corStructBM.Rd:13): Warning: missing </ul> before </div>
summary.covBM.html:57:1 (summary.covBM.Rd:16): Warning: missing </ul> before </div>
summary.covFracBM.html:57:1 (summary.covFracBM.Rd:16): Warning: missing </ul> before </div>
summary.covIOU.html:57:1 (summary.covIOU.Rd:16): Warning: missing </ul> before </div>
Flavor: r-devel-linux-x86_64-debian-gcc
Version: 0.1.0
Check: compiled code
Result: NOTE
File ‘covBM/libs/covBM.so’:
Found no calls to: ‘R_registerRoutines’, ‘R_useDynamicSymbols’
It is good practice to register native routines and to disable symbol
search.
See ‘Writing portable packages’ in the ‘Writing R Extensions’ manual.
Flavors: r-devel-linux-x86_64-fedora-clang, r-devel-linux-x86_64-fedora-gcc