Last updated on 2025-10-21 09:48:28 CEST.
Flavor | Version | Tinstall | Tcheck | Ttotal | Status | Flags |
---|---|---|---|---|---|---|
r-devel-linux-x86_64-debian-clang | 1.0.7.2 | 2.47 | 42.99 | 45.46 | OK | |
r-devel-linux-x86_64-debian-gcc | 1.0.7.2 | 1.77 | 31.52 | 33.29 | NOTE | |
r-devel-linux-x86_64-fedora-clang | 1.0.7.2 | 55.20 | OK | |||
r-devel-linux-x86_64-fedora-gcc | 1.0.7.2 | 60.65 | OK | |||
r-devel-windows-x86_64 | 1.0.7.2 | 4.00 | 58.00 | 62.00 | OK | |
r-patched-linux-x86_64 | 1.0.7.2 | 2.56 | 38.53 | 41.09 | OK | |
r-release-linux-x86_64 | 1.0.7.2 | 2.43 | 38.90 | 41.33 | OK | |
r-release-macos-arm64 | 1.0.7.2 | 23.00 | OK | |||
r-release-macos-x86_64 | 1.0.7.2 | 49.00 | OK | |||
r-release-windows-x86_64 | 1.0.7.2 | 4.00 | 62.00 | 66.00 | OK | |
r-oldrel-macos-arm64 | 1.0.7.2 | 25.00 | OK | |||
r-oldrel-macos-x86_64 | 1.0.7.2 | 31.00 | OK | |||
r-oldrel-windows-x86_64 | 1.0.7.2 | 5.00 | 72.00 | 77.00 | OK |
Version: 1.0.7.2
Check: HTML version of manual
Result: NOTE
Found the following HTML validation problems:
adjust_pmat.html:50:1 (adjust_pmat.Rd:12): Warning: missing </ul> before </div>
apa_matrix.html:66:1 (apa_matrix.Rd:20): Warning: missing </ul> before </div>
apa_table.corx.html:50:1 (apa_table.corx.Rd:12): Warning: missing </ul> before </div>
check_classes.html:58:1 (check_classes.Rd:16): Warning: missing </ul> before </div>
cormat_list.html:66:1 (cormat_list.Rd:20): Warning: missing </ul> before </div>
digits.html:50:1 (digits.Rd:12): Warning: missing </ul> before </div>
partial_n_matrix.html:58:1 (partial_n_matrix.Rd:16): Warning: missing </ul> before </div>
plot.corx.html:51:1 (plot.corx.Rd:12): Warning: missing </ul> before </div>
print.corx.html:51:1 (print.corx.Rd:12): Warning: missing </ul> before </div>
rename_if_needed.html:50:1 (rename_if_needed.Rd:12): Warning: missing </ul> before </div>
star_matrix.html:50:1 (star_matrix.Rd:12): Warning: missing </ul> before </div>
to_clipboard.html:50:1 (to_clipboard.Rd:12): Warning: missing </ul> before </div>
to_table.html:50:1 (to_table.Rd:12): Warning: missing </ul> before </div>
Flavor: r-devel-linux-x86_64-debian-gcc