Last updated on 2025-10-21 09:48:28 CEST.
Flavor | Version | Tinstall | Tcheck | Ttotal | Status | Flags |
---|---|---|---|---|---|---|
r-devel-linux-x86_64-debian-clang | 0.2.1 | 4.32 | 45.42 | 49.74 | OK | |
r-devel-linux-x86_64-debian-gcc | 0.2.1 | 2.93 | 34.45 | 37.38 | NOTE | |
r-devel-linux-x86_64-fedora-clang | 0.2.1 | 54.11 | OK | |||
r-devel-linux-x86_64-fedora-gcc | 0.2.1 | 85.06 | OK | |||
r-devel-windows-x86_64 | 0.2.1 | 9.00 | 65.00 | 74.00 | OK | |
r-patched-linux-x86_64 | 0.2.1 | 4.57 | 41.36 | 45.93 | OK | |
r-release-linux-x86_64 | 0.2.1 | 4.00 | 41.50 | 45.50 | OK | |
r-release-macos-arm64 | 0.2.1 | 38.00 | OK | |||
r-release-macos-x86_64 | 0.2.1 | 74.00 | OK | |||
r-release-windows-x86_64 | 0.2.1 | 8.00 | 66.00 | 74.00 | OK | |
r-oldrel-macos-arm64 | 0.2.1 | 31.00 | OK | |||
r-oldrel-macos-x86_64 | 0.2.1 | 48.00 | OK | |||
r-oldrel-windows-x86_64 | 0.2.1 | 9.00 | 75.00 | 84.00 | OK |
Version: 0.2.1
Check: HTML version of manual
Result: NOTE
Found the following HTML validation problems:
Client.html:168:1 (Client.Rd:91): Warning: missing </ul> before </div>
Client.html:87:1 (Client.Rd:43): Warning: <h5> anchor "Usage" already defined
Client.html:101:1 (Client.Rd:52): Warning: <h5> anchor "Usage" already defined
Client.html:115:1 (Client.Rd:61): Warning: <h5> anchor "Usage" already defined
Client.html:129:1 (Client.Rd:70): Warning: <h5> anchor "Usage" already defined
Client.html:145:1 (Client.Rd:80): Warning: <h5> anchor "Usage" already defined
evaluate_widget_input.html:54:1 (evaluate_widget_input.Rd:14): Warning: missing </ul> before </div>
gen_theme_dependency.html:54:1 (gen_theme_dependency.Rd:14): Warning: missing </ul> before </div>
resolve_theme_dependency.html:48:1 (resolve_theme_dependency.Rd:11): Warning: missing </ul> before </div>
rsc_card-shiny.html:68:1 (rsc_card-shiny.Rd:25): Warning: missing </ul> before </div>
rsc_card.html:49:1 (rsc_card.Rd:13): Warning: missing </ul> before </div>
rsc_filter-shiny.html:68:1 (rsc_filter-shiny.Rd:25): Warning: missing </ul> before </div>
rsc_filter.html:48:1 (rsc_filter.Rd:11): Warning: missing </ul> before </div>
rsc_grid-shiny.html:68:1 (rsc_grid-shiny.Rd:25): Warning: missing </ul> before </div>
rsc_grid.html:48:1 (rsc_grid.Rd:12): Warning: missing </ul> before </div>
rsc_search-shiny.html:68:1 (rsc_search-shiny.Rd:25): Warning: missing </ul> before </div>
rsc_search.html:47:1 (rsc_search.Rd:10): Warning: missing </ul> before </div>
rsc_table.html:48:1 (rsc_table.Rd:12): Warning: missing </ul> before </div>
warning_large_content.html:50:1 (warning_large_content.Rd:12): Warning: missing </ul> before </div>
warning_widget_input.html:54:1 (warning_widget_input.Rd:14): Warning: missing </ul> before </div>
Flavor: r-devel-linux-x86_64-debian-gcc